{"id":732,"date":"2026-03-24T08:29:39","date_gmt":"2026-03-24T07:29:39","guid":{"rendered":"https:\/\/agora.xtec.cat\/iesolorda\/?page_id=732"},"modified":"2026-03-24T08:36:26","modified_gmt":"2026-03-24T07:36:26","slug":"informacio","status":"publish","type":"page","link":"https:\/\/agora.xtec.cat\/iesolorda\/informacio\/","title":{"rendered":"Informaci\u00f3"},"content":{"rendered":"\n<p><strong>Institut Olorda. <\/strong>Codi de centre:&nbsp;08026397<\/p>\n\n\n\n<h1 class=\"wp-block-heading\"><strong>Contacte:<\/strong><\/h1>\n\n\n\n<p>Tel\u00e8fon:&nbsp;&nbsp;&nbsp; 936661092&nbsp;<\/p>\n\n\n\n<p>e-mails:&nbsp;&nbsp;&nbsp;&nbsp; iesolorda@xtec.cat&nbsp; (o b\u00e9&nbsp; a8026397@xtec.cat)<\/p>\n\n\n\n<p>Adre\u00e7a:&nbsp;&nbsp; &nbsp; C\/ Carles Buigas 22-28 &nbsp;&nbsp; 08980 Sant Feliu de Llobregat<br>&nbsp;<\/p>\n\n\n\n<h1 class=\"wp-block-heading\"><strong>Horari de Secretaria<\/strong><\/h1>\n\n\n\n<p>Es recomana demanar cita pr\u00e8via per realitzar els tr\u00e0mits.<\/p>\n\n\n\n<p>Juny, juliol, setembre<br><strong>MATINS: <\/strong>de dilluns a divendres de 9 a 14h.<\/p>\n\n\n\n<p>D&#8217;octubre a maig<br><strong>MATINS: <\/strong>de dilluns a divendres de 9:30 a 14:30h.<br>&nbsp;<\/p>\n\n\n\n<h1 class=\"wp-block-heading\"><strong>Com arribar:<\/strong><\/h1>\n\n\n\n<p>Nom\u00e9s cal caminar entre cinc i deu minuts des de qualsevol dels seg\u00fcents accessos amb transport p\u00fablic:<\/p>\n\n\n\n<p><strong><\/strong><br><strong>Mostra <\/strong><a href=\"http:\/\/maps.google.com\/maps\/ms?hl=ca&amp;ie=UTF8&amp;oe=UTF8&amp;msa=0&amp;msid=213431754388420587326.0004a097b995bf7d6b926&amp;ll=41.382186,2.050366&amp;spn=0.00805,0.012875&amp;z=15&amp;source=embed\"><strong>Institut Olorda<\/strong><\/a><strong> en un mapa m\u00e9s gran<\/strong><\/p>\n\n\n\n<ul class=\"wp-block-list\">\n<li><strong>Renfe:<\/strong>\u00a0l\u00ednia C4 de Rodalies, Sant Feliu de Llobregat.<\/li>\n\n\n\n<li><strong>Trambaix:\u00a0<\/strong>l\u00ednia T3, Consell Comarcal (final de trajecte).<\/li>\n\n\n\n<li><strong>Autobusos Soler-Sauret:\u00a0<\/strong>L50, L51, L60, L61, L62, parada Avinguda Montejurra- Consell Comarcal.<\/li>\n\n\n\n<li><strong>Autobusos Oliveras,SL:\u00a0<\/strong>L52, parada Avinguda Montejurra- Consell Comarcal.<\/li>\n<\/ul>\n","protected":false},"excerpt":{"rendered":"<p>Institut Olorda. Codi de centre:&nbsp;08026397 Contacte: Tel\u00e8fon:&nbsp;&nbsp;&nbsp; 936661092&nbsp; e-mails:&nbsp;&nbsp;&nbsp;&nbsp; iesolorda@xtec.cat&nbsp; (o b\u00e9&nbsp; a8026397@xtec.cat) Adre\u00e7a:&nbsp;&nbsp; &nbsp; C\/ Carles Buigas 22-28 &nbsp;&nbsp; 08980 Sant Feliu de Llobregat&nbsp; Horari de Secretaria Es recomana demanar cita pr\u00e8via per realitzar els tr\u00e0mits. Juny, juliol, setembreMATINS: de dilluns a divendres de 9 a 14h. D&#8217;octubre a maigMATINS: de dilluns a divendres [&hellip;]<\/p>\n","protected":false},"author":1,"featured_media":0,"parent":0,"menu_order":0,"comment_status":"closed","ping_status":"close","template":"","meta":{"site-sidebar-layout":"default","site-content-layout":"","ast-site-content-layout":"default","site-content-style":"default","site-sidebar-style":"default","ast-global-header-display":"","ast-banner-title-visibility":"","ast-main-header-display":"","ast-hfb-above-header-display":"","ast-hfb-below-header-display":"","ast-hfb-mobile-header-display":"","site-post-title":"","ast-breadcrumbs-content":"","ast-featured-img":"","footer-sml-layout":"","theme-transparent-header-meta":"","adv-header-id-meta":"","stick-header-meta":"","header-above-stick-meta":"","header-main-stick-meta":"","header-below-stick-meta":"","astra-migrate-meta-layouts":"set","ast-page-background-enabled":"default","ast-page-background-meta":{"desktop":{"background-color":"var(--ast-global-color-4)","background-image":"","background-repeat":"repeat","background-position":"center center","background-size":"auto","background-attachment":"scroll","background-type":"","background-media":"","overlay-type":"","overlay-color":"","overlay-opacity":"","overlay-gradient":""},"tablet":{"background-color":"","background-image":"","background-repeat":"repeat","background-position":"center center","background-size":"auto","background-attachment":"scroll","background-type":"","background-media":"","overlay-type":"","overlay-color":"","overlay-opacity":"","overlay-gradient":""},"mobile":{"background-color":"","background-image":"","background-repeat":"repeat","background-position":"center center","background-size":"auto","background-attachment":"scroll","background-type":"","background-media":"","overlay-type":"","overlay-color":"","overlay-opacity":"","overlay-gradient":""}},"ast-content-background-meta":{"desktop":{"background-color":"var(--ast-global-color-5)","background-image":"","background-repeat":"repeat","background-position":"center center","background-size":"auto","background-attachment":"scroll","background-type":"","background-media":"","overlay-type":"","overlay-color":"","overlay-opacity":"","overlay-gradient":""},"tablet":{"background-color":"var(--ast-global-color-5)","background-image":"","background-repeat":"repeat","background-position":"center center","background-size":"auto","background-attachment":"scroll","background-type":"","background-media":"","overlay-type":"","overlay-color":"","overlay-opacity":"","overlay-gradient":""},"mobile":{"background-color":"var(--ast-global-color-5)","background-image":"","background-repeat":"repeat","background-position":"center center","background-size":"auto","background-attachment":"scroll","background-type":"","background-media":"","overlay-type":"","overlay-color":"","overlay-opacity":"","overlay-gradient":""}},"footnotes":""},"class_list":["post-732","page","type-page","status-publish","hentry"],"post_mailing_queue_ids":[],"_links":{"self":[{"href":"https:\/\/agora.xtec.cat\/iesolorda\/wp-json\/wp\/v2\/pages\/732","targetHints":{"allow":["GET"]}}],"collection":[{"href":"https:\/\/agora.xtec.cat\/iesolorda\/wp-json\/wp\/v2\/pages"}],"about":[{"href":"https:\/\/agora.xtec.cat\/iesolorda\/wp-json\/wp\/v2\/types\/page"}],"author":[{"embeddable":true,"href":"https:\/\/agora.xtec.cat\/iesolorda\/wp-json\/wp\/v2\/users\/1"}],"replies":[{"embeddable":true,"href":"https:\/\/agora.xtec.cat\/iesolorda\/wp-json\/wp\/v2\/comments?post=732"}],"version-history":[{"count":2,"href":"https:\/\/agora.xtec.cat\/iesolorda\/wp-json\/wp\/v2\/pages\/732\/revisions"}],"predecessor-version":[{"id":780,"href":"https:\/\/agora.xtec.cat\/iesolorda\/wp-json\/wp\/v2\/pages\/732\/revisions\/780"}],"wp:attachment":[{"href":"https:\/\/agora.xtec.cat\/iesolorda\/wp-json\/wp\/v2\/media?parent=732"}],"curies":[{"name":"wp","href":"https:\/\/api.w.org\/{rel}","templated":true}]}}