{"id":937,"date":"2021-01-31T21:24:28","date_gmt":"2021-01-31T20:24:28","guid":{"rendered":"https:\/\/agora.xtec.cat\/iesnumancia\/?page_id=937"},"modified":"2025-02-17T21:00:01","modified_gmt":"2025-02-17T20:00:01","slug":"setmana-de-la-ciencia","status":"publish","type":"page","link":"https:\/\/agora.xtec.cat\/iesnumancia\/projectes\/setmana-de-la-ciencia\/","title":{"rendered":"Setmana de la ci\u00e8ncia"},"content":{"rendered":"<p style=\"text-align: justify;\"><strong>Qu\u00e8 \u00e9s la setmana de la ci\u00e8ncia?<\/strong><\/p>\n<p style=\"text-align: justify;\">Fa un temps, cap al curs 2015, un grup de professors\/es ens vam engrescar a tirar endavant una nova iniciativa&#8230; El nostre objectiu era apropar la ci\u00e8ncia al nostre alumnat i fer-los veure que la ci\u00e8ncia ens envolta, que es troba present a moltes de\u00a0 les nostres activitats o accions quotidianes i, perqu\u00e8 no\u2026., que pot resultar emocionant i divertida.<\/p>\n<p style=\"text-align: justify;\">Aix\u00ed va n\u00e9ixer la Setmana de la Ci\u00e8ncia del Num\u00e0ncia.<\/p>\n<p style=\"text-align: justify;\">Hores d\u2019ara ja es tracta d\u2019un projecte consolidat i coordinat per l&#8217;\u00e0mbit cient\u00edfic-tecnol\u00f2gic del nostre centre on, a m\u00e9s de gaudir de les activitats, i col\u00b7laboren molts alumnes de diferents nivells i professorat des de diferents especialitats.<\/p>\n<p style=\"text-align: justify;\"><strong>\u00a0 \u00a0 \u00a0 \u00a0 \u00a0 \u00a0 \u00a0 \u00a0 \u00a0 \u00a0 \u00a0 \u00a0 \u00a0 \u00a0 \u00a0 \u00a0 \u00a0 \u00a0 Cliqueu a la imatge per a veure el v\u00eddeo resum.<\/strong><\/p>\n<p><iframe loading=\"lazy\" title=\"Setmana de la ci\u00e8ncia a l&#039;Institut Num\u00e0ncia\" src=\"https:\/\/player.vimeo.com\/video\/505743099?dnt=1&amp;app_id=122963\" width=\"500\" height=\"375\" frameborder=\"0\" allow=\"autoplay; fullscreen; picture-in-picture; clipboard-write; encrypted-media\"><\/iframe><\/p>\n<p>&nbsp;<\/p>\n<p>Algunes de les activitats que hem portat a terme en les diverses edicions de la setmana de la ci\u00e8ncia s\u00f3n:<\/p>\n<table style=\"border-style: double; border-color: #030303; background-color: #f5f0f0; height: 683px;\" width=\"548\">\n<tbody>\n<tr style=\"height: 129px;\">\n<td style=\"width: 171.95px; height: 97px; text-align: center;\">1r d&#8217;ESO<\/td>\n<td style=\"width: 368.05px; height: 97px; text-align: center;\">Taller de nutrici\u00f3<\/p>\n<p>Planetari<\/p>\n<p>Tallers de ci\u00e8ncia recreativa<\/td>\n<\/tr>\n<tr style=\"height: 73px;\">\n<td style=\"width: 171.95px; height: 73px; text-align: center;\">2n d&#8217;ESO<\/td>\n<td style=\"width: 368.05px; height: 73px; text-align: center;\">Taller de cub de Rubik<\/p>\n<p>Taller de papirofl\u00e8xia<\/td>\n<\/tr>\n<tr style=\"height: 170px;\">\n<td style=\"width: 171.95px; height: 170px; text-align: center;\">3r d&#8217;ESO<\/td>\n<td style=\"width: 368.05px; height: 170px; text-align: center;\">Visita al museu de les matem\u00e0tiques<\/p>\n<p>Taller de m\u00e0gia i matem\u00e0tiques<\/p>\n<p>Exposici\u00f3 de rob\u00f2tica<\/p>\n<p>Com crear la teva App<\/td>\n<\/tr>\n<tr style=\"height: 137px;\">\n<td style=\"width: 171.95px; height: 137px; text-align: center;\">4t d&#8217;ESO<\/td>\n<td style=\"width: 368.05px; height: 137px; text-align: center;\">Taller de fractals<\/p>\n<p>Taller de nanotecnologia<\/p>\n<p>Passaparaula cient\u00edfic<\/td>\n<\/tr>\n<tr style=\"height: 102px;\">\n<td style=\"width: 171.95px; height: 102px; text-align: center;\">1r BATX<\/td>\n<td style=\"width: 368.05px; height: 102px; text-align: center;\">Xerrada sobre la m\u00e0quina enigma i criptografia<\/p>\n<p>Mon\u00f2legs de ci\u00e8ncia amb &#8220;Big Van Theory&#8221;<\/td>\n<\/tr>\n<tr style=\"height: 127px;\">\n<td style=\"width: 171.95px; height: 104px; text-align: center;\">2n BATX<\/td>\n<td style=\"width: 368.05px; height: 104px; text-align: center;\">Taller de ci\u00e8ncia sorprenent<\/p>\n<p>Xerrada sobre un tema cient\u00edfic d&#8217;actualitat.<\/td>\n<\/tr>\n<\/tbody>\n<\/table>\n<p>&nbsp;<\/p>\n<p>&nbsp;<\/p>\n<p>&nbsp;<\/p>\n<p><strong>La nostra setmana de la ci\u00e8ncia des del novembre 2015!!<\/strong><\/p>\n<p style=\"text-align: justify;\">A continuaci\u00f3 us mostrem amb v\u00eddeos resum les diferents activitats que hem anat oferint al nostre alumnat cada curs escolar:<\/p>\n<table style=\"width: 707px; height: 661px;\">\n<tbody>\n<tr style=\"height: 251px;\">\n<td style=\"width: 355.455px; height: 251px;\"><a href=\"https:\/\/vimeo.com\/507036931\"><img loading=\"lazy\" decoding=\"async\" class=\"aligncenter wp-image-1006\" src=\"https:\/\/agora.xtec.cat\/iesnumancia\/wp-content\/uploads\/usu2267\/2021\/02\/numci-300x280.png\" alt=\"\" width=\"252\" height=\"222\" \/><\/a><\/td>\n<td style=\"width: 343.636px; height: 251px;\"><a href=\"https:\/\/vimeo.com\/369505940\"><img loading=\"lazy\" decoding=\"async\" class=\"aligncenter size-medium wp-image-1027\" src=\"https:\/\/agora.xtec.cat\/iesnumancia\/wp-content\/uploads\/usu2267\/2021\/02\/setmana-19-300x160.jpg\" alt=\"\" width=\"300\" height=\"160\" srcset=\"https:\/\/agora.xtec.cat\/iesnumancia\/wp-content\/uploads\/usu2267\/2021\/02\/setmana-19-300x160.jpg 300w, https:\/\/agora.xtec.cat\/iesnumancia\/wp-content\/uploads\/usu2267\/2021\/02\/setmana-19.jpg 404w\" sizes=\"auto, (max-width: 300px) 100vw, 300px\" \/><\/a><\/td>\n<\/tr>\n<tr style=\"height: 210px;\">\n<td style=\"width: 355.455px; height: 210px;\"><a href=\"https:\/\/vimeo.com\/305739149\"><img loading=\"lazy\" decoding=\"async\" class=\"aligncenter wp-image-1025\" src=\"https:\/\/agora.xtec.cat\/iesnumancia\/wp-content\/uploads\/usu2267\/2021\/02\/ci\u00e8ncia-1819-292x300.png\" alt=\"\" width=\"189\" height=\"196\" \/><\/a><\/td>\n<td style=\"width: 343.636px; height: 210px;\"><img loading=\"lazy\" decoding=\"async\" class=\"aligncenter size-medium wp-image-1022\" style=\"background-color: #ffffff;\" src=\"https:\/\/agora.xtec.cat\/iesnumancia\/wp-content\/uploads\/usu2267\/2021\/02\/ciencia-17-300x175.jpg\" alt=\"\" width=\"300\" height=\"175\" srcset=\"https:\/\/agora.xtec.cat\/iesnumancia\/wp-content\/uploads\/usu2267\/2021\/02\/ciencia-17-300x175.jpg 300w, https:\/\/agora.xtec.cat\/iesnumancia\/wp-content\/uploads\/usu2267\/2021\/02\/ciencia-17.jpg 340w\" sizes=\"auto, (max-width: 300px) 100vw, 300px\" \/><\/td>\n<\/tr>\n<tr style=\"height: 200px;\">\n<td style=\"width: 355.455px; height: 200px;\"><a href=\"https:\/\/vimeo.com\/190096337\"><img loading=\"lazy\" decoding=\"async\" class=\"aligncenter size-medium wp-image-1019\" src=\"https:\/\/agora.xtec.cat\/iesnumancia\/wp-content\/uploads\/usu2267\/2021\/02\/ciencia-16-300x169.jpg\" alt=\"\" width=\"300\" height=\"169\" srcset=\"https:\/\/agora.xtec.cat\/iesnumancia\/wp-content\/uploads\/usu2267\/2021\/02\/ciencia-16-300x169.jpg 300w, https:\/\/agora.xtec.cat\/iesnumancia\/wp-content\/uploads\/usu2267\/2021\/02\/ciencia-16.jpg 381w\" sizes=\"auto, (max-width: 300px) 100vw, 300px\" \/><\/a><\/td>\n<td style=\"width: 343.636px; height: 200px;\"><a href=\"http:\/\/numancia.cat\/web3\/index.php\/activitats-del-centre\/setmana-de-la-ciencia\/2015-16\"><img loading=\"lazy\" decoding=\"async\" class=\"size-medium wp-image-1018 alignnone\" src=\"https:\/\/agora.xtec.cat\/iesnumancia\/wp-content\/uploads\/usu2267\/2021\/02\/Captura-ciencia-15-300x170.jpg\" alt=\"\" width=\"300\" height=\"170\" srcset=\"https:\/\/agora.xtec.cat\/iesnumancia\/wp-content\/uploads\/usu2267\/2021\/02\/Captura-ciencia-15-300x170.jpg 300w, https:\/\/agora.xtec.cat\/iesnumancia\/wp-content\/uploads\/usu2267\/2021\/02\/Captura-ciencia-15.jpg 403w\" sizes=\"auto, (max-width: 300px) 100vw, 300px\" \/><\/a><\/td>\n<\/tr>\n<\/tbody>\n<\/table>\n<p>Aportacions d&#8217;altres departaments del nostre institut:<\/p>\n<p style=\"text-align: justify;\">L&#8217;optativa de 4t d&#8217; ESO de visual i pl\u00e0stica col\u00b7labora en la creaci\u00f3 de cartells , l&#8217;ambientaci\u00f3 del centre i en la creaci\u00f3 de materials sobre els tallers de la setmana treballant els continguts propis de l&#8217;\u00e0res. Un exemple \u00e9s aquesta creaci\u00f3 videogr\u00e0fica amb t\u00e8cniques de stop motion i stop trick , primeres t\u00e8cniques d&#8217;animaci\u00f3 en el m\u00f3n del cinema. Aquest v\u00eddeo es va projectar en el vest\u00edbul de l&#8217;institut.<\/p>\n<p><iframe loading=\"lazy\" title=\"movie ci\u00e8ncia\" src=\"https:\/\/player.vimeo.com\/video\/507136923?dnt=1&amp;app_id=122963\" width=\"500\" height=\"281\" frameborder=\"0\" allow=\"autoplay; fullscreen; picture-in-picture; clipboard-write; encrypted-media\"><\/iframe><\/p>\n<p style=\"text-align: justify;\">\n","protected":false},"excerpt":{"rendered":"<p>Qu\u00e8 \u00e9s la setmana de la ci\u00e8ncia?<br \/>\nFa un temps, cap al curs 2015, un grup de professors\/es ens vam engrescar a tirar endavant una nova iniciativa&#8230; El nostre objectiu era apropar la ci\u00e8ncia al nostre alumnat i fer-los veure que la ci\u00e8ncia ens envolta, que&hellip;  <a href=\"https:\/\/agora.xtec.cat\/iesnumancia\/projectes\/setmana-de-la-ciencia\/\" title=\"Read Setmana de la ci\u00e8ncia\">Llegeix m\u00e9s\u00bb<\/a><\/p>\n","protected":false},"author":1,"featured_media":0,"parent":929,"menu_order":4,"comment_status":"closed","ping_status":"closed","template":"page-templates\/side-menu.php","meta":{"_bbp_topic_count":0,"_bbp_reply_count":0,"_bbp_total_topic_count":0,"_bbp_total_reply_count":0,"_bbp_voice_count":0,"_bbp_anonymous_reply_count":0,"_bbp_topic_count_hidden":0,"_bbp_reply_count_hidden":0,"_bbp_forum_subforum_count":0,"footnotes":""},"class_list":["post-937","page","type-page","status-publish","hentry"],"post_mailing_queue_ids":[],"_links":{"self":[{"href":"https:\/\/agora.xtec.cat\/iesnumancia\/wp-json\/wp\/v2\/pages\/937","targetHints":{"allow":["GET"]}}],"collection":[{"href":"https:\/\/agora.xtec.cat\/iesnumancia\/wp-json\/wp\/v2\/pages"}],"about":[{"href":"https:\/\/agora.xtec.cat\/iesnumancia\/wp-json\/wp\/v2\/types\/page"}],"author":[{"embeddable":true,"href":"https:\/\/agora.xtec.cat\/iesnumancia\/wp-json\/wp\/v2\/users\/1"}],"replies":[{"embeddable":true,"href":"https:\/\/agora.xtec.cat\/iesnumancia\/wp-json\/wp\/v2\/comments?post=937"}],"version-history":[{"count":5,"href":"https:\/\/agora.xtec.cat\/iesnumancia\/wp-json\/wp\/v2\/pages\/937\/revisions"}],"predecessor-version":[{"id":7891,"href":"https:\/\/agora.xtec.cat\/iesnumancia\/wp-json\/wp\/v2\/pages\/937\/revisions\/7891"}],"up":[{"embeddable":true,"href":"https:\/\/agora.xtec.cat\/iesnumancia\/wp-json\/wp\/v2\/pages\/929"}],"wp:attachment":[{"href":"https:\/\/agora.xtec.cat\/iesnumancia\/wp-json\/wp\/v2\/media?parent=937"}],"curies":[{"name":"wp","href":"https:\/\/api.w.org\/{rel}","templated":true}]}}