{"id":8228,"date":"2025-04-21T22:52:20","date_gmt":"2025-04-21T20:52:20","guid":{"rendered":"https:\/\/agora.xtec.cat\/iesnumancia\/?page_id=8228"},"modified":"2025-04-23T00:34:02","modified_gmt":"2025-04-22T22:34:02","slug":"setmana-cultural_sant-jordi-2025","status":"publish","type":"page","link":"https:\/\/agora.xtec.cat\/iesnumancia\/activitats-de-centre\/setmana-cultural_sant-jordi-2025\/","title":{"rendered":"Setmana cultural_Celebraci\u00f3 de Sant Jordi"},"content":{"rendered":"<p class=\"\" style=\"text-align: justify;\" data-start=\"0\" data-end=\"272\"><img loading=\"lazy\" decoding=\"async\" class=\"aligncenter size-full wp-image-6322\" src=\"https:\/\/agora.xtec.cat\/iesnumancia\/wp-content\/uploads\/usu2267\/2024\/04\/banner-sant-jordi2024.png\" alt=\"\" width=\"1000\" height=\"220\" srcset=\"https:\/\/agora.xtec.cat\/iesnumancia\/wp-content\/uploads\/usu2267\/2024\/04\/banner-sant-jordi2024.png 1000w, https:\/\/agora.xtec.cat\/iesnumancia\/wp-content\/uploads\/usu2267\/2024\/04\/banner-sant-jordi2024-300x66.png 300w, https:\/\/agora.xtec.cat\/iesnumancia\/wp-content\/uploads\/usu2267\/2024\/04\/banner-sant-jordi2024-768x169.png 768w\" sizes=\"auto, (max-width: 1000px) 100vw, 1000px\" \/>Amb motiu de la diada de Sant Jordi, a l\u2019Institut celebrem una setmana plena d\u2019activitats que giren entorn del m\u00f3n de la cultura, la literatura i les tradicions catalanes. \u00c9s un moment especial del curs en qu\u00e8 tot el centre s\u2019omple de poesia, llibres, roses i creativitat.<\/p>\n<p class=\"\" style=\"text-align: justify;\" data-start=\"274\" data-end=\"634\">En aquest espai web recollim les diferents propostes que han tingut lloc per commemorar aquesta festa: concursos literaris, recitals po\u00e8tics, representacions teatrals, exposicions art\u00edstiques, tallers i activitats dinamitzades per l\u2019alumnat i el professorat. Cada activitat \u00e9s una mostra del comprom\u00eds i la il\u00b7lusi\u00f3 amb qu\u00e8 vivim Sant Jordi al nostre institut.<\/p>\n<p class=\"\" style=\"text-align: justify;\" data-start=\"636\" data-end=\"777\">Us convidem a fer un recorregut per aquest recull cultural i a descobrir el talent i l\u2019esperit participatiu de la nostra comunitat educativa.<\/p>\n","protected":false},"excerpt":{"rendered":"<p>Amb motiu de la diada de Sant Jordi, a l\u2019Institut celebrem una setmana plena d\u2019activitats que giren entorn del m\u00f3n de la cultura, la literatura i les tradicions catalanes. \u00c9s un moment especial del curs en qu\u00e8 tot el centre s\u2019omple de poesia, llibres, roses&hellip;  <a href=\"https:\/\/agora.xtec.cat\/iesnumancia\/activitats-de-centre\/setmana-cultural_sant-jordi-2025\/\" title=\"Read Setmana cultural_Celebraci\u00f3 de Sant Jordi\">Llegeix m\u00e9s\u00bb<\/a><\/p>\n","protected":false},"author":1,"featured_media":0,"parent":975,"menu_order":0,"comment_status":"closed","ping_status":"closed","template":"page-templates\/side-menu.php","meta":{"_bbp_topic_count":0,"_bbp_reply_count":0,"_bbp_total_topic_count":0,"_bbp_total_reply_count":0,"_bbp_voice_count":0,"_bbp_anonymous_reply_count":0,"_bbp_topic_count_hidden":0,"_bbp_reply_count_hidden":0,"_bbp_forum_subforum_count":0,"footnotes":""},"class_list":["post-8228","page","type-page","status-publish","hentry"],"post_mailing_queue_ids":[],"_links":{"self":[{"href":"https:\/\/agora.xtec.cat\/iesnumancia\/wp-json\/wp\/v2\/pages\/8228","targetHints":{"allow":["GET"]}}],"collection":[{"href":"https:\/\/agora.xtec.cat\/iesnumancia\/wp-json\/wp\/v2\/pages"}],"about":[{"href":"https:\/\/agora.xtec.cat\/iesnumancia\/wp-json\/wp\/v2\/types\/page"}],"author":[{"embeddable":true,"href":"https:\/\/agora.xtec.cat\/iesnumancia\/wp-json\/wp\/v2\/users\/1"}],"replies":[{"embeddable":true,"href":"https:\/\/agora.xtec.cat\/iesnumancia\/wp-json\/wp\/v2\/comments?post=8228"}],"version-history":[{"count":5,"href":"https:\/\/agora.xtec.cat\/iesnumancia\/wp-json\/wp\/v2\/pages\/8228\/revisions"}],"predecessor-version":[{"id":8251,"href":"https:\/\/agora.xtec.cat\/iesnumancia\/wp-json\/wp\/v2\/pages\/8228\/revisions\/8251"}],"up":[{"embeddable":true,"href":"https:\/\/agora.xtec.cat\/iesnumancia\/wp-json\/wp\/v2\/pages\/975"}],"wp:attachment":[{"href":"https:\/\/agora.xtec.cat\/iesnumancia\/wp-json\/wp\/v2\/media?parent=8228"}],"curies":[{"name":"wp","href":"https:\/\/api.w.org\/{rel}","templated":true}]}}