{"id":3080,"date":"2022-04-22T08:00:05","date_gmt":"2022-04-22T06:00:05","guid":{"rendered":"https:\/\/agora.xtec.cat\/iesnumancia\/?page_id=3080"},"modified":"2022-04-21T20:06:19","modified_gmt":"2022-04-21T18:06:19","slug":"sant-jordi-2022-departament-de-llengues-estrangeres","status":"publish","type":"page","link":"https:\/\/agora.xtec.cat\/iesnumancia\/activitats-de-centre\/festes-i-celebracions\/sant-jordi-2022-departament-de-llengues-estrangeres\/","title":{"rendered":"Sant Jordi 2022: departament de lleng\u00fces estrangeres"},"content":{"rendered":"<p style=\"text-align: justify;\">Aquest any Sant Jordi ve replet d&#8217;activitats de lleng\u00fces! I hem comen\u00e7at amb tres enigmes en castell\u00e0, catal\u00e0 i angl\u00e8s. Cliqueu per veure els v\u00eddeos que apareixen en la web i participeu en el wordle!<\/p>\n<p style=\"text-align: justify;\">A m\u00e9s, des del <span style=\"font-family: inherit; font-size: 1em;\">departament d&#8217;angl\u00e8s s&#8217;han organitzat diferents activitats per jugar i gaudir de la llengua anglesa.<\/span><\/p>\n<p style=\"text-align: justify;\">Comencem per <strong>1r d&#8217;ESO<\/strong>! La professora Luc\u00eda Muro ha organitzat una xerrada + taller a c\u00e0rrec de l\u2019escriptora i traductora Noelia Lorente. Llicenciada en filologia alemanya per la universitat de Frankfurt, la Noelia Lorente compta amb m\u00e9s de 20 anys d&#8217;experi\u00e8ncia al m\u00f3n de la traducci\u00f3 i al sector editorial. Ha treballat com a traductora en importants empreses com Planeta i Nintendo a diferents pa\u00efsos del m\u00f3n. Durant la sessi\u00f3, la Noelia<\/p>\n<p style=\"text-align: justify;\">parlar\u00e0 de la seva traject\u00f2ria professional i explicar\u00e0 de manera il\u00b7lustrativa com \u00e9s el proc\u00e9s de creaci\u00f3 liter\u00e0ria. Despr\u00e9s els alumnes treballaran en grups fent activitats\/jocs d&#8217;expressi\u00f3 creativa que tamb\u00e9 impliquin l&#8217;\u00fas de diferents lleng\u00fces (catal\u00e0, castell\u00e0, angl\u00e8s, alemany).<\/p>\n<p style=\"text-align: justify;\">Els alumnes de <strong>2n d&#8217;ESO<\/strong> s&#8217;han convertit en tiktokers! Han preparat uns v\u00eddeos molt interessants per apropar la gram\u00e0tica i ortografia de la llengua anglesa als m\u00e9s joves. No us perdeu els seus tik toks! Aqu\u00ed us deixem una mostra!<\/p>\n<table style=\"border-collapse: collapse; width: 100%;\">\n<tbody>\n<tr>\n<td style=\"width: 50%;\"><img loading=\"lazy\" decoding=\"async\" class=\"wp-image-3085 alignright\" src=\"https:\/\/agora.xtec.cat\/iesnumancia\/wp-content\/uploads\/usu2267\/2022\/04\/Saul.png\" alt=\"\" width=\"244\" height=\"342\" srcset=\"https:\/\/agora.xtec.cat\/iesnumancia\/wp-content\/uploads\/usu2267\/2022\/04\/Saul.png 412w, https:\/\/agora.xtec.cat\/iesnumancia\/wp-content\/uploads\/usu2267\/2022\/04\/Saul-214x300.png 214w\" sizes=\"auto, (max-width: 244px) 100vw, 244px\" \/><\/td>\n<td style=\"width: 50%;\"><iframe loading=\"lazy\" src=\"\/\/player.vimeo.com\/video\/701752354?title=0&amp;byline=0&amp;portrait=0&amp;color=8dc7dc\" width=\"425\" height=\"350\" allowfullscreen=\"allowfullscreen\"><\/iframe><\/td>\n<\/tr>\n<\/tbody>\n<\/table>\n<p style=\"text-align: justify;\">I durant la setmana de Sant Jordi no podia faltar la poesia! La trobarem a <strong>3r d&#8217;ESO,<\/strong> on els alumnes crearan els seus propis poemes utilitzant diferents t\u00e8cniques. El taller constar\u00e0 de quatre estacions diferents: 1 Blackout poetry , 2 Cinquain poem, 3 Magnetic Poetry, 4 Mundane Poetry. Les millors s&#8217;exposaran al passad\u00eds del centre on inaugurarem un nou rec\u00f3: <em>the Poetry Corner.<\/em><\/p>\n<p style=\"text-align: justify;\">Pels alumnes de <strong>4t d&#8217;ESO<\/strong> hem deixat una tasca que a priori pot semblar complexa: connectar la literatura al m\u00f3n actual. Al passad\u00eds de la cantina, trobareu una exposici\u00f3 amb un recull de cites de diferents obres de la literatura anglesa i la connexi\u00f3 que els nostres alumnes han trobat amb el m\u00f3n en qu\u00e8 vivim. Aqu\u00ed us deixem una mostra!<\/p>\n<table style=\"border-collapse: collapse; width: 100%;\">\n<tbody>\n<tr>\n<td style=\"width: 50%;\"><img loading=\"lazy\" decoding=\"async\" class=\"wp-image-3083  alignright\" src=\"https:\/\/agora.xtec.cat\/iesnumancia\/wp-content\/uploads\/usu2267\/2022\/04\/George-Orwell-724x1024.jpg\" alt=\"\" width=\"317\" height=\"448\" srcset=\"https:\/\/agora.xtec.cat\/iesnumancia\/wp-content\/uploads\/usu2267\/2022\/04\/George-Orwell-724x1024.jpg 724w, https:\/\/agora.xtec.cat\/iesnumancia\/wp-content\/uploads\/usu2267\/2022\/04\/George-Orwell-212x300.jpg 212w, https:\/\/agora.xtec.cat\/iesnumancia\/wp-content\/uploads\/usu2267\/2022\/04\/George-Orwell-768x1086.jpg 768w, https:\/\/agora.xtec.cat\/iesnumancia\/wp-content\/uploads\/usu2267\/2022\/04\/George-Orwell-1086x1536.jpg 1086w, https:\/\/agora.xtec.cat\/iesnumancia\/wp-content\/uploads\/usu2267\/2022\/04\/George-Orwell-1448x2048.jpg 1448w, https:\/\/agora.xtec.cat\/iesnumancia\/wp-content\/uploads\/usu2267\/2022\/04\/George-Orwell-scaled.jpg 1810w\" sizes=\"auto, (max-width: 317px) 100vw, 317px\" \/><\/td>\n<td style=\"width: 50%;\"><img loading=\"lazy\" decoding=\"async\" class=\"wp-image-3084 alignnone\" src=\"https:\/\/agora.xtec.cat\/iesnumancia\/wp-content\/uploads\/usu2267\/2022\/04\/William-shakespeare-scaled.jpg\" alt=\"\" width=\"323\" height=\"456\" srcset=\"https:\/\/agora.xtec.cat\/iesnumancia\/wp-content\/uploads\/usu2267\/2022\/04\/William-shakespeare-scaled.jpg 1810w, https:\/\/agora.xtec.cat\/iesnumancia\/wp-content\/uploads\/usu2267\/2022\/04\/William-shakespeare-212x300.jpg 212w, https:\/\/agora.xtec.cat\/iesnumancia\/wp-content\/uploads\/usu2267\/2022\/04\/William-shakespeare-724x1024.jpg 724w, https:\/\/agora.xtec.cat\/iesnumancia\/wp-content\/uploads\/usu2267\/2022\/04\/William-shakespeare-768x1086.jpg 768w, https:\/\/agora.xtec.cat\/iesnumancia\/wp-content\/uploads\/usu2267\/2022\/04\/William-shakespeare-1086x1536.jpg 1086w, https:\/\/agora.xtec.cat\/iesnumancia\/wp-content\/uploads\/usu2267\/2022\/04\/William-shakespeare-1448x2048.jpg 1448w\" sizes=\"auto, (max-width: 323px) 100vw, 323px\" \/><\/td>\n<\/tr>\n<\/tbody>\n<\/table>\n<p style=\"text-align: justify;\"><em>And last but not least,<\/em> a batxillerat hem treballat la literatura epistolar i les micro hist\u00f2ries! Els alumnes de <strong>1r de batxillerat<\/strong> han creat les seves hist\u00f2ries mitjan\u00e7ant no nom\u00e9s cartes, sin\u00f3 tamb\u00e9 emails, converses de whatsapp, audios&#8230; El resultat ha estat d&#8217;all\u00f2 m\u00e9s interessant. Mireu, mireu!!<\/p>\n<table style=\"border-collapse: collapse; width: 100%;\">\n<tbody>\n<tr>\n<td style=\"width: 50%;\"><img loading=\"lazy\" decoding=\"async\" class=\"wp-image-3089 alignright\" src=\"https:\/\/agora.xtec.cat\/iesnumancia\/wp-content\/uploads\/usu2267\/2022\/04\/Neus-Lucia-Laura-Flavia-an-epistolary-story-724x1024.jpg\" alt=\"\" width=\"281\" height=\"398\" srcset=\"https:\/\/agora.xtec.cat\/iesnumancia\/wp-content\/uploads\/usu2267\/2022\/04\/Neus-Lucia-Laura-Flavia-an-epistolary-story-724x1024.jpg 724w, https:\/\/agora.xtec.cat\/iesnumancia\/wp-content\/uploads\/usu2267\/2022\/04\/Neus-Lucia-Laura-Flavia-an-epistolary-story-212x300.jpg 212w, https:\/\/agora.xtec.cat\/iesnumancia\/wp-content\/uploads\/usu2267\/2022\/04\/Neus-Lucia-Laura-Flavia-an-epistolary-story-768x1086.jpg 768w, https:\/\/agora.xtec.cat\/iesnumancia\/wp-content\/uploads\/usu2267\/2022\/04\/Neus-Lucia-Laura-Flavia-an-epistolary-story-1086x1536.jpg 1086w, https:\/\/agora.xtec.cat\/iesnumancia\/wp-content\/uploads\/usu2267\/2022\/04\/Neus-Lucia-Laura-Flavia-an-epistolary-story-1448x2048.jpg 1448w, https:\/\/agora.xtec.cat\/iesnumancia\/wp-content\/uploads\/usu2267\/2022\/04\/Neus-Lucia-Laura-Flavia-an-epistolary-story-scaled.jpg 1810w\" sizes=\"auto, (max-width: 281px) 100vw, 281px\" \/><\/td>\n<td style=\"width: 50%;\"><iframe loading=\"lazy\" src=\"\/\/player.vimeo.com\/video\/701755239?title=0&amp;byline=0&amp;portrait=0&amp;color=8dc7dc\" width=\"425\" height=\"350\" allowfullscreen=\"allowfullscreen\"><\/iframe><\/td>\n<\/tr>\n<\/tbody>\n<\/table>\n<p style=\"text-align: justify;\">I els alumnes de <strong>2n de batxillerat<\/strong> han tingut un plus de dificultat, ja que han hagut d&#8217;escriure les seves microhist\u00f2ries seguint el patr\u00f3 del n\u00famero pi! \u00c9s a dir, la primera paraula havia de tenir 3 lletres, la segona 1, la tercera 4&#8230; No us perdeu l&#8217;exposici\u00f3 que farem de totes les hist\u00f2ries pels passadissos del centre!<\/p>\n<table style=\"border-collapse: collapse; width: 100%;\">\n<tbody>\n<tr>\n<td style=\"width: 50%;\"><img loading=\"lazy\" decoding=\"async\" class=\"wp-image-3086  alignright\" src=\"https:\/\/agora.xtec.cat\/iesnumancia\/wp-content\/uploads\/usu2267\/2022\/04\/A-Pilish-Microstory-Pau-Ayala-2n-Batx-A-724x1024.jpg\" alt=\"\" width=\"302\" height=\"427\" srcset=\"https:\/\/agora.xtec.cat\/iesnumancia\/wp-content\/uploads\/usu2267\/2022\/04\/A-Pilish-Microstory-Pau-Ayala-2n-Batx-A-724x1024.jpg 724w, https:\/\/agora.xtec.cat\/iesnumancia\/wp-content\/uploads\/usu2267\/2022\/04\/A-Pilish-Microstory-Pau-Ayala-2n-Batx-A-212x300.jpg 212w, https:\/\/agora.xtec.cat\/iesnumancia\/wp-content\/uploads\/usu2267\/2022\/04\/A-Pilish-Microstory-Pau-Ayala-2n-Batx-A-768x1086.jpg 768w, https:\/\/agora.xtec.cat\/iesnumancia\/wp-content\/uploads\/usu2267\/2022\/04\/A-Pilish-Microstory-Pau-Ayala-2n-Batx-A-1086x1536.jpg 1086w, https:\/\/agora.xtec.cat\/iesnumancia\/wp-content\/uploads\/usu2267\/2022\/04\/A-Pilish-Microstory-Pau-Ayala-2n-Batx-A-1448x2048.jpg 1448w, https:\/\/agora.xtec.cat\/iesnumancia\/wp-content\/uploads\/usu2267\/2022\/04\/A-Pilish-Microstory-Pau-Ayala-2n-Batx-A-scaled.jpg 1810w\" sizes=\"auto, (max-width: 302px) 100vw, 302px\" \/><\/td>\n<td style=\"width: 50%;\"><img loading=\"lazy\" decoding=\"async\" class=\"wp-image-3091 alignleft\" src=\"https:\/\/agora.xtec.cat\/iesnumancia\/wp-content\/uploads\/usu2267\/2022\/04\/23-dabril-\u00b7-1300h-Barcelona-724x1024.jpg\" alt=\"\" width=\"305\" height=\"432\" srcset=\"https:\/\/agora.xtec.cat\/iesnumancia\/wp-content\/uploads\/usu2267\/2022\/04\/23-dabril-\u00b7-1300h-Barcelona-724x1024.jpg 724w, https:\/\/agora.xtec.cat\/iesnumancia\/wp-content\/uploads\/usu2267\/2022\/04\/23-dabril-\u00b7-1300h-Barcelona-212x300.jpg 212w, https:\/\/agora.xtec.cat\/iesnumancia\/wp-content\/uploads\/usu2267\/2022\/04\/23-dabril-\u00b7-1300h-Barcelona-768x1086.jpg 768w, https:\/\/agora.xtec.cat\/iesnumancia\/wp-content\/uploads\/usu2267\/2022\/04\/23-dabril-\u00b7-1300h-Barcelona-1086x1536.jpg 1086w, https:\/\/agora.xtec.cat\/iesnumancia\/wp-content\/uploads\/usu2267\/2022\/04\/23-dabril-\u00b7-1300h-Barcelona-1448x2048.jpg 1448w, https:\/\/agora.xtec.cat\/iesnumancia\/wp-content\/uploads\/usu2267\/2022\/04\/23-dabril-\u00b7-1300h-Barcelona-scaled.jpg 1810w\" sizes=\"auto, (max-width: 305px) 100vw, 305px\" \/><\/td>\n<\/tr>\n<\/tbody>\n<\/table>\n<p style=\"text-align: justify;\">Esperem que us agradi i que gaudiu de la literatura! B<strong>ona diada de St. Jordi a tothom!<\/strong><\/p>\n","protected":false},"excerpt":{"rendered":"<p>Aquest any Sant Jordi ve replet d&#8217;activitats de lleng\u00fces! I hem comen\u00e7at amb tres enigmes en castell\u00e0, catal\u00e0 i angl\u00e8s. Cliqueu per veure els v\u00eddeos que apareixen en la web i participeu en el wordle!<br \/>\nA m\u00e9s, des del departament d&#8217;angl\u00e8s s&#8217;han organitzat diferents activitats per&hellip;  <a href=\"https:\/\/agora.xtec.cat\/iesnumancia\/activitats-de-centre\/festes-i-celebracions\/sant-jordi-2022-departament-de-llengues-estrangeres\/\" title=\"Read Sant Jordi 2022: departament de lleng\u00fces estrangeres\">Llegeix m\u00e9s\u00bb<\/a><\/p>\n","protected":false},"author":1,"featured_media":0,"parent":1457,"menu_order":2,"comment_status":"closed","ping_status":"closed","template":"","meta":{"_bbp_topic_count":0,"_bbp_reply_count":0,"_bbp_total_topic_count":0,"_bbp_total_reply_count":0,"_bbp_voice_count":0,"_bbp_anonymous_reply_count":0,"_bbp_topic_count_hidden":0,"_bbp_reply_count_hidden":0,"_bbp_forum_subforum_count":0,"footnotes":""},"class_list":["post-3080","page","type-page","status-publish","hentry"],"post_mailing_queue_ids":[],"_links":{"self":[{"href":"https:\/\/agora.xtec.cat\/iesnumancia\/wp-json\/wp\/v2\/pages\/3080","targetHints":{"allow":["GET"]}}],"collection":[{"href":"https:\/\/agora.xtec.cat\/iesnumancia\/wp-json\/wp\/v2\/pages"}],"about":[{"href":"https:\/\/agora.xtec.cat\/iesnumancia\/wp-json\/wp\/v2\/types\/page"}],"author":[{"embeddable":true,"href":"https:\/\/agora.xtec.cat\/iesnumancia\/wp-json\/wp\/v2\/users\/1"}],"replies":[{"embeddable":true,"href":"https:\/\/agora.xtec.cat\/iesnumancia\/wp-json\/wp\/v2\/comments?post=3080"}],"version-history":[{"count":3,"href":"https:\/\/agora.xtec.cat\/iesnumancia\/wp-json\/wp\/v2\/pages\/3080\/revisions"}],"predecessor-version":[{"id":3097,"href":"https:\/\/agora.xtec.cat\/iesnumancia\/wp-json\/wp\/v2\/pages\/3080\/revisions\/3097"}],"up":[{"embeddable":true,"href":"https:\/\/agora.xtec.cat\/iesnumancia\/wp-json\/wp\/v2\/pages\/1457"}],"wp:attachment":[{"href":"https:\/\/agora.xtec.cat\/iesnumancia\/wp-json\/wp\/v2\/media?parent=3080"}],"curies":[{"name":"wp","href":"https:\/\/api.w.org\/{rel}","templated":true}]}}