{"id":21,"date":"2014-09-17T16:14:14","date_gmt":"2014-09-17T16:14:14","guid":{"rendered":"http:\/\/agora.xtec.cat\/iesnumancia\/?page_id=21"},"modified":"2021-02-14T22:50:46","modified_gmt":"2021-02-14T21:50:46","slug":"on-som","status":"publish","type":"page","link":"https:\/\/agora.xtec.cat\/iesnumancia\/linstitut\/on-som\/","title":{"rendered":"On som"},"content":{"rendered":"<p>Institut Num\u00e0ncia<\/p>\n<p>C\/ Prat de la Riba, 118-122<\/p>\n<p>08921 Santa Coloma de Gramenet<\/p>\n<p>&nbsp;<\/p>\n<p><strong><a href=\"https:\/\/www.google.es\/maps\/place\/Institut+P%C3%BAblic+Num%C3%A0ncia\/@41.4574708,2.209003,17z\/data=!3m1!4b1!4m5!3m4!1s0x12a4bc89074c2c81:0x9f562d0c322e36b7!8m2!3d41.4574668!4d2.2111917\" target=\"_blank\" rel=\"noopener noreferrer\"><img loading=\"lazy\" decoding=\"async\" class=\" wp-image-676 aligncenter\" src=\"https:\/\/agora.xtec.cat\/iesnumancia\/wp-content\/uploads\/usu2267\/2021\/01\/mapa.jpg\" alt=\"\" width=\"586\" height=\"440\" srcset=\"https:\/\/agora.xtec.cat\/iesnumancia\/wp-content\/uploads\/usu2267\/2021\/01\/mapa.jpg 746w, https:\/\/agora.xtec.cat\/iesnumancia\/wp-content\/uploads\/usu2267\/2021\/01\/mapa-300x225.jpg 300w, https:\/\/agora.xtec.cat\/iesnumancia\/wp-content\/uploads\/usu2267\/2021\/01\/mapa-200x150.jpg 200w\" sizes=\"auto, (max-width: 586px) 100vw, 586px\" \/><\/a><\/strong><\/p>\n<p><strong>Com arribar-hi:<br \/>\n<\/strong><\/p>\n<ul>\n<li>Metro: L\u00ednia 1 Santa Coloma, L\u00ednia 9 Esgl\u00e9sia Major<\/li>\n<\/ul>\n<p><strong>Escoles adscrites a l&#8217;institut: <\/strong>Escola Ausi\u00e0s March, Escola Wagner, Escola Beethoven, Escola Joan Salvat \u2013 Papasseit, Escola Rossell\u00f3 P\u00f2rcel, Escola Merc\u00e8 Rodoreda, Escola Serra de Marina, Escola Les Palmeres, i Escola Riera Alta<strong><br \/>\n<\/strong><\/p>\n<p><strong>Correus electr\u00f2nics de contacte<\/strong><\/p>\n<ul>\n<li><span style=\"font-size: medium;\">B\u00fastia General: secretaria<span class=\"\"><span class=\"\"><span class=\"\">@nu<\/span>mancia.cat<\/span><\/span><\/span><\/li>\n<li>Administraci\u00f3: gestiodg@numancia.cat<\/li>\n<\/ul>\n<p>&nbsp;<\/p>\n<p>&nbsp;<\/p>\n","protected":false},"excerpt":{"rendered":"<p>Institut Num\u00e0ncia<br \/>\nC\/ Prat de la Riba, 118-122<br \/>\n08921 Santa Coloma de Gramenet<br \/>\n&nbsp;<br \/>\n<a href=\"https:\/\/www.google.es\/maps\/place\/Institut+P%C3%BAblic+Num%C3%A0ncia\/@41.4574708,2.209003,17z\/data=!3m1!4b1!4m5!3m4!1s0x12a4bc89074c2c81:0x9f562d0c322e36b7!8m2!3d41.4574668!4d2.2111917\" target=\"_blank\" rel=\"noopener noreferrer\"><\/a><br \/>\nCom arribar-hi:<\/p>\n<ul>\n<li>Metro: L\u00ednia 1 Santa Coloma, L\u00ednia 9 Esgl\u00e9sia Major<\/li>\n<\/ul>\n<p>Escoles adscrites a l&#8217;institut: Escola Ausi\u00e0s March, Escola Wagner, Escola Beethoven, Escola Joan Salvat \u2013 Papasseit, Escola Rossell\u00f3 P\u00f2rcel, Escola Merc\u00e8 Rodoreda,&hellip;  <a href=\"https:\/\/agora.xtec.cat\/iesnumancia\/linstitut\/on-som\/\" title=\"Read On som\">Llegeix m\u00e9s\u00bb<\/a><\/p>\n","protected":false},"author":1,"featured_media":0,"parent":19,"menu_order":10,"comment_status":"closed","ping_status":"closed","template":"page-templates\/side-menu.php","meta":{"_bbp_topic_count":0,"_bbp_reply_count":0,"_bbp_total_topic_count":0,"_bbp_total_reply_count":0,"_bbp_voice_count":0,"_bbp_anonymous_reply_count":0,"_bbp_topic_count_hidden":0,"_bbp_reply_count_hidden":0,"_bbp_forum_subforum_count":0,"footnotes":""},"class_list":["post-21","page","type-page","status-publish","hentry"],"post_mailing_queue_ids":[],"_links":{"self":[{"href":"https:\/\/agora.xtec.cat\/iesnumancia\/wp-json\/wp\/v2\/pages\/21","targetHints":{"allow":["GET"]}}],"collection":[{"href":"https:\/\/agora.xtec.cat\/iesnumancia\/wp-json\/wp\/v2\/pages"}],"about":[{"href":"https:\/\/agora.xtec.cat\/iesnumancia\/wp-json\/wp\/v2\/types\/page"}],"author":[{"embeddable":true,"href":"https:\/\/agora.xtec.cat\/iesnumancia\/wp-json\/wp\/v2\/users\/1"}],"replies":[{"embeddable":true,"href":"https:\/\/agora.xtec.cat\/iesnumancia\/wp-json\/wp\/v2\/comments?post=21"}],"version-history":[{"count":3,"href":"https:\/\/agora.xtec.cat\/iesnumancia\/wp-json\/wp\/v2\/pages\/21\/revisions"}],"predecessor-version":[{"id":682,"href":"https:\/\/agora.xtec.cat\/iesnumancia\/wp-json\/wp\/v2\/pages\/21\/revisions\/682"}],"up":[{"embeddable":true,"href":"https:\/\/agora.xtec.cat\/iesnumancia\/wp-json\/wp\/v2\/pages\/19"}],"wp:attachment":[{"href":"https:\/\/agora.xtec.cat\/iesnumancia\/wp-json\/wp\/v2\/media?parent=21"}],"curies":[{"name":"wp","href":"https:\/\/api.w.org\/{rel}","templated":true}]}}