{"id":1870,"date":"2021-03-02T10:48:25","date_gmt":"2021-03-02T09:48:25","guid":{"rendered":"https:\/\/agora.xtec.cat\/iesnumancia\/?page_id=1870"},"modified":"2026-04-15T10:14:52","modified_gmt":"2026-04-15T08:14:52","slug":"informacio-pre-inscripcio-i-matricula-eso","status":"publish","type":"page","link":"https:\/\/agora.xtec.cat\/iesnumancia\/serveis\/informacio-pre-inscripcio-i-matricula-eso\/","title":{"rendered":"Informaci\u00f3 pre-inscripci\u00f3 i matr\u00edcula ESO"},"content":{"rendered":"<p>Podeu trobar tota la informaci\u00f3 relativa a la <strong>preinscripci\u00f3 pel curs 2026-27 a l&#8217;ESO<\/strong> en el seg\u00fcent enlla\u00e7 del Departament d&#8217;Ensenyament<\/p>\n<h3 style=\"text-align: center;\"><a href=\"https:\/\/preinscripcio.gencat.cat\/ca\/inici\" target=\"_blank\" rel=\"noopener noreferrer\"><strong>preinscripcio.gencat.cat<\/strong><\/a><\/h3>\n<p>Totes les sol\u00b7licituds s\u00f3n en format telem\u00e0tic i per tant no cal lliurar cap documentaci\u00f3 presencialment en el centre educatiu que indiqueu en primera opci\u00f3. Llegiu les instruccions de la p\u00e0gina web anterior on s&#8217;explica com formalitzar la sol\u00b7licitud. Podeu trobar m\u00e9s informaci\u00f3 a la p\u00e0gina web de l&#8217;<a href=\"https:\/\/www.gramenet.cat\/ajuntament\/arees-municipals\/educacio\/preinscripcio-i-matricula-escolar\/preinscripcio-i-matricula-2026-27-a-educacio-infantil-primaria-i-secundaria\/\" target=\"_blank\" rel=\"noopener\">oficina municipal d&#8217;escolaritzaci\u00f3 (OME)<\/a><\/p>\n<p>El centre posa a la vostra disposici\u00f3 els seg\u00fcents mitjans per a resoldre les incid\u00e8ncies amb les que us pugueu trobar.<\/p>\n<p>Tel\u00e8fon de contacte: <strong>93 391 20 53<\/strong> (demanar per administraci\u00f3) en horari de 09:00 a 13:30 matins i de 15:30 a 17:00 tardes de dimarts i dijous.<\/p>\n<p>Correu electr\u00f2nic: <strong>gestiodg@numancia.cat <\/strong><\/p>\n<h5>Oferta de places inicial (03 de mar\u00e7)<\/h5>\n<p>En el seg\u00fcent <a href=\"https:\/\/drive.google.com\/file\/d\/1ZXCr-DoTD_mybqFJB7xMGlyQjJ7mBlQu\/view?usp=sharing\" target=\"_blank\" rel=\"noopener\">document<\/a> trobareu l&#8217;oferta inicial de places.<\/p>\n<h5>Presentaci\u00f3 i\/o modificaci\u00f3 de sol\u00b7licituds (06-18 de mar\u00e7)<\/h5>\n<p>La presentaci\u00f3 s&#8217;ha de realitzar de forma telem\u00e0tica en el seg\u00fcent <a href=\"https:\/\/educacio.gencat.cat\/ca\/tramits\/tramits-temes\/perinscripcio-obligatoris?category=74447ed8-a82c-11e3-a972-000c29052e2c&amp;moda=3\" target=\"_blank\" rel=\"noopener\">enlla\u00e7<\/a><\/p>\n<h5>Publicaci\u00f3 de la puntuaci\u00f3 provisional (15 d&#8217;abril)<\/h5>\n<p>En el seg\u00fcent <a href=\"https:\/\/drive.google.com\/file\/d\/1RgWg9BSvljed-UBZs2l8Kt5aH7e2d1bR\/view?usp=sharing\" target=\"_blank\" rel=\"noopener\">document<\/a> trobareu el barem provisional de puntuaci\u00f3.<\/p>\n<p>En cas de que vulgueu fer alguna reclamaci\u00f3 ho poder fer telem\u00e0ticament. Tamb\u00e9 us podeu adre\u00e7ar al centre educatiu, en cas de necessitar ajuda.<\/p>\n<h5>Publicaci\u00f3 de la puntuaci\u00f3 definitiva (23 d&#8217;abril)<\/h5>\n<p>En el seg\u00fcent document trobareu el barem definitiu de puntuaci\u00f3.<\/p>\n<h5>N\u00famero de desempat (28 d&#8217;abril)<\/h5>\n<p>El n\u00famero de desempat \u00e9s el<\/p>\n<h5>Llistat ordenat definitiu (29 d&#8217;abril)<\/h5>\n<p>En el seg\u00fcent document trobareu el llistat ordenat definitiu<\/p>\n<h5>Oferta de places definitiva (10 de juny)<\/h5>\n<p>En el seg\u00fcent document trobareu el nombre de places definitives ofertades.<\/p>\n<h5>Publicaci\u00f3 de la llista d&#8217;admesos i la llista d&#8217;espera (16 de juny)<\/h5>\n<p>En el seg\u00fcent document trobareu els alumnes assignats al centre amb indicaci\u00f3 de la primera petici\u00f3<\/p>\n<p>En el seg\u00fcent document trobareu els alumnes preinscrits amb el centre assignat<\/p>\n<p>En el seg\u00fcent document trobareu la llista d&#8217;espera.<\/p>\n<p>Les fam\u00edlies dels alumnes assignats al centre rebreu properament un correu amb les instruccions per a realitzar la matr\u00edcula.<\/p>\n<p>&nbsp;<\/p>\n<table style=\"width: 0.362582%; height: 5px;\" border=\"0\" width=\"100%\" cellspacing=\"0\" cellpadding=\"2\" align=\"center\">\n<tbody>\n<tr>\n<td class=\"espai4px\" style=\"width: 100%;\"><\/td>\n<\/tr>\n<\/tbody>\n<\/table>\n<p>&nbsp;<\/p>\n","protected":false},"excerpt":{"rendered":"<p>Podeu trobar tota la informaci\u00f3 relativa a la preinscripci\u00f3 pel curs 2026-27 a l&#8217;ESO en el seg\u00fcent enlla\u00e7 del Departament d&#8217;Ensenyament<br \/>\n<a href=\"https:\/\/preinscripcio.gencat.cat\/ca\/inici\" target=\"_blank\" rel=\"noopener noreferrer\">preinscripcio.gencat.cat<\/a><br \/>\nTotes les sol\u00b7licituds s\u00f3n en format telem\u00e0tic i per tant no cal lliurar cap documentaci\u00f3 presencialment en el centre educatiu que&hellip;  <a href=\"https:\/\/agora.xtec.cat\/iesnumancia\/serveis\/informacio-pre-inscripcio-i-matricula-eso\/\" title=\"Read Informaci\u00f3 pre-inscripci\u00f3 i matr\u00edcula ESO\">Llegeix m\u00e9s\u00bb<\/a><\/p>\n","protected":false},"author":1,"featured_media":0,"parent":63,"menu_order":0,"comment_status":"closed","ping_status":"closed","template":"page-templates\/side-menu.php","meta":{"_bbp_topic_count":0,"_bbp_reply_count":0,"_bbp_total_topic_count":0,"_bbp_total_reply_count":0,"_bbp_voice_count":0,"_bbp_anonymous_reply_count":0,"_bbp_topic_count_hidden":0,"_bbp_reply_count_hidden":0,"_bbp_forum_subforum_count":0,"footnotes":""},"class_list":["post-1870","page","type-page","status-publish","hentry"],"post_mailing_queue_ids":[],"_links":{"self":[{"href":"https:\/\/agora.xtec.cat\/iesnumancia\/wp-json\/wp\/v2\/pages\/1870","targetHints":{"allow":["GET"]}}],"collection":[{"href":"https:\/\/agora.xtec.cat\/iesnumancia\/wp-json\/wp\/v2\/pages"}],"about":[{"href":"https:\/\/agora.xtec.cat\/iesnumancia\/wp-json\/wp\/v2\/types\/page"}],"author":[{"embeddable":true,"href":"https:\/\/agora.xtec.cat\/iesnumancia\/wp-json\/wp\/v2\/users\/1"}],"replies":[{"embeddable":true,"href":"https:\/\/agora.xtec.cat\/iesnumancia\/wp-json\/wp\/v2\/comments?post=1870"}],"version-history":[{"count":7,"href":"https:\/\/agora.xtec.cat\/iesnumancia\/wp-json\/wp\/v2\/pages\/1870\/revisions"}],"predecessor-version":[{"id":9947,"href":"https:\/\/agora.xtec.cat\/iesnumancia\/wp-json\/wp\/v2\/pages\/1870\/revisions\/9947"}],"up":[{"embeddable":true,"href":"https:\/\/agora.xtec.cat\/iesnumancia\/wp-json\/wp\/v2\/pages\/63"}],"wp:attachment":[{"href":"https:\/\/agora.xtec.cat\/iesnumancia\/wp-json\/wp\/v2\/media?parent=1870"}],"curies":[{"name":"wp","href":"https:\/\/api.w.org\/{rel}","templated":true}]}}