{"id":69,"date":"2014-09-18T10:15:07","date_gmt":"2014-09-18T09:15:07","guid":{"rendered":"http:\/\/agora.xtec.cat\/iesnautica\/?page_id=69"},"modified":"2021-10-14T21:13:22","modified_gmt":"2021-10-14T19:13:22","slug":"menjador-escolar","status":"publish","type":"page","link":"https:\/\/agora.xtec.cat\/iesnautica\/linstitut\/menjador-escolar\/","title":{"rendered":"Allotjament"},"content":{"rendered":"<p style=\"color: #000000;\"><a href=\"http:\/\/agora.xtec.cat\/iesnautica\/wp-content\/uploads\/usu775\/2016\/02\/IMG00048.jpg\"><img loading=\"lazy\" decoding=\"async\" class=\"alignnone wp-image-320 aligncenter\" src=\"http:\/\/agora.xtec.cat\/iesnautica\/wp-content\/uploads\/usu775\/2016\/02\/IMG00048.jpg\" alt=\"IMG00048\" width=\"309\" height=\"232\" srcset=\"https:\/\/agora.xtec.cat\/iesnautica\/wp-content\/uploads\/usu775\/2016\/02\/IMG00048.jpg 640w, https:\/\/agora.xtec.cat\/iesnautica\/wp-content\/uploads\/usu775\/2016\/02\/IMG00048-300x225.jpg 300w, https:\/\/agora.xtec.cat\/iesnautica\/wp-content\/uploads\/usu775\/2016\/02\/IMG00048-200x150.jpg 200w\" sizes=\"auto, (max-width: 309px) 100vw, 309px\" \/><\/a><\/p>\n<p style=\"color: #000000;\"><strong>Allotjament<\/strong><br \/>\nEn relaci\u00f3 a l&#8217;allotjament, <strong>pels alumnes de fora del municipi<\/strong>, l&#8217;Escola de Capacitaci\u00f3 Nauticopesquera, en col.laboraci\u00f3 amb l&#8217;Ajuntament de l&#8217;Ametlla de Mar, canalitza a trav\u00e9s de la Regidoria de Turisme, la informaci\u00f3 i les ofertes a les persones que estiguin interessades. Aquestes podran informar-se mitjan\u00e7ant el tel\u00e8fon de contacte 977 456 477, a partir de les 10:00 h. fins a les 14:30 h.<\/p>\n","protected":false},"excerpt":{"rendered":"<p><a href=\"http:\/\/agora.xtec.cat\/iesnautica\/wp-content\/uploads\/usu775\/2016\/02\/IMG00048.jpg\"><\/a><br \/>\nAllotjament<br \/>\nEn relaci\u00f3 a l&#8217;allotjament, pels alumnes de fora del municipi, l&#8217;Escola de Capacitaci\u00f3 Nauticopesquera, en col.laboraci\u00f3 amb l&#8217;Ajuntament de l&#8217;Ametlla de Mar, canalitza a trav\u00e9s de la Regidoria de Turisme, la informaci\u00f3 i les ofertes a les persones que estiguin interessades. Aquestes podran informar-se&hellip;  <a href=\"https:\/\/agora.xtec.cat\/iesnautica\/linstitut\/menjador-escolar\/\" title=\"Read Allotjament\">Llegeix m\u00e9s\u00bb<\/a><\/p>\n","protected":false},"author":1,"featured_media":0,"parent":19,"menu_order":20,"comment_status":"closed","ping_status":"closed","template":"page-templates\/side-menu.php","meta":{"_bbp_topic_count":0,"_bbp_reply_count":0,"_bbp_total_topic_count":0,"_bbp_total_reply_count":0,"_bbp_voice_count":0,"_bbp_anonymous_reply_count":0,"_bbp_topic_count_hidden":0,"_bbp_reply_count_hidden":0,"_bbp_forum_subforum_count":0,"footnotes":""},"class_list":["post-69","page","type-page","status-publish","hentry"],"post_mailing_queue_ids":[],"_links":{"self":[{"href":"https:\/\/agora.xtec.cat\/iesnautica\/wp-json\/wp\/v2\/pages\/69","targetHints":{"allow":["GET"]}}],"collection":[{"href":"https:\/\/agora.xtec.cat\/iesnautica\/wp-json\/wp\/v2\/pages"}],"about":[{"href":"https:\/\/agora.xtec.cat\/iesnautica\/wp-json\/wp\/v2\/types\/page"}],"author":[{"embeddable":true,"href":"https:\/\/agora.xtec.cat\/iesnautica\/wp-json\/wp\/v2\/users\/1"}],"replies":[{"embeddable":true,"href":"https:\/\/agora.xtec.cat\/iesnautica\/wp-json\/wp\/v2\/comments?post=69"}],"version-history":[{"count":3,"href":"https:\/\/agora.xtec.cat\/iesnautica\/wp-json\/wp\/v2\/pages\/69\/revisions"}],"predecessor-version":[{"id":408,"href":"https:\/\/agora.xtec.cat\/iesnautica\/wp-json\/wp\/v2\/pages\/69\/revisions\/408"}],"up":[{"embeddable":true,"href":"https:\/\/agora.xtec.cat\/iesnautica\/wp-json\/wp\/v2\/pages\/19"}],"wp:attachment":[{"href":"https:\/\/agora.xtec.cat\/iesnautica\/wp-json\/wp\/v2\/media?parent=69"}],"curies":[{"name":"wp","href":"https:\/\/api.w.org\/{rel}","templated":true}]}}