{"id":2073,"date":"2025-10-28T14:06:23","date_gmt":"2025-10-28T13:06:23","guid":{"rendered":"https:\/\/agora.xtec.cat\/iesnautica\/?page_id=2073"},"modified":"2025-10-28T22:59:03","modified_gmt":"2025-10-28T21:59:03","slug":"borsa-de-treball-busco-feina","status":"publish","type":"page","link":"https:\/\/agora.xtec.cat\/iesnautica\/borsa-de-treball-busco-feina\/","title":{"rendered":"Borsa de treball. Busco Feina"},"content":{"rendered":"<p><span style=\"background-color: #ccffcc;\"><b>Borsa de Treball<\/b><\/span><\/p>\n<p>Benvinguts\/des a la Borsa de treball de l&#8217;Institut Escola de Capacitaci\u00f3 Nauticopesquera de Catalunya que neix amb l&#8217;afany de posar en contacte aquells alumnes o ex-alumnes que ho sol\u00b7licitin amb les empreses del sector que necessiten professionals formats a l&#8217;Escola.<\/p>\n<p><span style=\"background-color: #ccffcc;\"><b>Funcionament de la Borsa de Treball del Institut ECNPC<\/b><\/span><\/p>\n<p>B\u00e0sicament amb les sol\u00b7licituds d&#8217;acc\u00e9s a la borsa de treball es genera una borsa de demanda de treball. Quan qualsevol empresa genera una oferta, el sistema autom\u00e0ticament selecciona i envia filtrats aquells candidats que s&#8217;adeq\u00fcen al perfil sol\u00b7licitat utilitzant un algoritme intel\u00b7ligent de &#8220;matching&#8221; que analitza perfil professional, nivell formatiu, i comandament. Tant les ofertes com les sol\u00b7licituds tenen data de caducitat.<br \/>\nEl sistema assignar\u00e0 autom\u00e0ticament el teu perfil professional i nivell segons el cicle formatiu que hagis cursat. Quan una empresa publiqui una oferta que coincideixi amb el teu perfil, el sistema t&#8217;inclour\u00e0 autom\u00e0ticament entre els candidats enviats si compleixes els requisits sol\u00b7licitats.<br \/>\nEls perfils dels alumnes i exalumnes s&#8217;hauran de renovar anualment. S&#8217;esborraran de la base de dades els perfils que faci ja un any que estan a la borsa.<br \/>\nMantindrem les ofertes de treball durant un mes. Durant aquest per\u00edode, podrem enviar el teu perfil si encaixa amb alguna oferta nova, el sistema t&#8217;inclour\u00e0 autom\u00e0ticament entre els candidats enviats a l&#8217;empresa. Passat el mes, l&#8217;oferta es traur\u00e0 de la base de dades de la borsa.<\/p>\n<hr \/>\n<p><a href=\"https:\/\/docs.google.com\/forms\/d\/e\/1FAIpQLScSAFgLJnQ_BYv_h3kEnHDEThzUVf8sI1ixRVZoMUxIxDflVA\/viewform?usp=publish-editor\"><b>Sol\u00b7licitud acc\u00e9s a la borsa de treball<\/b><\/a><\/p>\n<p>Espai destinat als alumnes i exalumnes perqu\u00e8 emplenin el seg\u00fcent <a href=\"https:\/\/docs.google.com\/forms\/d\/e\/1FAIpQLScSAFgLJnQ_BYv_h3kEnHDEThzUVf8sI1ixRVZoMUxIxDflVA\/viewform?usp=publish-editor\">formulari Sol\u00b7licitud acc\u00e9s a la borsa de treball<\/a>, que generar\u00e0 una sol\u00b7licitud d&#8217;acc\u00e9s a la borsa de treball. \u00c9s important que estiguis d&#8217;acord amb el fet que les teves dades s&#8217;envien a l&#8217;empresa, ja que si no, t&#8217;exclourem de la borsa.<\/p>\n<hr \/>\n<p class=\"whitespace-normal break-words\">Aquestes dades (excepte el DNI) seran enviades a les ofertes de treball relacionades amb els teus estudis, formaci\u00f3 i experi\u00e8ncia. Les dades personals de la teva sol\u00b7licitud seran esborrades un cop hagin passat 12 mesos. Durant aquest per\u00edode les empreses podran rebre el teu perfil.<\/p>\n<p class=\"whitespace-normal break-words\">Enviarem preferentment a l&#8217;empresa les dades dels alumnes que hagin estudiat al centre. Verifica el teu DNI o afegeix el teu correu @iesnautica.cat<\/p>\n<p>Pots consultar les ofertes de treball p\u00fabliques accedint <a href=\"https:\/\/agora.xtec.cat\/iesnautica\/general\/borsa-de-treball-ofertes\/\">al taulell d&#8217;anuncis de la borsa<\/a><\/p>\n<p><strong>Important:<\/strong> PNo totes les ofertes es fan visibles p\u00fablicament. Moltes ofertes es gestionen exclusivament a trav\u00e9s del sistema autom\u00e0tic de la borsa, enviant directament els candidats adequats a les empreses.<\/p>\n<hr \/>\n<p><span style=\"background-color: #ccffcc;\"><b>Ajuda&#8217;ns a millorar<\/b><\/span><\/p>\n<p>Tenim ganes de millorar, si us plau valora el nostre servei, aqu\u00ed tens un <a href=\"https:\/\/docs.google.com\/forms\/d\/e\/1FAIpQLSfOiwS25apdXoR-RcPLxZNepA46IyMPHPj7E38XJH4ns8_nAw\/viewform?usp=dialog\">q\u00fcestionari de valoraci\u00f3 del servei de borsa de treball.<\/a><\/p>\n","protected":false},"excerpt":{"rendered":"<p>Borsa de Treball<br \/>\nBenvinguts\/des a la Borsa de treball de l&#8217;Institut Escola de Capacitaci\u00f3 Nauticopesquera de Catalunya que neix amb l&#8217;afany de posar en contacte aquells alumnes o ex-alumnes que ho sol\u00b7licitin amb les empreses del sector que necessiten professionals formats a l&#8217;Escola.<br \/>\nFuncionament de la Borsa&hellip;  <a href=\"https:\/\/agora.xtec.cat\/iesnautica\/borsa-de-treball-busco-feina\/\" title=\"Read Borsa de treball. Busco Feina\">Llegeix m\u00e9s\u00bb<\/a><\/p>\n","protected":false},"author":1,"featured_media":0,"parent":0,"menu_order":0,"comment_status":"closed","ping_status":"closed","template":"","meta":{"_bbp_topic_count":0,"_bbp_reply_count":0,"_bbp_total_topic_count":0,"_bbp_total_reply_count":0,"_bbp_voice_count":0,"_bbp_anonymous_reply_count":0,"_bbp_topic_count_hidden":0,"_bbp_reply_count_hidden":0,"_bbp_forum_subforum_count":0,"footnotes":""},"class_list":["post-2073","page","type-page","status-publish","hentry"],"post_mailing_queue_ids":[],"_links":{"self":[{"href":"https:\/\/agora.xtec.cat\/iesnautica\/wp-json\/wp\/v2\/pages\/2073","targetHints":{"allow":["GET"]}}],"collection":[{"href":"https:\/\/agora.xtec.cat\/iesnautica\/wp-json\/wp\/v2\/pages"}],"about":[{"href":"https:\/\/agora.xtec.cat\/iesnautica\/wp-json\/wp\/v2\/types\/page"}],"author":[{"embeddable":true,"href":"https:\/\/agora.xtec.cat\/iesnautica\/wp-json\/wp\/v2\/users\/1"}],"replies":[{"embeddable":true,"href":"https:\/\/agora.xtec.cat\/iesnautica\/wp-json\/wp\/v2\/comments?post=2073"}],"version-history":[{"count":5,"href":"https:\/\/agora.xtec.cat\/iesnautica\/wp-json\/wp\/v2\/pages\/2073\/revisions"}],"predecessor-version":[{"id":3499,"href":"https:\/\/agora.xtec.cat\/iesnautica\/wp-json\/wp\/v2\/pages\/2073\/revisions\/3499"}],"wp:attachment":[{"href":"https:\/\/agora.xtec.cat\/iesnautica\/wp-json\/wp\/v2\/media?parent=2073"}],"curies":[{"name":"wp","href":"https:\/\/api.w.org\/{rel}","templated":true}]}}