{"id":8188,"date":"2020-10-01T13:52:28","date_gmt":"2020-10-01T11:52:28","guid":{"rendered":"http:\/\/agora.xtec.cat\/iesnarcisoller\/?page_id=8188"},"modified":"2023-06-25T11:25:01","modified_gmt":"2023-06-25T09:25:01","slug":"portes-obertes-virtual","status":"publish","type":"page","link":"https:\/\/agora.xtec.cat\/iesnarcisoller\/linstitut\/portes-obertes-virtual\/","title":{"rendered":"Portes Obertes Virtuals"},"content":{"rendered":"<ul>\n<li>\n<h3><a href=\"http:\/\/agora.xtec.cat\/iesnarcisoller\/linstitut\/portes-obertes-virtual\/portes-obertes-eso\/\">ESO<\/a><\/h3>\n<\/li>\n<li>\n<h3><a href=\"https:\/\/agora.xtec.cat\/iesnarcisoller\/linstitut\/portes-obertes-virtual\/portes-obertes-batxillerat\/\">BATXILLERAT<\/a><\/h3>\n<\/li>\n<li>\n<h3><a href=\"http:\/\/agora.xtec.cat\/iesnarcisoller\/linstitut\/portes-obertes-virtual\/portes-obertes-batxillerat-cicles-formatius-ife\/\">CICLES FORMATIUS<\/a><\/h3>\n<\/li>\n<li>\n<h3><a href=\"http:\/\/agora.xtec.cat\/iesnarcisoller\/linstitut\/portes-obertes-virtual\/portes-obertes-batxillerat-cicles-formatius-ife\/\">ITINERARI FORMATIU ESPEC\u00cdFIC (IFE)<\/a><\/h3>\n<\/li>\n<\/ul>\n<p>&nbsp;<\/p>\n<p style=\"text-align: center;\"><iframe loading=\"lazy\" src=\"\/\/www.youtube.com\/embed\/n3JmWkCwqfw\" width=\"560\" height=\"314\"><\/iframe><\/p>\n<p style=\"text-align: center;\"><iframe loading=\"lazy\" src=\"\/\/www.youtube.com\/embed\/_pEyeg-oPv8\" width=\"560\" height=\"315\" frameborder=\"0\" data-mce-fragment=\"1\"><\/iframe><\/p>\n<h1 style=\"text-align: left;\">Informaci\u00f3 nous alumnes (optativitat, projectes, viatges, etc.):<\/h1>\n<ul>\n<li style=\"text-align: left;\">\n<h5><a href=\"http:\/\/agora.xtec.cat\/iesnarcisoller\/general\/eso-portes-obertes-virtuals\/\">Instal\u00b7lacions i Projectes<\/a><\/h5>\n<\/li>\n<li style=\"text-align: left;\">\n<h5><a href=\"http:\/\/agora.xtec.cat\/iesnarcisoller\/general\/batxillerat-cientific-i-tecnologic\/\">Batxillerat Cient\u00edfic i Tecnol\u00f2gic<\/a><\/h5>\n<\/li>\n<li style=\"text-align: left;\">\n<h5><a href=\"http:\/\/agora.xtec.cat\/iesnarcisoller\/general\/batxillerat-humanistic-i-social\/\">Batxillerat Human\u00edstic i Social<\/a><\/h5>\n<\/li>\n<li style=\"text-align: left;\">\n<h5><a href=\"http:\/\/agora.xtec.cat\/iesnarcisoller\/general\/batxillerat-darts-plastiques-imatge-i-disseny\/\">Batxillerat d&#8217;Arts Pl\u00e0stiques, Imatge i Disseny<\/a><\/h5>\n<\/li>\n<li style=\"text-align: left;\">\n<h5><a href=\"http:\/\/agora.xtec.cat\/iesnarcisoller\/general\/batxillerat-darts-esceniques-musica-i-dansa\/\">Batxillerat d&#8217;Arts Esc\u00e8niques, M\u00fasica i Dansa<\/a><\/h5>\n<\/li>\n<li style=\"text-align: left;\">\n<h5><a href=\"http:\/\/agora.xtec.cat\/iesnarcisoller\/general\/cicle-formatiu-de-grau-mitja-de-dependencia\/\">Cicle Formatiu de Grau Mitj\u00e0 de Depend\u00e8ncia<\/a><\/h5>\n<\/li>\n<li style=\"text-align: left;\">\n<h5><a href=\"http:\/\/agora.xtec.cat\/iesnarcisoller\/general\/cicle-formatiu-de-grau-superior-deducacio-infantil\/\">Cicle Formatiu de Grau Superior d&#8217;Educaci\u00f3 Infantil<\/a><\/h5>\n<\/li>\n<li style=\"text-align: left;\">\n<h5><a href=\"http:\/\/agora.xtec.cat\/iesnarcisoller\/cicles-formatius\/cicle-formatiu-de-grau-superior-dintegracio-social\/\">Cicle Formatiu de Grau Superior d&#8217;Integraci\u00f3 Social<\/a><\/h5>\n<\/li>\n<li style=\"text-align: left;\">\n<h5><a href=\"https:\/\/agora.xtec.cat\/iesnarcisoller\/wp-content\/uploads\/usu162\/2020\/06\/Auxiliar-en-manteniment-d.pdf\" target=\"_blank\" rel=\"noopener noreferrer\">Nou ITINERARI FORMATIU ESPEC\u00cdFIC (CURS 2020\/21)<\/a><\/h5>\n<\/li>\n<\/ul>\n","protected":false},"excerpt":{"rendered":"<p>ESO BATXILLERAT CICLES FORMATIUS ITINERARI FORMATIU ESPEC\u00cdFIC (IFE) &nbsp; Informaci\u00f3 nous alumnes (optativitat, projectes, viatges, etc.): Instal\u00b7lacions i Projectes Batxillerat Cient\u00edfic i Tecnol\u00f2gic Batxillerat Human\u00edstic i Social Batxillerat d&#8217;Arts Pl\u00e0stiques, Imatge i Disseny Batxillerat d&#8217;Arts Esc\u00e8niques, M\u00fasica i Dansa Cicle Formatiu de Grau Mitj\u00e0 de Depend\u00e8ncia Cicle Formatiu de Grau Superior d&#8217;Educaci\u00f3 Infantil Cicle Formatiu [&hellip;]<\/p>\n","protected":false},"author":1,"featured_media":0,"parent":19,"menu_order":8,"comment_status":"closed","ping_status":"closed","template":"page-templates\/side-menu.php","meta":{"_bbp_topic_count":0,"_bbp_reply_count":0,"_bbp_total_topic_count":0,"_bbp_total_reply_count":0,"_bbp_voice_count":0,"_bbp_anonymous_reply_count":0,"_bbp_topic_count_hidden":0,"_bbp_reply_count_hidden":0,"_bbp_forum_subforum_count":0,"site-sidebar-layout":"default","site-content-layout":"","ast-site-content-layout":"","site-content-style":"default","site-sidebar-style":"default","ast-global-header-display":"","ast-banner-title-visibility":"","ast-main-header-display":"","ast-hfb-above-header-display":"","ast-hfb-below-header-display":"","ast-hfb-mobile-header-display":"","site-post-title":"","ast-breadcrumbs-content":"","ast-featured-img":"","footer-sml-layout":"","theme-transparent-header-meta":"","adv-header-id-meta":"","stick-header-meta":"","header-above-stick-meta":"","header-main-stick-meta":"","header-below-stick-meta":"","astra-migrate-meta-layouts":"default","ast-page-background-enabled":"default","ast-page-background-meta":{"desktop":{"background-color":"var(--ast-global-color-4)","background-image":"","background-repeat":"repeat","background-position":"center center","background-size":"auto","background-attachment":"scroll","background-type":"","background-media":"","overlay-type":"","overlay-color":"","overlay-opacity":"","overlay-gradient":""},"tablet":{"background-color":"","background-image":"","background-repeat":"repeat","background-position":"center center","background-size":"auto","background-attachment":"scroll","background-type":"","background-media":"","overlay-type":"","overlay-color":"","overlay-opacity":"","overlay-gradient":""},"mobile":{"background-color":"","background-image":"","background-repeat":"repeat","background-position":"center center","background-size":"auto","background-attachment":"scroll","background-type":"","background-media":"","overlay-type":"","overlay-color":"","overlay-opacity":"","overlay-gradient":""}},"ast-content-background-meta":{"desktop":{"background-color":"var(--ast-global-color-5)","background-image":"","background-repeat":"repeat","background-position":"center center","background-size":"auto","background-attachment":"scroll","background-type":"","background-media":"","overlay-type":"","overlay-color":"","overlay-opacity":"","overlay-gradient":""},"tablet":{"background-color":"var(--ast-global-color-5)","background-image":"","background-repeat":"repeat","background-position":"center center","background-size":"auto","background-attachment":"scroll","background-type":"","background-media":"","overlay-type":"","overlay-color":"","overlay-opacity":"","overlay-gradient":""},"mobile":{"background-color":"var(--ast-global-color-5)","background-image":"","background-repeat":"repeat","background-position":"center center","background-size":"auto","background-attachment":"scroll","background-type":"","background-media":"","overlay-type":"","overlay-color":"","overlay-opacity":"","overlay-gradient":""}},"footnotes":""},"class_list":["post-8188","page","type-page","status-publish","hentry"],"post_mailing_queue_ids":[],"_links":{"self":[{"href":"https:\/\/agora.xtec.cat\/iesnarcisoller\/wp-json\/wp\/v2\/pages\/8188","targetHints":{"allow":["GET"]}}],"collection":[{"href":"https:\/\/agora.xtec.cat\/iesnarcisoller\/wp-json\/wp\/v2\/pages"}],"about":[{"href":"https:\/\/agora.xtec.cat\/iesnarcisoller\/wp-json\/wp\/v2\/types\/page"}],"author":[{"embeddable":true,"href":"https:\/\/agora.xtec.cat\/iesnarcisoller\/wp-json\/wp\/v2\/users\/1"}],"replies":[{"embeddable":true,"href":"https:\/\/agora.xtec.cat\/iesnarcisoller\/wp-json\/wp\/v2\/comments?post=8188"}],"version-history":[{"count":4,"href":"https:\/\/agora.xtec.cat\/iesnarcisoller\/wp-json\/wp\/v2\/pages\/8188\/revisions"}],"predecessor-version":[{"id":8444,"href":"https:\/\/agora.xtec.cat\/iesnarcisoller\/wp-json\/wp\/v2\/pages\/8188\/revisions\/8444"}],"up":[{"embeddable":true,"href":"https:\/\/agora.xtec.cat\/iesnarcisoller\/wp-json\/wp\/v2\/pages\/19"}],"wp:attachment":[{"href":"https:\/\/agora.xtec.cat\/iesnarcisoller\/wp-json\/wp\/v2\/media?parent=8188"}],"curies":[{"name":"wp","href":"https:\/\/api.w.org\/{rel}","templated":true}]}}