{"id":81,"date":"2014-09-18T10:38:05","date_gmt":"2014-09-18T10:38:05","guid":{"rendered":"http:\/\/agora.xtec.cat\/iesnarcisoller\/?page_id=81"},"modified":"2025-06-23T13:14:18","modified_gmt":"2025-06-23T11:14:18","slug":"secretaria","status":"publish","type":"page","link":"https:\/\/agora.xtec.cat\/iesnarcisoller\/secretaria\/","title":{"rendered":"Secretaria"},"content":{"rendered":"<h2><a href=\"https:\/\/agora.xtec.cat\/iesnarcisoller\/wp-content\/uploads\/usu162\/2022\/05\/icons8-google-docs-48.png\"><img loading=\"lazy\" decoding=\"async\" class=\"alignnone wp-image-9203\" src=\"https:\/\/agora.xtec.cat\/iesnarcisoller\/wp-content\/uploads\/usu162\/2022\/05\/icons8-google-docs-48.png\" alt=\"\" width=\"61\" height=\"61\" \/><\/a><a href=\"https:\/\/www.caixabank.cat\/particular\/pagos\/impuestosrecibosmatriculas_ca.html\">Acc\u00e9s pagament<\/a><\/h2>\n<h2><a href=\"https:\/\/forms.gle\/RwRvdfpWWoLEQPD78\"><img loading=\"lazy\" decoding=\"async\" class=\"alignnone wp-image-9203\" src=\"https:\/\/agora.xtec.cat\/iesnarcisoller\/wp-content\/uploads\/usu162\/2022\/05\/icons8-google-docs-48.png\" alt=\"\" width=\"61\" height=\"61\" \/><\/a><a href=\"https:\/\/forms.gle\/PhmGGww39DUkcPzm8\">Acc\u00e9s Formulari Matr\u00edcula Curs 2025-26<\/a><\/h2>\n<h2><a href=\"https:\/\/forms.gle\/RwRvdfpWWoLEQPD78\"><img loading=\"lazy\" decoding=\"async\" class=\"alignnone wp-image-9203\" src=\"https:\/\/agora.xtec.cat\/iesnarcisoller\/wp-content\/uploads\/usu162\/2022\/05\/icons8-google-docs-48.png\" alt=\"\" width=\"61\" height=\"61\" \/><\/a><a href=\"https:\/\/educacio.gencat.cat\/ca\/tramits\/tramits-temes\/titols-academics-no-universitaris\">Tramitaci\u00f3 de t\u00edtols\u00a0<\/a><\/h2>\n<h4>(dret a l&#8217;expedici\u00f3 d&#8217;un t\u00edtol de batxillerat o que ja tinguin expedit un t\u00edtol de graduat o graduada en educaci\u00f3 secund\u00e0ria obligat\u00f2ria o de batxillerat i necessitin sol\u00b7licitar-ne un duplicat o una actualitzaci\u00f3)<\/h4>\n<p><img loading=\"lazy\" decoding=\"async\" class=\" wp-image-12640 alignleft\" src=\"https:\/\/agora.xtec.cat\/iesnarcisoller\/wp-content\/uploads\/usu162\/2025\/05\/icons8-help-64.png\" alt=\"\" width=\"57\" height=\"57\" \/><\/p>\n<h2><a href=\"https:\/\/agora.xtec.cat\/iesnarcisoller\/wp-content\/uploads\/usu162\/2025\/05\/Com-puc-sollicitar-el-titol.pdf\">Com puc sol\u00b7licitar el t\u00edtol?<\/a><\/h2>\n<p>&nbsp;<\/p>\n<hr \/>\n<ul>\n<li style=\"list-style-type: none;\">\n<ul>\n<li class=\"page_item page-item-8015 title\">\n<h3><a title=\"Horari d'atenci\u00f3 al p\u00fablic\" href=\"https:\/\/agora.xtec.cat\/iesnarcisoller\/secretaria\/horari-datencio-al-public\/\">Horari d&#8217;atenci\u00f3 al p\u00fablic<\/a><\/h3>\n<\/li>\n<\/ul>\n<\/li>\n<\/ul>\n<ul>\n<li style=\"list-style-type: none;\">\n<ul>\n<li class=\"page_item page-item-8022 title\">\n<h3><a title=\"Tr\u00e0mits online\" href=\"https:\/\/agora.xtec.cat\/iesnarcisoller\/secretaria\/matricula\/\">Matr\u00edcula<\/a><\/h3>\n<\/li>\n<\/ul>\n<\/li>\n<\/ul>\n<ul>\n<li style=\"list-style-type: none;\">\n<ul>\n<li class=\"page_item page-item-8015 title\">\n<h3><a title=\"Tr\u00e0mits online\" href=\"https:\/\/agora.xtec.cat\/iesnarcisoller\/secretaria\/tramits-online\/\">Tr\u00e0mits online<\/a><\/h3>\n<\/li>\n<\/ul>\n<\/li>\n<\/ul>\n<ul>\n<li style=\"list-style-type: none;\">\n<ul>\n<li class=\"page_item page-item-8022 title\">\n<h3><a title=\"Beques\" href=\"https:\/\/agora.xtec.cat\/iesnarcisoller\/secretaria\/beques\/\">Beques<\/a><\/h3>\n<\/li>\n<\/ul>\n<\/li>\n<\/ul>\n<ul>\n<li style=\"list-style-type: none;\">\n<ul>\n<li class=\"page_item page-item-8036 title\">\n<h3><a title=\"Perfil contractant\" href=\"https:\/\/agora.xtec.cat\/iesnarcisoller\/secretaria\/perfil-contractant\/\">Perfil contractant<\/a><\/h3>\n<\/li>\n<\/ul>\n<\/li>\n<\/ul>\n<div class=\"section noChildren\" style=\"padding-left: 40px;\">\n<ul>\n<li style=\"list-style-type: none;\">\n<ul>\n<li class=\"page_item page-item-8043 title\">\n<h3><a title=\"Normativa\" href=\"https:\/\/agora.xtec.cat\/iesnarcisoller\/secretaria\/normativa\/\">Normativa<\/a><\/h3>\n<ul>\n<li class=\"page_item page-item-8043 title\">\n<h3><a title=\"Normativa\" href=\"https:\/\/agora.xtec.cat\/iesnarcisoller\/secretaria\/normativa\/\">convalidacions<\/a><\/h3>\n<\/li>\n<li class=\"page_item page-item-8043 title\">\n<h3><a title=\"Normativa\" href=\"https:\/\/agora.xtec.cat\/iesnarcisoller\/secretaria\/normativa\/\">certificats d&#8217;equival\u00e8ncia del catal\u00e0<\/a><\/h3>\n<\/li>\n<li class=\"page_item page-item-8043 title\">\n<h3><a title=\"Normativa\" href=\"https:\/\/agora.xtec.cat\/iesnarcisoller\/secretaria\/normativa\/\">matr\u00edcula<\/a><\/h3>\n<\/li>\n<li class=\"page_item page-item-8043 title\">\n<h3><a title=\"Normativa\" href=\"https:\/\/agora.xtec.cat\/iesnarcisoller\/secretaria\/normativa\/\">exempcions FCT<\/a><\/h3>\n<\/li>\n<\/ul>\n<\/li>\n<\/ul>\n<\/li>\n<\/ul>\n<\/div>\n","protected":false},"excerpt":{"rendered":"<p>Acc\u00e9s pagament Acc\u00e9s Formulari Matr\u00edcula Curs 2025-26 Tramitaci\u00f3 de t\u00edtols\u00a0 (dret a l&#8217;expedici\u00f3 d&#8217;un t\u00edtol de batxillerat o que ja tinguin expedit un t\u00edtol de graduat o graduada en educaci\u00f3 secund\u00e0ria obligat\u00f2ria o de batxillerat i necessitin sol\u00b7licitar-ne un duplicat o una actualitzaci\u00f3) Com puc sol\u00b7licitar el t\u00edtol? &nbsp; Horari d&#8217;atenci\u00f3 al p\u00fablic Matr\u00edcula Tr\u00e0mits [&hellip;]<\/p>\n","protected":false},"author":1,"featured_media":0,"parent":0,"menu_order":0,"comment_status":"closed","ping_status":"closed","template":"page-templates\/side-menu.php","meta":{"_bbp_topic_count":0,"_bbp_reply_count":0,"_bbp_total_topic_count":0,"_bbp_total_reply_count":0,"_bbp_voice_count":0,"_bbp_anonymous_reply_count":0,"_bbp_topic_count_hidden":0,"_bbp_reply_count_hidden":0,"_bbp_forum_subforum_count":0,"site-sidebar-layout":"default","site-content-layout":"","ast-site-content-layout":"","site-content-style":"default","site-sidebar-style":"default","ast-global-header-display":"","ast-banner-title-visibility":"","ast-main-header-display":"","ast-hfb-above-header-display":"","ast-hfb-below-header-display":"","ast-hfb-mobile-header-display":"","site-post-title":"","ast-breadcrumbs-content":"","ast-featured-img":"","footer-sml-layout":"","theme-transparent-header-meta":"","adv-header-id-meta":"","stick-header-meta":"","header-above-stick-meta":"","header-main-stick-meta":"","header-below-stick-meta":"","astra-migrate-meta-layouts":"default","ast-page-background-enabled":"default","ast-page-background-meta":{"desktop":{"background-color":"var(--ast-global-color-4)","background-image":"","background-repeat":"repeat","background-position":"center center","background-size":"auto","background-attachment":"scroll","background-type":"","background-media":"","overlay-type":"","overlay-color":"","overlay-opacity":"","overlay-gradient":""},"tablet":{"background-color":"","background-image":"","background-repeat":"repeat","background-position":"center center","background-size":"auto","background-attachment":"scroll","background-type":"","background-media":"","overlay-type":"","overlay-color":"","overlay-opacity":"","overlay-gradient":""},"mobile":{"background-color":"","background-image":"","background-repeat":"repeat","background-position":"center center","background-size":"auto","background-attachment":"scroll","background-type":"","background-media":"","overlay-type":"","overlay-color":"","overlay-opacity":"","overlay-gradient":""}},"ast-content-background-meta":{"desktop":{"background-color":"var(--ast-global-color-5)","background-image":"","background-repeat":"repeat","background-position":"center center","background-size":"auto","background-attachment":"scroll","background-type":"","background-media":"","overlay-type":"","overlay-color":"","overlay-opacity":"","overlay-gradient":""},"tablet":{"background-color":"var(--ast-global-color-5)","background-image":"","background-repeat":"repeat","background-position":"center center","background-size":"auto","background-attachment":"scroll","background-type":"","background-media":"","overlay-type":"","overlay-color":"","overlay-opacity":"","overlay-gradient":""},"mobile":{"background-color":"var(--ast-global-color-5)","background-image":"","background-repeat":"repeat","background-position":"center center","background-size":"auto","background-attachment":"scroll","background-type":"","background-media":"","overlay-type":"","overlay-color":"","overlay-opacity":"","overlay-gradient":""}},"footnotes":""},"class_list":["post-81","page","type-page","status-publish","hentry"],"post_mailing_queue_ids":[],"_links":{"self":[{"href":"https:\/\/agora.xtec.cat\/iesnarcisoller\/wp-json\/wp\/v2\/pages\/81","targetHints":{"allow":["GET"]}}],"collection":[{"href":"https:\/\/agora.xtec.cat\/iesnarcisoller\/wp-json\/wp\/v2\/pages"}],"about":[{"href":"https:\/\/agora.xtec.cat\/iesnarcisoller\/wp-json\/wp\/v2\/types\/page"}],"author":[{"embeddable":true,"href":"https:\/\/agora.xtec.cat\/iesnarcisoller\/wp-json\/wp\/v2\/users\/1"}],"replies":[{"embeddable":true,"href":"https:\/\/agora.xtec.cat\/iesnarcisoller\/wp-json\/wp\/v2\/comments?post=81"}],"version-history":[{"count":9,"href":"https:\/\/agora.xtec.cat\/iesnarcisoller\/wp-json\/wp\/v2\/pages\/81\/revisions"}],"predecessor-version":[{"id":12799,"href":"https:\/\/agora.xtec.cat\/iesnarcisoller\/wp-json\/wp\/v2\/pages\/81\/revisions\/12799"}],"wp:attachment":[{"href":"https:\/\/agora.xtec.cat\/iesnarcisoller\/wp-json\/wp\/v2\/media?parent=81"}],"curies":[{"name":"wp","href":"https:\/\/api.w.org\/{rel}","templated":true}]}}