{"id":13200,"date":"2026-02-10T08:24:25","date_gmt":"2026-02-10T07:24:25","guid":{"rendered":"https:\/\/agora.xtec.cat\/iesnarcisoller\/?page_id=13200"},"modified":"2026-02-10T10:15:58","modified_gmt":"2026-02-10T09:15:58","slug":"teatre-i-musica-a-linstitut","status":"publish","type":"page","link":"https:\/\/agora.xtec.cat\/iesnarcisoller\/projectes-dinnovacio-educativa\/teatre-i-musica-a-linstitut\/","title":{"rendered":"Teatre i m\u00fasica a l&#8217;institut"},"content":{"rendered":"\n<p>Aqu\u00ed podreu trobar tot el material referent a l&#8217;activitat esc\u00e8nica de l&#8217;Institut Narc\u00eds Oller, des del curs 1986 fins el 2015.<\/p>\n\n\n\n<p>L&#8217;any 1986 el professor Jaume Grant (titular de Biologia i Geologia) i molt aficionat a les arts esc\u00e8niques, inicia el treball de les arts esc\u00e8niques a l&#8217;institut, realitzant i estrenant obres teatrals amb l&#8217;alumnat de batxillerat del centre. L&#8217;any 2001, el professor Grant inicia una col\u00b7laboraci\u00f3 amb el professor de m\u00fasica Andreu Dexeus, que durar\u00e0 fins la jubilaci\u00f3 del professor Grant el 2015. Durant aquest llarg per\u00edode, Grant i Dexeus realitzen moltes obres de teatre musical estrenades arreu. El curs 2007-2008 els dos professors dediquen el curs a dissenyar i escriure el curriculum d&#8217;Arts Esc\u00e8niques per als futurs estudis del Batxillerat d&#8217;Arts Esc\u00e8niques a Catalunya, i el curs 2008, l&#8217;institut \u00e9s un dels primers de Catalunya que imparteix aquesta nova via esc\u00e8nica del batxillerat d&#8217;arts. El duo Grant-Dexeus va ser molt prol\u00edfic durant aquells 15 anys de col\u00b7laboraci\u00f3 estreta, estrenant musicals cada any. Les estrenes es feien al Teatre Principal de Valls, i arreu de Catalunya, tot participant en les trobades  teatrals dels centres de secund\u00e0ria de Catalunya, fet que va portar a estrenar aquests musicals en molts i diferents teatres catalans. A continuaci\u00f3 podeu trobar tota la informaci\u00f3 referent a aquest per\u00edode.<\/p>\n\n\n\n<ul class=\"wp-block-list\">\n<li><a href=\"https:\/\/agora.xtec.cat\/iesnarcisoller\/projectes-dinnovacio-educativa\/teatre-i-musica-a-linstitut\/notes-de-premsa-arts-esceniques-a-linstitut\/\" data-type=\"page\" data-id=\"13206\">Notes de premsa<\/a><\/li>\n\n\n\n<li><a href=\"https:\/\/agora.xtec.cat\/iesnarcisoller\/projectes-dinnovacio-educativa\/teatre-i-musica-a-linstitut\/programes-de-ma-arts-esceniques-a-linstitut\/\" data-type=\"page\" data-id=\"13284\">Programes de m\u00e0<\/a><\/li>\n\n\n\n<li><a href=\"https:\/\/agora.xtec.cat\/iesnarcisoller\/projectes-dinnovacio-educativa\/teatre-i-musica-a-linstitut\/cartells-arts-esceniques-a-linstitut\/\" data-type=\"page\" data-id=\"13335\">Cartells<\/a><\/li>\n<\/ul>\n\n\n\n<p><\/p>\n","protected":false},"excerpt":{"rendered":"<p>Aqu\u00ed podreu trobar tot el material referent a l&#8217;activitat esc\u00e8nica de l&#8217;Institut Narc\u00eds Oller, des del curs 1986 fins el 2015. L&#8217;any 1986 el professor Jaume Grant (titular de Biologia i Geologia) i molt aficionat a les arts esc\u00e8niques, inicia el treball de les arts esc\u00e8niques a l&#8217;institut, realitzant i estrenant obres teatrals amb l&#8217;alumnat [&hellip;]<\/p>\n","protected":false},"author":1,"featured_media":0,"parent":664,"menu_order":0,"comment_status":"closed","ping_status":"close","template":"","meta":{"_bbp_topic_count":0,"_bbp_reply_count":0,"_bbp_total_topic_count":0,"_bbp_total_reply_count":0,"_bbp_voice_count":0,"_bbp_anonymous_reply_count":0,"_bbp_topic_count_hidden":0,"_bbp_reply_count_hidden":0,"_bbp_forum_subforum_count":0,"site-sidebar-layout":"default","site-content-layout":"","ast-site-content-layout":"default","site-content-style":"default","site-sidebar-style":"default","ast-global-header-display":"","ast-banner-title-visibility":"","ast-main-header-display":"","ast-hfb-above-header-display":"","ast-hfb-below-header-display":"","ast-hfb-mobile-header-display":"","site-post-title":"","ast-breadcrumbs-content":"","ast-featured-img":"","footer-sml-layout":"","theme-transparent-header-meta":"","adv-header-id-meta":"","stick-header-meta":"","header-above-stick-meta":"","header-main-stick-meta":"","header-below-stick-meta":"","astra-migrate-meta-layouts":"set","ast-page-background-enabled":"default","ast-page-background-meta":{"desktop":{"background-color":"var(--ast-global-color-4)","background-image":"","background-repeat":"repeat","background-position":"center center","background-size":"auto","background-attachment":"scroll","background-type":"","background-media":"","overlay-type":"","overlay-color":"","overlay-opacity":"","overlay-gradient":""},"tablet":{"background-color":"","background-image":"","background-repeat":"repeat","background-position":"center center","background-size":"auto","background-attachment":"scroll","background-type":"","background-media":"","overlay-type":"","overlay-color":"","overlay-opacity":"","overlay-gradient":""},"mobile":{"background-color":"","background-image":"","background-repeat":"repeat","background-position":"center center","background-size":"auto","background-attachment":"scroll","background-type":"","background-media":"","overlay-type":"","overlay-color":"","overlay-opacity":"","overlay-gradient":""}},"ast-content-background-meta":{"desktop":{"background-color":"var(--ast-global-color-5)","background-image":"","background-repeat":"repeat","background-position":"center center","background-size":"auto","background-attachment":"scroll","background-type":"","background-media":"","overlay-type":"","overlay-color":"","overlay-opacity":"","overlay-gradient":""},"tablet":{"background-color":"var(--ast-global-color-5)","background-image":"","background-repeat":"repeat","background-position":"center center","background-size":"auto","background-attachment":"scroll","background-type":"","background-media":"","overlay-type":"","overlay-color":"","overlay-opacity":"","overlay-gradient":""},"mobile":{"background-color":"var(--ast-global-color-5)","background-image":"","background-repeat":"repeat","background-position":"center center","background-size":"auto","background-attachment":"scroll","background-type":"","background-media":"","overlay-type":"","overlay-color":"","overlay-opacity":"","overlay-gradient":""}},"footnotes":""},"class_list":["post-13200","page","type-page","status-publish","hentry"],"post_mailing_queue_ids":[],"_links":{"self":[{"href":"https:\/\/agora.xtec.cat\/iesnarcisoller\/wp-json\/wp\/v2\/pages\/13200","targetHints":{"allow":["GET"]}}],"collection":[{"href":"https:\/\/agora.xtec.cat\/iesnarcisoller\/wp-json\/wp\/v2\/pages"}],"about":[{"href":"https:\/\/agora.xtec.cat\/iesnarcisoller\/wp-json\/wp\/v2\/types\/page"}],"author":[{"embeddable":true,"href":"https:\/\/agora.xtec.cat\/iesnarcisoller\/wp-json\/wp\/v2\/users\/1"}],"replies":[{"embeddable":true,"href":"https:\/\/agora.xtec.cat\/iesnarcisoller\/wp-json\/wp\/v2\/comments?post=13200"}],"version-history":[{"count":6,"href":"https:\/\/agora.xtec.cat\/iesnarcisoller\/wp-json\/wp\/v2\/pages\/13200\/revisions"}],"predecessor-version":[{"id":13388,"href":"https:\/\/agora.xtec.cat\/iesnarcisoller\/wp-json\/wp\/v2\/pages\/13200\/revisions\/13388"}],"up":[{"embeddable":true,"href":"https:\/\/agora.xtec.cat\/iesnarcisoller\/wp-json\/wp\/v2\/pages\/664"}],"wp:attachment":[{"href":"https:\/\/agora.xtec.cat\/iesnarcisoller\/wp-json\/wp\/v2\/media?parent=13200"}],"curies":[{"name":"wp","href":"https:\/\/api.w.org\/{rel}","templated":true}]}}