{"id":12037,"date":"2024-05-17T08:40:49","date_gmt":"2024-05-17T06:40:49","guid":{"rendered":"https:\/\/agora.xtec.cat\/iesnarcisoller\/?page_id=12037"},"modified":"2024-10-22T09:55:58","modified_gmt":"2024-10-22T07:55:58","slug":"centre-formador-master-universitari-de-formacio-del-professorat-de-secundaria-mufps","status":"publish","type":"page","link":"https:\/\/agora.xtec.cat\/iesnarcisoller\/projectes-dinnovacio-educativa\/centre-formador-master-universitari-de-formacio-del-professorat-de-secundaria-mufps\/","title":{"rendered":"M\u00e0ster Universitari de Formaci\u00f3 del Professorat de Secund\u00e0ria (MUFPS)"},"content":{"rendered":"<p style=\"text-align: center;\"><a href=\"https:\/\/agora.xtec.cat\/iesnarcisoller\/wp-content\/uploads\/usu162\/2024\/05\/Blue_and_Yellow_Elegant_Modern_Class_Academy_Logo__2_-removebg-preview.png\"><img loading=\"lazy\" decoding=\"async\" class=\" wp-image-12070 alignleft\" src=\"https:\/\/agora.xtec.cat\/iesnarcisoller\/wp-content\/uploads\/usu162\/2024\/05\/Blue_and_Yellow_Elegant_Modern_Class_Academy_Logo__2_-removebg-preview-300x300.png\" alt=\"\" width=\"283\" height=\"283\" srcset=\"https:\/\/agora.xtec.cat\/iesnarcisoller\/wp-content\/uploads\/usu162\/2024\/05\/Blue_and_Yellow_Elegant_Modern_Class_Academy_Logo__2_-removebg-preview-300x300.png 300w, https:\/\/agora.xtec.cat\/iesnarcisoller\/wp-content\/uploads\/usu162\/2024\/05\/Blue_and_Yellow_Elegant_Modern_Class_Academy_Logo__2_-removebg-preview-150x150.png 150w, https:\/\/agora.xtec.cat\/iesnarcisoller\/wp-content\/uploads\/usu162\/2024\/05\/Blue_and_Yellow_Elegant_Modern_Class_Academy_Logo__2_-removebg-preview.png 500w\" sizes=\"auto, (max-width: 283px) 100vw, 283px\" \/><\/a><\/p>\n<p><span style=\"font-weight: 400;\">L\u2019institut Narc\u00eds Oller sempre ha estat present en la formaci\u00f3 del nou professorat. Primerament, amb el Curs d\u2019Aptitud Pedag\u00f2gica (CAP) i, posteriorment, amb el M\u00e0ster de Formaci\u00f3 del Professorat. Actualment, participem en el programa d\u2019innovaci\u00f3 MUFPS des del curs 2019-20. Durant aquest temps, m\u00e9s de 80 alumnes en pr\u00e0ctiques han passat per les aules del nostre centre, realitzant l\u2019estada en ESO, BAT i Cicles Formatius.<\/span><\/p>\n<p><span style=\"font-weight: 400;\">El nostre Institut s\u2019ha convertit en un centre formador de refer\u00e8ncia a l\u2019Alt Camp i a la Conca de Barber\u00e0. Ser un centre que imparteix totes les modalitats de batxillerat permet disposar d\u2019una gran flexibilitat a l\u2019hora d\u2019acollir l\u2019alumnat provinent de diferents especialitats, tant de car\u00e0cter cient\u00edfic, human\u00edstic i art\u00edstic.\u00a0<\/span><\/p>\n<p>&nbsp;<\/p>\n<p><b>El nostre Institut es converteix en un nou concepte de centre formador que permet als estudiants:<\/b><\/p>\n<ul>\n<li aria-level=\"1\"><b>Pr\u00e0ctiques en el context de treball col\u00b7laboratiu del centre, amb la universitat i amb l\u2019entorn.<\/b><\/li>\n<\/ul>\n<ul>\n<li aria-level=\"1\"><b>Rol formador de tot l\u2019equip docent<\/b><\/li>\n<\/ul>\n<ul>\n<li aria-level=\"1\"><b>Guiatge del mentor\/a<\/b><\/li>\n<\/ul>\n<ul>\n<li aria-level=\"1\"><b>Implicaci\u00f3 de l\u2019estudiant<\/b><\/li>\n<\/ul>\n<ul>\n<li aria-level=\"1\"><b>Coordinaci\u00f3 amb el tutor de la Universitat<\/b><\/li>\n<\/ul>\n<p><b>La finalitat del programa d&#8217;innovaci\u00f3 pedag\u00f2gica de Pr\u00e0ctiques del M\u00e0ster Universitari de Formaci\u00f3 del Professorat d&#8217;educaci\u00f3 secund\u00e0ria obligat\u00f2ria i batxillerat, Formaci\u00f3 professional i Ensenyament d&#8217;idiomes <\/b><a href=\"https:\/\/projectes.xtec.cat\/centresformadors\/\"><b>(MUFPS<\/b><\/a><b>)<\/b> <span style=\"font-weight: 400;\">\u00e9s millorar i avan\u00e7ar en el model de pr\u00e0ctiques dels estudiants universitaris amb la implicaci\u00f3 directa de la universitat i del centre formador en relaci\u00f3 amb els aspectes qualitatius que caracteritzen la formaci\u00f3 inicial dels nous docents.<\/span><\/p>\n<p><span style=\"font-weight: 400;\">Els objectius del programa s\u00f3n els seg\u00fcents:<\/span><\/p>\n<ul>\n<li style=\"font-weight: 400;\" aria-level=\"1\"><span style=\"font-weight: 400;\">Assignar valor als centres formadors com a institucions clau en la formaci\u00f3 inicial de la funci\u00f3 docent.<\/span><\/li>\n<li style=\"font-weight: 400;\" aria-level=\"1\"><span style=\"font-weight: 400;\">Professionalitzar i recon\u00e8ixer la tasca d&#8217;acompanyament dels mentors de centre i dels tutors de les universitats.<\/span><\/li>\n<li style=\"font-weight: 400;\" aria-level=\"1\"><span style=\"font-weight: 400;\">Incorporar l&#8217;estudiant universitari al centre formador com a agent actiu que col\u00b7labora en el desenvolupament del projecte educatiu de centre, alhora que es retroalimenta per millorar el desenvolupament professional i personal.<\/span><\/li>\n<li style=\"font-weight: 400;\" aria-level=\"1\"><span style=\"font-weight: 400;\">Promoure la col\u00b7laboraci\u00f3 en projectes de recerca i de transformaci\u00f3 educativa entre les universitats i els centres formadors.<\/span><\/li>\n<\/ul>\n<p>&nbsp;<\/p>\n","protected":false},"excerpt":{"rendered":"<p>L\u2019institut Narc\u00eds Oller sempre ha estat present en la formaci\u00f3 del nou professorat. Primerament, amb el Curs d\u2019Aptitud Pedag\u00f2gica (CAP) i, posteriorment, amb el M\u00e0ster de Formaci\u00f3 del Professorat. Actualment, participem en el programa d\u2019innovaci\u00f3 MUFPS des del curs 2019-20. Durant aquest temps, m\u00e9s de 80 alumnes en pr\u00e0ctiques han passat per les aules del [&hellip;]<\/p>\n","protected":false},"author":1,"featured_media":0,"parent":664,"menu_order":2,"comment_status":"closed","ping_status":"closed","template":"page-templates\/side-menu.php","meta":{"_bbp_topic_count":0,"_bbp_reply_count":0,"_bbp_total_topic_count":0,"_bbp_total_reply_count":0,"_bbp_voice_count":0,"_bbp_anonymous_reply_count":0,"_bbp_topic_count_hidden":0,"_bbp_reply_count_hidden":0,"_bbp_forum_subforum_count":0,"site-sidebar-layout":"default","site-content-layout":"","ast-site-content-layout":"","site-content-style":"default","site-sidebar-style":"default","ast-global-header-display":"","ast-banner-title-visibility":"","ast-main-header-display":"","ast-hfb-above-header-display":"","ast-hfb-below-header-display":"","ast-hfb-mobile-header-display":"","site-post-title":"","ast-breadcrumbs-content":"","ast-featured-img":"","footer-sml-layout":"","theme-transparent-header-meta":"","adv-header-id-meta":"","stick-header-meta":"","header-above-stick-meta":"","header-main-stick-meta":"","header-below-stick-meta":"","astra-migrate-meta-layouts":"default","ast-page-background-enabled":"default","ast-page-background-meta":{"desktop":{"background-color":"var(--ast-global-color-4)","background-image":"","background-repeat":"repeat","background-position":"center center","background-size":"auto","background-attachment":"scroll","background-type":"","background-media":"","overlay-type":"","overlay-color":"","overlay-opacity":"","overlay-gradient":""},"tablet":{"background-color":"","background-image":"","background-repeat":"repeat","background-position":"center center","background-size":"auto","background-attachment":"scroll","background-type":"","background-media":"","overlay-type":"","overlay-color":"","overlay-opacity":"","overlay-gradient":""},"mobile":{"background-color":"","background-image":"","background-repeat":"repeat","background-position":"center center","background-size":"auto","background-attachment":"scroll","background-type":"","background-media":"","overlay-type":"","overlay-color":"","overlay-opacity":"","overlay-gradient":""}},"ast-content-background-meta":{"desktop":{"background-color":"var(--ast-global-color-5)","background-image":"","background-repeat":"repeat","background-position":"center center","background-size":"auto","background-attachment":"scroll","background-type":"","background-media":"","overlay-type":"","overlay-color":"","overlay-opacity":"","overlay-gradient":""},"tablet":{"background-color":"var(--ast-global-color-5)","background-image":"","background-repeat":"repeat","background-position":"center center","background-size":"auto","background-attachment":"scroll","background-type":"","background-media":"","overlay-type":"","overlay-color":"","overlay-opacity":"","overlay-gradient":""},"mobile":{"background-color":"var(--ast-global-color-5)","background-image":"","background-repeat":"repeat","background-position":"center center","background-size":"auto","background-attachment":"scroll","background-type":"","background-media":"","overlay-type":"","overlay-color":"","overlay-opacity":"","overlay-gradient":""}},"footnotes":""},"class_list":["post-12037","page","type-page","status-publish","hentry"],"post_mailing_queue_ids":[],"_links":{"self":[{"href":"https:\/\/agora.xtec.cat\/iesnarcisoller\/wp-json\/wp\/v2\/pages\/12037","targetHints":{"allow":["GET"]}}],"collection":[{"href":"https:\/\/agora.xtec.cat\/iesnarcisoller\/wp-json\/wp\/v2\/pages"}],"about":[{"href":"https:\/\/agora.xtec.cat\/iesnarcisoller\/wp-json\/wp\/v2\/types\/page"}],"author":[{"embeddable":true,"href":"https:\/\/agora.xtec.cat\/iesnarcisoller\/wp-json\/wp\/v2\/users\/1"}],"replies":[{"embeddable":true,"href":"https:\/\/agora.xtec.cat\/iesnarcisoller\/wp-json\/wp\/v2\/comments?post=12037"}],"version-history":[{"count":6,"href":"https:\/\/agora.xtec.cat\/iesnarcisoller\/wp-json\/wp\/v2\/pages\/12037\/revisions"}],"predecessor-version":[{"id":12076,"href":"https:\/\/agora.xtec.cat\/iesnarcisoller\/wp-json\/wp\/v2\/pages\/12037\/revisions\/12076"}],"up":[{"embeddable":true,"href":"https:\/\/agora.xtec.cat\/iesnarcisoller\/wp-json\/wp\/v2\/pages\/664"}],"wp:attachment":[{"href":"https:\/\/agora.xtec.cat\/iesnarcisoller\/wp-json\/wp\/v2\/media?parent=12037"}],"curies":[{"name":"wp","href":"https:\/\/api.w.org\/{rel}","templated":true}]}}