{"id":19,"date":"2014-09-17T14:56:56","date_gmt":"2014-09-17T14:56:56","guid":{"rendered":"http:\/\/agora.xtec.cat\/iesnarcismonturiol\/?page_id=19"},"modified":"2021-04-20T18:28:55","modified_gmt":"2021-04-20T16:28:55","slug":"linstitut","status":"publish","type":"page","link":"https:\/\/agora.xtec.cat\/iesnarcismonturiol\/linstitut\/","title":{"rendered":"L&#8217;institut"},"content":{"rendered":"<p>L\u2019Institut Narc\u00eds Monturiol situat al districte d\u2019Horta-Guinard\u00f3 \u00e9s un centre relativament petit: s\u2019imparteix els estudis d\u2019ESO i Batxillerat:<br \/>\nDues l\u00ednies per a cada grup de l\u2019ESO amb diferents estrat\u00e8gies organitzatives.<br \/>\nDos grups de 1r de Batxillerat i dos grups de 2n de Batxillerat, de les modalitats: cient\u00edfico-tecnol\u00f2gica, ci\u00e8ncies de la natura i la salut, humanitats i ci\u00e8ncies socials.<br \/>\nLa plantilla actual \u00e9s de 40 docents i 6 persones en administraci\u00f3 i serveis.<br \/>\nAquestes dimensions tan abastables fan que el coneixement entre tot l\u2019\u00e0mbit educatiu sigui possible i faciliten la coordinaci\u00f3 del professorat i la relaci\u00f3 d\u2019aquest amb l\u2019alumnat, ja que el tracte \u00e9s m\u00e9s directe i m\u00e9s personalitzat. En definitiva, la implicaci\u00f3 de tothom amb el Centre \u00e9s m\u00e9s gran.<\/p>\n<p>&nbsp;<\/p>\n<p>&nbsp;<\/p>\n<p style=\"color: #444444;\">Aquesta secci\u00f3\u00a0pot contenir\u00a0totes les p\u00e0gines necess\u00e0ries per a oferir una descripci\u00f3 general de l\u2019institut: ubicaci\u00f3, hist\u00f2ria, instal\u00b7lacions, equip docent, consell escolar, pla de qualitat, calendari, salut, informacions pr\u00e0ctiques, normativa\u2026<\/p>\n<p style=\"color: #444444;\">En la maqueta inicial s\u2019inclouen algunes d\u2019aquestes p\u00e0gines amb contingut simulat. L\u2019administrador\/a pot\u00a0editar-les,\u00a0eliminar-les o crear-ne de noves des del tauler. \u00c9s important que\u00a0a la caixa\u00a0<em>Atributs\u00a0de la p\u00e0gina<\/em>\u00a0hi consti com a\u00a0<em>pare\/mare<\/em>\u00a0la p\u00e0gina \u201c<em>L\u2019institut<\/em>\u201c, i que tinguin\u00a0seleccionada la plantilla \u201c<em>Men\u00fa lateral<\/em>\u201c.<\/p>\n","protected":false},"excerpt":{"rendered":"<p>L\u2019Institut Narc\u00eds Monturiol situat al districte d\u2019Horta-Guinard\u00f3 \u00e9s un centre relativament petit: s\u2019imparteix els estudis d\u2019ESO i Batxillerat:<br \/>\nDues l\u00ednies per a cada grup de l\u2019ESO amb diferents estrat\u00e8gies organitzatives.<br \/>\nDos grups de 1r de Batxillerat i dos grups de 2n de Batxillerat, de les modalitats: cient\u00edfico-tecnol\u00f2gica,&hellip;  <a href=\"https:\/\/agora.xtec.cat\/iesnarcismonturiol\/linstitut\/\" title=\"Read L&#8217;institut\">Llegeix m\u00e9s\u00bb<\/a><\/p>\n","protected":false},"author":1,"featured_media":0,"parent":0,"menu_order":0,"comment_status":"closed","ping_status":"closed","template":"page-templates\/side-menu.php","meta":{"_bbp_topic_count":0,"_bbp_reply_count":0,"_bbp_total_topic_count":0,"_bbp_total_reply_count":0,"_bbp_voice_count":0,"_bbp_anonymous_reply_count":0,"_bbp_topic_count_hidden":0,"_bbp_reply_count_hidden":0,"_bbp_forum_subforum_count":0,"footnotes":""},"class_list":["post-19","page","type-page","status-publish","hentry"],"post_mailing_queue_ids":[],"_links":{"self":[{"href":"https:\/\/agora.xtec.cat\/iesnarcismonturiol\/wp-json\/wp\/v2\/pages\/19","targetHints":{"allow":["GET"]}}],"collection":[{"href":"https:\/\/agora.xtec.cat\/iesnarcismonturiol\/wp-json\/wp\/v2\/pages"}],"about":[{"href":"https:\/\/agora.xtec.cat\/iesnarcismonturiol\/wp-json\/wp\/v2\/types\/page"}],"author":[{"embeddable":true,"href":"https:\/\/agora.xtec.cat\/iesnarcismonturiol\/wp-json\/wp\/v2\/users\/1"}],"replies":[{"embeddable":true,"href":"https:\/\/agora.xtec.cat\/iesnarcismonturiol\/wp-json\/wp\/v2\/comments?post=19"}],"version-history":[{"count":1,"href":"https:\/\/agora.xtec.cat\/iesnarcismonturiol\/wp-json\/wp\/v2\/pages\/19\/revisions"}],"predecessor-version":[{"id":499,"href":"https:\/\/agora.xtec.cat\/iesnarcismonturiol\/wp-json\/wp\/v2\/pages\/19\/revisions\/499"}],"wp:attachment":[{"href":"https:\/\/agora.xtec.cat\/iesnarcismonturiol\/wp-json\/wp\/v2\/media?parent=19"}],"curies":[{"name":"wp","href":"https:\/\/api.w.org\/{rel}","templated":true}]}}

<p>L’Institut Narcís Monturiol situat al districte d’Horta-Guinardó és un centre relativament petit: s’imparteix els estudis d’ESO i Batxillerat:<br />
Dues línies per a cada grup de l’ESO amb diferents estratègies organitzatives.<br />
Dos grups de 1r de Batxillerat i dos grups de 2n de Batxillerat, de les modalitats: científico-tecnològica, ciències de la natura i la salut, humanitats i ciències socials.<br />
La plantilla actual és de 40 docents i 6 persones en administració i serveis.<br />
Aquestes dimensions tan abastables fan que el coneixement entre tot l’àmbit educatiu sigui possible i faciliten la coordinació del professorat i la relació d’aquest amb l’alumnat, ja que el tracte és més directe i més personalitzat. En definitiva, la implicació de tothom amb el Centre és més gran.</p>
<p>&nbsp;</p>
<p>&nbsp;</p>
<p style="color: #444444;">Aquesta secció pot contenir totes les pàgines necessàries per a oferir una descripció general de l’institut: ubicació, història, instal·lacions, equip docent, consell escolar, pla de qualitat, calendari, salut, informacions pràctiques, normativa…</p>
<p style="color: #444444;">En la maqueta inicial s’inclouen algunes d’aquestes pàgines amb contingut simulat. L’administrador/a pot editar-les, eliminar-les o crear-ne de noves des del tauler. És important que a la caixa <em>Atributs de la pàgina</em> hi consti com a <em>pare/mare</em> la pàgina “<em>L’institut</em>“, i que tinguin seleccionada la plantilla “<em>Menú lateral</em>“.</p>

<p>L’Institut Narcís Monturiol situat al districte d’Horta-Guinardó és un centre relativament petit: s’imparteix els estudis d’ESO i Batxillerat:<br />
Dues línies per a cada grup de l’ESO amb diferents estratègies organitzatives.<br />
Dos grups de 1r de Batxillerat i dos grups de 2n de Batxillerat, de les modalitats: científico-tecnològica,&hellip;  <a href="https://agora.xtec.cat/iesnarcismonturiol/linstitut/" title="Read L&#8217;institut">Llegeix més»</a></p>
