{"id":46,"date":"2014-09-17T16:53:45","date_gmt":"2014-09-17T16:53:45","guid":{"rendered":"http:\/\/agora.xtec.cat\/iesmvm\/?page_id=46"},"modified":"2024-02-18T21:15:00","modified_gmt":"2024-02-18T20:15:00","slug":"organigrama","status":"publish","type":"page","link":"https:\/\/agora.xtec.cat\/iesmvm\/linstitut\/organigrama\/","title":{"rendered":"Organigrama"},"content":{"rendered":"<p>Organitzaci\u00f3 interna de l&#8217;institut 2023-2024<\/p>\n<ul>\n<li><strong>C\u00e0rrecs directius:<\/strong><\/li>\n<\/ul>\n<table style=\"width: 57.4897%;\">\n<tbody>\n<tr>\n<td style=\"width: 37.4741%;\"><strong>C\u00e9sar Caparr\u00f3s<\/strong><\/td>\n<td style=\"width: 81.1666%;\">Director<\/td>\n<\/tr>\n<tr>\n<td style=\"width: 37.4741%;\"><strong>Joan Francesc Accensi<\/strong><\/td>\n<td style=\"width: 81.1666%;\">Cap d&#8217;Estudis<\/td>\n<\/tr>\n<tr>\n<td style=\"width: 37.4741%;\"><strong>Joan Montedeoca<\/strong><\/td>\n<td style=\"width: 81.1666%;\">Secretari<\/td>\n<\/tr>\n<tr>\n<td style=\"width: 37.4741%;\"><strong>Roc\u00edo Le\u00f3n<br \/>\n<\/strong><\/td>\n<td style=\"width: 81.1666%;\">Coordinadora Pedag\u00f2gic<\/td>\n<\/tr>\n<\/tbody>\n<\/table>\n<ul>\n<li><strong>C\u00e0rrecs de coordinaci\u00f3:<\/strong><\/li>\n<\/ul>\n<table style=\"width: 57.5135%; height: 462px;\">\n<tbody>\n<tr style=\"height: 33px;\">\n<td style=\"width: 36.4764%; height: 33px;\"><strong>Ram\u00f3n Rodr\u00edguez<\/strong><\/td>\n<td style=\"width: 82.2213%; height: 33px;\">Coordinaci\u00f3 de Batxillerat<\/td>\n<\/tr>\n<tr style=\"height: 33px;\">\n<td style=\"width: 36.4764%; height: 33px;\"><strong>Helena Cherta<br \/>\n<\/strong><\/td>\n<td style=\"width: 82.2213%; height: 33px;\">Coordinaci\u00f3 1 ESO<\/td>\n<\/tr>\n<tr style=\"height: 33px;\">\n<td style=\"width: 36.4764%; height: 33px;\"><strong>N\u00faria \u00c1lvarez<br \/>\n<\/strong><\/td>\n<td style=\"width: 82.2213%; height: 33px;\">Coordinaci\u00f3 2 ESO<\/td>\n<\/tr>\n<tr style=\"height: 33px;\">\n<td style=\"width: 36.4764%; height: 33px;\"><strong>Angelina Carreras<\/strong><\/td>\n<td style=\"width: 82.2213%; height: 33px;\">Coordinaci\u00f3 3 ESO<\/td>\n<\/tr>\n<tr style=\"height: 33px;\">\n<td style=\"width: 36.4764%; height: 33px;\"><strong>Aina Coll<br \/>\n<\/strong><\/td>\n<td style=\"width: 82.2213%; height: 33px;\">Coordinaci\u00f3 4 ESO<\/td>\n<\/tr>\n<tr style=\"height: 33px;\">\n<td style=\"width: 36.4764%; height: 33px;\"><strong>Francesc Juanico<br \/>\n<\/strong><\/td>\n<td style=\"width: 82.2213%; height: 33px;\">Coordinaci\u00f3 Formaci\u00f3 en Centres de Treball<\/td>\n<\/tr>\n<tr style=\"height: 33px;\">\n<td style=\"width: 36.4764%; height: 33px;\"><strong>Txus Molina<\/strong><\/td>\n<td style=\"width: 82.2213%; height: 33px;\">Coordinaci\u00f3 d&#8217;Activitats Culturals i Sortides<\/td>\n<\/tr>\n<tr style=\"height: 33px;\">\n<td style=\"width: 36.4764%; height: 33px;\"><strong>Raimon Folch<\/strong><\/td>\n<td style=\"width: 82.2213%; height: 33px;\">Coordinaci\u00f3 d&#8217;Inform\u00e0tica<\/td>\n<\/tr>\n<tr style=\"height: 33px;\">\n<td style=\"width: 36.4764%; height: 33px;\"><strong>Francesc Juanico<\/strong><\/td>\n<td style=\"width: 82.2213%; height: 33px;\">Coordinaci\u00f3 de Prevenci\u00f3 de Riscos Laborals<\/td>\n<\/tr>\n<tr style=\"height: 33px;\">\n<td style=\"width: 36.4764%; height: 33px;\"><strong>Maite Sabat\u00e9<br \/>\n<\/strong><\/td>\n<td style=\"width: 82.2213%; height: 33px;\">Coordinaci\u00f3 LIC i GEP<\/td>\n<\/tr>\n<tr style=\"height: 33px;\">\n<td style=\"width: 36.4764%; height: 33px;\"><strong>Francesc Juanico<br \/>\n<\/strong><\/td>\n<td style=\"width: 82.2213%; height: 33px;\">Coordinaci\u00f3 Formaci\u00f3 Dual<\/td>\n<\/tr>\n<tr style=\"height: 33px;\">\n<td style=\"width: 36.4764%; height: 33px;\"><strong>M\u00f2nica L\u00f3pez<\/strong><\/td>\n<td style=\"width: 82.2213%; height: 33px;\">Tutora d&#8217;Aula d&#8217;Acollida<\/td>\n<\/tr>\n<\/tbody>\n<\/table>\n<ul>\n<li><strong>Caps de Departament<br \/>\n<\/strong><\/li>\n<\/ul>\n<table style=\"width: 486px;\">\n<tbody>\n<tr>\n<td style=\"width: 170.683px;\"><strong>Rosal\u00eda Delgado<br \/>\n<\/strong><\/td>\n<td style=\"width: 307.983px;\">Llengua i literatura castellana<\/td>\n<\/tr>\n<tr>\n<td style=\"width: 170.683px;\"><strong>Maite Sabat\u00e9<br \/>\n<\/strong><\/td>\n<td style=\"width: 307.983px;\">Llengua i literatura catalana<\/td>\n<\/tr>\n<tr>\n<td style=\"width: 170.683px;\"><strong>Marc Codina<br \/>\n<\/strong><\/td>\n<td style=\"width: 307.983px;\">Ci\u00e8ncies de la Naturalesa<\/td>\n<\/tr>\n<tr>\n<td style=\"width: 170.683px;\"><strong>Yolanda Navarro<br \/>\n<\/strong><\/td>\n<td style=\"width: 307.983px;\">Ci\u00e8ncies socials<\/td>\n<\/tr>\n<tr>\n<td style=\"width: 170.683px;\"><strong>Elena Mora<br \/>\n<\/strong><\/td>\n<td style=\"width: 307.983px;\">Educaci\u00f3 f\u00edsica<\/td>\n<\/tr>\n<tr>\n<td style=\"width: 170.683px;\"><strong>Sam Vila<br \/>\n<\/strong><\/td>\n<td style=\"width: 307.983px;\">Lleng\u00fces estrangeres<\/td>\n<\/tr>\n<tr>\n<td style=\"width: 170.683px;\"><strong>Miquel Santos<br \/>\n<\/strong><\/td>\n<td style=\"width: 307.983px;\">Matem\u00e0tiques<\/td>\n<\/tr>\n<tr>\n<td style=\"width: 170.683px;\"><strong>Txus Molina<br \/>\n<\/strong><\/td>\n<td style=\"width: 307.983px;\">Educaci\u00f3 Art\u00edstica (EVP + M\u00fasica)<\/td>\n<\/tr>\n<tr>\n<td style=\"width: 170.683px;\"><strong>Josep G\u00f3mez<br \/>\n<\/strong><\/td>\n<td style=\"width: 307.983px;\">Orientaci\u00f3 Educativa<\/td>\n<\/tr>\n<tr>\n<td style=\"width: 170.683px;\"><strong>Raquel Vallejo<br \/>\n<\/strong><\/td>\n<td style=\"width: 307.983px;\">Tecnologia<\/td>\n<\/tr>\n<tr>\n<td style=\"width: 170.683px;\"><strong>Miguel \u00c1ngel Baeza<\/strong><\/td>\n<td style=\"width: 307.983px;\">Formaci\u00f3 Professional<\/td>\n<\/tr>\n<\/tbody>\n<\/table>\n<p>&nbsp;<\/p>\n","protected":false},"excerpt":{"rendered":"<p>Organitzaci\u00f3 interna de l&#8217;institut 2023-2024 C\u00e0rrecs directius: C\u00e9sar Caparr\u00f3s Director Joan Francesc Accensi Cap d&#8217;Estudis Joan Montedeoca Secretari Roc\u00edo Le\u00f3n Coordinadora Pedag\u00f2gic C\u00e0rrecs de coordinaci\u00f3: Ram\u00f3n Rodr\u00edguez Coordinaci\u00f3 de Batxillerat Helena Cherta Coordinaci\u00f3 1 ESO N\u00faria \u00c1lvarez Coordinaci\u00f3 2 ESO Angelina Carreras Coordinaci\u00f3 3 ESO Aina Coll Coordinaci\u00f3 4 ESO Francesc Juanico Coordinaci\u00f3 Formaci\u00f3 en [&hellip;]<\/p>\n","protected":false},"author":1,"featured_media":0,"parent":19,"menu_order":50,"comment_status":"closed","ping_status":"closed","template":"page-templates\/side-menu.php","meta":{"_bbp_topic_count":0,"_bbp_reply_count":0,"_bbp_total_topic_count":0,"_bbp_total_reply_count":0,"_bbp_voice_count":0,"_bbp_anonymous_reply_count":0,"_bbp_topic_count_hidden":0,"_bbp_reply_count_hidden":0,"_bbp_forum_subforum_count":0,"site-sidebar-layout":"default","site-content-layout":"","ast-site-content-layout":"","site-content-style":"default","site-sidebar-style":"default","ast-global-header-display":"","ast-banner-title-visibility":"","ast-main-header-display":"","ast-hfb-above-header-display":"","ast-hfb-below-header-display":"","ast-hfb-mobile-header-display":"","site-post-title":"","ast-breadcrumbs-content":"","ast-featured-img":"","footer-sml-layout":"","theme-transparent-header-meta":"","adv-header-id-meta":"","stick-header-meta":"","header-above-stick-meta":"","header-main-stick-meta":"","header-below-stick-meta":"","astra-migrate-meta-layouts":"default","ast-page-background-enabled":"default","ast-page-background-meta":{"desktop":{"background-color":"var(--ast-global-color-4)","background-image":"","background-repeat":"repeat","background-position":"center center","background-size":"auto","background-attachment":"scroll","background-type":"","background-media":"","overlay-type":"","overlay-color":"","overlay-opacity":"","overlay-gradient":""},"tablet":{"background-color":"","background-image":"","background-repeat":"repeat","background-position":"center center","background-size":"auto","background-attachment":"scroll","background-type":"","background-media":"","overlay-type":"","overlay-color":"","overlay-opacity":"","overlay-gradient":""},"mobile":{"background-color":"","background-image":"","background-repeat":"repeat","background-position":"center center","background-size":"auto","background-attachment":"scroll","background-type":"","background-media":"","overlay-type":"","overlay-color":"","overlay-opacity":"","overlay-gradient":""}},"ast-content-background-meta":{"desktop":{"background-color":"var(--ast-global-color-5)","background-image":"","background-repeat":"repeat","background-position":"center center","background-size":"auto","background-attachment":"scroll","background-type":"","background-media":"","overlay-type":"","overlay-color":"","overlay-opacity":"","overlay-gradient":""},"tablet":{"background-color":"var(--ast-global-color-5)","background-image":"","background-repeat":"repeat","background-position":"center center","background-size":"auto","background-attachment":"scroll","background-type":"","background-media":"","overlay-type":"","overlay-color":"","overlay-opacity":"","overlay-gradient":""},"mobile":{"background-color":"var(--ast-global-color-5)","background-image":"","background-repeat":"repeat","background-position":"center center","background-size":"auto","background-attachment":"scroll","background-type":"","background-media":"","overlay-type":"","overlay-color":"","overlay-opacity":"","overlay-gradient":""}},"footnotes":""},"class_list":["post-46","page","type-page","status-publish","hentry"],"post_mailing_queue_ids":[],"_links":{"self":[{"href":"https:\/\/agora.xtec.cat\/iesmvm\/wp-json\/wp\/v2\/pages\/46","targetHints":{"allow":["GET"]}}],"collection":[{"href":"https:\/\/agora.xtec.cat\/iesmvm\/wp-json\/wp\/v2\/pages"}],"about":[{"href":"https:\/\/agora.xtec.cat\/iesmvm\/wp-json\/wp\/v2\/types\/page"}],"author":[{"embeddable":true,"href":"https:\/\/agora.xtec.cat\/iesmvm\/wp-json\/wp\/v2\/users\/1"}],"replies":[{"embeddable":true,"href":"https:\/\/agora.xtec.cat\/iesmvm\/wp-json\/wp\/v2\/comments?post=46"}],"version-history":[{"count":8,"href":"https:\/\/agora.xtec.cat\/iesmvm\/wp-json\/wp\/v2\/pages\/46\/revisions"}],"predecessor-version":[{"id":3554,"href":"https:\/\/agora.xtec.cat\/iesmvm\/wp-json\/wp\/v2\/pages\/46\/revisions\/3554"}],"up":[{"embeddable":true,"href":"https:\/\/agora.xtec.cat\/iesmvm\/wp-json\/wp\/v2\/pages\/19"}],"wp:attachment":[{"href":"https:\/\/agora.xtec.cat\/iesmvm\/wp-json\/wp\/v2\/media?parent=46"}],"curies":[{"name":"wp","href":"https:\/\/api.w.org\/{rel}","templated":true}]}}