{"id":4209,"date":"2026-02-09T11:33:43","date_gmt":"2026-02-09T10:33:43","guid":{"rendered":"https:\/\/agora.xtec.cat\/iesmvm\/?page_id=4209"},"modified":"2026-02-19T16:17:57","modified_gmt":"2026-02-19T15:17:57","slug":"google-workspace-i-classroom","status":"publish","type":"page","link":"https:\/\/agora.xtec.cat\/iesmvm\/google-workspace-i-classroom\/","title":{"rendered":"Moodle, Google Workspace i Microsoft 365"},"content":{"rendered":"<div class=\"flex flex-col text-sm pb-25\">\n<article class=\"text-token-text-primary w-full focus:outline-none [--shadow-height:45px] has-data-writing-block:pointer-events-none has-data-writing-block:-mt-(--shadow-height) has-data-writing-block:pt-(--shadow-height) [&amp;:has([data-writing-block])&gt;*]:pointer-events-auto scroll-mt-[calc(var(--header-height)+min(200px,max(70px,20svh)))]\" dir=\"auto\" tabindex=\"-1\" data-turn-id=\"request-WEB:446eaad2-596f-4d86-9d2f-f87681001d33-18\" data-testid=\"conversation-turn-38\" data-scroll-anchor=\"true\" data-turn=\"assistant\">\n<div class=\"text-base my-auto mx-auto pb-10 [--thread-content-margin:--spacing(4)] @w-sm\/main:[--thread-content-margin:--spacing(6)] @w-lg\/main:[--thread-content-margin:--spacing(16)] px-(--thread-content-margin)\">\n<div class=\"[--thread-content-max-width:40rem] @w-lg\/main:[--thread-content-max-width:48rem] mx-auto max-w-(--thread-content-max-width) flex-1 group\/turn-messages focus-visible:outline-hidden relative flex w-full min-w-0 flex-col agent-turn\" tabindex=\"-1\">\n<div class=\"flex max-w-full flex-col grow\">\n<div class=\"min-h-8 text-message relative flex w-full flex-col items-end gap-2 text-start break-words whitespace-normal [.text-message+&amp;]:mt-1\" dir=\"auto\" data-message-author-role=\"assistant\" data-message-id=\"1c1f5780-1bd7-4c8c-b42d-c45621d521f0\" data-message-model-slug=\"gpt-5-2\">\n<div class=\"flex w-full flex-col gap-1 empty:hidden first:pt-[1px]\">\n<div class=\"markdown prose dark:prose-invert w-full wrap-break-word light markdown-new-styling\">\n<h2 data-start=\"298\" data-end=\"338\">Acc\u00e9s als serveis digitals del centre<\/h2>\n<p data-start=\"340\" data-end=\"468\">El professorat disposa d\u2019un compte corporatiu que permet utilitzar els serveis de <strong data-start=\"422\" data-end=\"456\">Google Workspace for Education<\/strong> del centre.<\/p>\n<p data-start=\"470\" data-end=\"505\">Amb aquest compte es pot accedir a:<\/p>\n<ul data-start=\"507\" data-end=\"728\">\n<li data-start=\"507\" data-end=\"543\">\n<p data-start=\"509\" data-end=\"543\"><strong data-start=\"509\" data-end=\"541\">Correu electr\u00f2nic corporatiu<\/strong><\/p>\n<\/li>\n<li data-start=\"544\" data-end=\"603\">\n<p data-start=\"546\" data-end=\"603\"><strong data-start=\"546\" data-end=\"562\">Google Drive<\/strong> per emmagatzemar i compartir documents.<\/p>\n<\/li>\n<li data-start=\"604\" data-end=\"668\">\n<p data-start=\"606\" data-end=\"668\"><strong data-start=\"606\" data-end=\"626\">Google Classroom<\/strong> per gestionar l\u2019activitat amb l\u2019alumnat.<\/p>\n<\/li>\n<li data-start=\"669\" data-end=\"728\">\n<p data-start=\"671\" data-end=\"728\">Altres eines educatives associades al domini del centre<\/p>\n<\/li>\n<\/ul>\n<p data-start=\"730\" data-end=\"748\">L\u2019acc\u00e9s es fa amb:<\/p>\n<ul data-start=\"750\" data-end=\"850\">\n<li data-start=\"750\" data-end=\"794\">\n<p data-start=\"752\" data-end=\"794\"><strong data-start=\"752\" data-end=\"763\">Usuari:<\/strong> l&#8217;usuari \u00e9s el mateix que el de Xtec, per\u00f2 el domini \u00e9s: @institutmvm.cat. En el moment de la teva incorporaci\u00f3 al centre, se&#8217;t va enviar un correu amb les credencials.<\/p>\n<\/li>\n<li data-start=\"795\" data-end=\"850\">\n<p data-start=\"797\" data-end=\"850\"><strong data-start=\"797\" data-end=\"813\">Contrasenya:<\/strong> la contrasenya associada al compte que se&#8217;t va proporcionar en el correu esmentat anteriorment i que l&#8217;haur\u00e0s de canviar.<\/p>\n<\/li>\n<\/ul>\n<p>&nbsp;<\/p>\n<hr data-start=\"852\" data-end=\"855\" \/>\n<h2 data-start=\"857\" data-end=\"881\">Moodle de centre<\/h2>\n<p>L&#8217;institut disposa de la plataforma Moodle proporcionada pel Departament on pots posar els teus cursos, avaluar els estudiants, fer el seguiment de les pr\u00e0ctiques, afegir activitats i q\u00fcestionaris, etc.<\/p>\n<p>L&#8217;enlla\u00e7 al nostre Moodle \u00e9s: <a href=\"https:\/\/educaciodigital.cat\/iesmvm\/moodle\/\">https:\/\/educaciodigital.cat\/iesmvm\/moodle\/<\/a><\/p>\n<p>Si vols utilitzar-lo, llegeix la guia pas a pas per poder comen\u00e7ar a treballar amb Moodle. [<a href=\"https:\/\/docs.google.com\/document\/d\/1KYbcHAUObDYD1EyPic6yfJHnBiwaSkmJJodSmpcieiw\/edit?usp=sharing\">Guia pas a pas per utilitzar el Moodle de centre.<\/a>]<\/p>\n<p>&nbsp;<\/p>\n<hr data-start=\"852\" data-end=\"855\" \/>\n<h2 data-start=\"857\" data-end=\"881\">Microsoft 365 &#8211; OneDrive!<\/h2>\n<p>El Departament posa a disposici\u00f3 del professorat les seg\u00fcents eines al n\u00favol de Microsoft per tal de millorar la productivitat:<\/p>\n<ul>\n<li>Word<\/li>\n<li>Excel<\/li>\n<li>PowerPoint<\/li>\n<li>Visio<\/li>\n<li>OneDrive<\/li>\n<\/ul>\n<p>Des de la coordinaci\u00f3 inform\u00e0tica del centre volem emfasitzar l&#8217;eina OneDrive que us permetr\u00e0 tenir una c\u00f2pia al n\u00favol de les dades que tingueu en el vostre port\u00e0til docent. Consulteu el manual per tenir informaci\u00f3 m\u00e9s precisa.<\/p>\n<p><a href=\"https:\/\/docs.google.com\/document\/d\/1E_-zMg4mIb1ScL1t7sKF8XmUwD6sx8ln5VUBrn7TVRY\/edit?usp=sharing\">Acc\u00e9s al manual d&#8217;instal\u00b7laci\u00f3 de OneDrive al port\u00e0til docent.<\/a><\/p>\n<p>&nbsp;<\/p>\n<hr data-start=\"852\" data-end=\"855\" \/>\n<h2 data-start=\"857\" data-end=\"881\">Bones pr\u00e0ctiques d\u2019\u00fas<\/h2>\n<p data-start=\"883\" data-end=\"942\">Per garantir un funcionament correcte i segur, es recomana:<\/p>\n<ul data-start=\"944\" data-end=\"1238\">\n<li data-start=\"944\" data-end=\"1012\">\n<p data-start=\"946\" data-end=\"1012\">Utilitzar sempre el <strong data-start=\"966\" data-end=\"987\">compte corporatiu<\/strong> per a la tasca docent.<\/p>\n<\/li>\n<li data-start=\"1013\" data-end=\"1093\">\n<p data-start=\"1015\" data-end=\"1093\">Evitar compartir documents amb comptes personals externs si no \u00e9s necessari.<\/p>\n<\/li>\n<li data-start=\"1094\" data-end=\"1175\">\n<p data-start=\"1096\" data-end=\"1175\">Revisar els <strong data-start=\"1108\" data-end=\"1135\">permisos de compartici\u00f3<\/strong> abans d\u2019enviar materials a l\u2019alumnat.<\/p>\n<\/li>\n<li data-start=\"1176\" data-end=\"1238\">\n<p data-start=\"1178\" data-end=\"1238\">Mantenir organitzat el contingut de <strong data-start=\"1214\" data-end=\"1223\">Drive<\/strong> en carpetes.<\/p>\n<\/li>\n<\/ul>\n<hr data-start=\"1240\" data-end=\"1243\" \/>\n<h2 data-start=\"1245\" data-end=\"1264\">Google Classroom<\/h2>\n<p data-start=\"1266\" data-end=\"1307\">Google Classroom \u00e9s l\u2019eina principal (per\u00f2 no l&#8217;\u00fanica) per:<\/p>\n<ul data-start=\"1309\" data-end=\"1409\">\n<li data-start=\"1309\" data-end=\"1342\">\n<p data-start=\"1311\" data-end=\"1342\">Publicar materials i tasques.<\/p>\n<\/li>\n<li data-start=\"1343\" data-end=\"1374\">\n<p data-start=\"1345\" data-end=\"1374\">Comunicar-se amb l\u2019alumnat.<\/p>\n<\/li>\n<li data-start=\"1375\" data-end=\"1409\">\n<p data-start=\"1377\" data-end=\"1409\">Recollir i avaluar activitats.<\/p>\n<\/li>\n<\/ul>\n<p data-start=\"1411\" data-end=\"1437\">Per crear una classe nova:<\/p>\n<ol data-start=\"1439\" data-end=\"1590\">\n<li data-start=\"1439\" data-end=\"1505\">\n<p data-start=\"1442\" data-end=\"1505\">Accedeix a <strong data-start=\"1453\" data-end=\"1477\">classroom.google.com<\/strong> amb el compte corporatiu.<\/p>\n<\/li>\n<li data-start=\"1506\" data-end=\"1544\">\n<p data-start=\"1509\" data-end=\"1544\">Fes clic a <strong data-start=\"1520\" data-end=\"1541\">\u201cCrea una classe\u201d<\/strong>.<\/p>\n<\/li>\n<li data-start=\"1545\" data-end=\"1590\">\n<p data-start=\"1548\" data-end=\"1590\">Introdueix el nom del grup i la mat\u00e8ria.<\/p>\n<\/li>\n<\/ol>\n<hr data-start=\"1592\" data-end=\"1595\" \/>\n<h2 data-start=\"1597\" data-end=\"1629\">Llistats d\u2019alumnat dels grups<\/h2>\n<p data-start=\"1631\" data-end=\"1767\">El professorat pot consultar el <strong data-start=\"1663\" data-end=\"1722\">llistat d\u2019alumnes dels grups als quals imparteix classe<\/strong> mitjan\u00e7ant els <strong data-start=\"1738\" data-end=\"1755\">Google Groups<\/strong> del centre.<\/p>\n<p data-start=\"1769\" data-end=\"1792\">Aquests grups permeten:<\/p>\n<ul data-start=\"1794\" data-end=\"1997\">\n<li data-start=\"1794\" data-end=\"1856\">\n<p data-start=\"1796\" data-end=\"1856\">Disposar del correu electr\u00f2nic de tot l\u2019alumnat d\u2019un grup.<\/p>\n<\/li>\n<li data-start=\"1857\" data-end=\"1909\">\n<p data-start=\"1859\" data-end=\"1909\">Enviar comunicacions conjuntes de manera r\u00e0pida.<\/p>\n<\/li>\n<li data-start=\"1910\" data-end=\"1997\">\n<p data-start=\"1912\" data-end=\"1997\">Utilitzar els grups com a destinataris en <strong data-start=\"1954\" data-end=\"1994\">Drive, Classroom o correu electr\u00f2nic<\/strong>.<\/p>\n<\/li>\n<\/ul>\n<p data-start=\"1999\" data-end=\"2035\">Per consultar els grups disponibles:<\/p>\n<ol data-start=\"2037\" data-end=\"2208\">\n<li data-start=\"2037\" data-end=\"2100\">\n<p data-start=\"2040\" data-end=\"2100\">Accedeix a <strong data-start=\"2051\" data-end=\"2072\">groups.google.com<\/strong> amb el compte corporatiu.<\/p>\n<\/li>\n<li data-start=\"2101\" data-end=\"2146\">\n<p data-start=\"2104\" data-end=\"2146\">Revisa els grups dels quals formes part.<\/p>\n<\/li>\n<li data-start=\"2147\" data-end=\"2208\">\n<p data-start=\"2150\" data-end=\"2208\">Selecciona el grup corresponent per veure\u2019n els membres.<\/p>\n<\/li>\n<\/ol>\n<hr data-start=\"2210\" data-end=\"2213\" \/>\n<h2 data-start=\"2215\" data-end=\"2253\">Incid\u00e8ncies amb els grups d\u2019alumnat<\/h2>\n<p data-start=\"2255\" data-end=\"2417\">Si detectes alguna incongru\u00e8ncia en els grups (per exemple, que no apareix algun grup al qual imparteixes classe o que el llistat d\u2019alumnat no \u00e9s correcte), pots:<\/p>\n<ul data-start=\"2419\" data-end=\"2604\">\n<li data-start=\"2419\" data-end=\"2506\">\n<p data-start=\"2421\" data-end=\"2506\">Demanar al <strong data-start=\"2432\" data-end=\"2459\">tutor o tutora del grup<\/strong> que t\u2019afegeixi al Google Group corresponent.<\/p>\n<\/li>\n<li data-start=\"2507\" data-end=\"2604\">\n<p data-start=\"2509\" data-end=\"2604\">Posar-te en contacte amb la <strong data-start=\"2537\" data-end=\"2571\">coordinaci\u00f3 digital del centre<\/strong> perqu\u00e8 revisi la configuraci\u00f3.<\/p>\n<\/li>\n<\/ul>\n<p data-start=\"2606\" data-end=\"2717\">Aquest procediment permet mantenir actualitzats els llistats i garantir una comunicaci\u00f3 correcta amb l\u2019alumnat.<\/p>\n<hr data-start=\"2719\" data-end=\"2722\" \/>\n<h2 data-start=\"2724\" data-end=\"2746\">Problemes habituals<\/h2>\n<h3 data-start=\"2748\" data-end=\"2787\">No pots accedir a Classroom o Drive<\/h3>\n<ul data-start=\"2788\" data-end=\"2925\">\n<li data-start=\"2788\" data-end=\"2856\">\n<p data-start=\"2790\" data-end=\"2856\">Comprova que est\u00e0s utilitzant el <strong data-start=\"2823\" data-end=\"2853\">compte corporatiu correcte<\/strong>.<\/p>\n<\/li>\n<li data-start=\"2857\" data-end=\"2925\">\n<p data-start=\"2859\" data-end=\"2925\">Tanca la sessi\u00f3 de comptes personals de Google i torna a provar.<\/p>\n<\/li>\n<\/ul>\n<h3 data-start=\"2927\" data-end=\"2965\">L\u2019alumnat no pot veure un document<\/h3>\n<ul data-start=\"2966\" data-end=\"3115\">\n<li data-start=\"2966\" data-end=\"3030\">\n<p data-start=\"2968\" data-end=\"3030\">Revisa els <strong data-start=\"2979\" data-end=\"3006\">permisos de compartici\u00f3<\/strong> del fitxer o carpeta.<\/p>\n<\/li>\n<li data-start=\"3031\" data-end=\"3115\">\n<p data-start=\"3033\" data-end=\"3115\">Assegura\u2019t que est\u00e0 compartit amb el <strong data-start=\"3070\" data-end=\"3091\">domini del centre<\/strong> o amb el grup classe.<\/p>\n<\/li>\n<\/ul>\n<h3 data-start=\"3117\" data-end=\"3149\">No es pot publicar una tasca<\/h3>\n<ul data-start=\"3150\" data-end=\"3237\">\n<li data-start=\"3150\" data-end=\"3186\">\n<p data-start=\"3152\" data-end=\"3186\">Comprova la connexi\u00f3 a internet.<\/p>\n<\/li>\n<li data-start=\"3187\" data-end=\"3237\">\n<p data-start=\"3189\" data-end=\"3237\">Actualitza la p\u00e0gina o torna a iniciar sessi\u00f3.<\/p>\n<\/li>\n<\/ul>\n<hr data-start=\"3239\" data-end=\"3242\" \/>\n<h2 data-start=\"3244\" data-end=\"3276\">Suport i recursos addicionals<\/h2>\n<p data-start=\"3278\" data-end=\"3415\">Per a dubtes pedag\u00f2gics o t\u00e8cnics relacionats amb Google Workspace o Classroom, pots contactar amb la <strong data-start=\"3380\" data-end=\"3403\">coordinaci\u00f3 digital<\/strong> del centre.<\/p>\n<p data-start=\"3417\" data-end=\"3496\">Tamb\u00e9 pots consultar la documentaci\u00f3 oficial de Google Workspace for Education.<\/p>\n<hr data-start=\"3498\" data-end=\"3501\" \/>\n<h2 data-start=\"3503\" data-end=\"3520\">\u00daltima revisi\u00f3<\/h2>\n<p data-start=\"3521\" data-end=\"3563\">Febrer de 2026<br data-start=\"3537\" data-end=\"3540\" \/><strong data-start=\"3540\" data-end=\"3563\">Coordinaci\u00f3 digital<\/strong><\/p>\n<hr data-start=\"3565\" data-end=\"3568\" \/>\n<p data-start=\"3722\" data-end=\"3861\" data-is-last-node=\"\" data-is-only-node=\"\">\n<\/div>\n<\/div>\n<\/div>\n<\/div>\n<div class=\"mt-3 w-full empty:hidden\">\n<div class=\"text-center\"><\/div>\n<\/div>\n<\/div>\n<\/div>\n<\/article>\n<\/div>\n<div class=\"pointer-events-none h-px w-px absolute bottom-0\" aria-hidden=\"true\" data-edge=\"true\"><\/div>\n","protected":false},"excerpt":{"rendered":"<p>Acc\u00e9s als serveis digitals del centre El professorat disposa d\u2019un compte corporatiu que permet utilitzar els serveis de Google Workspace for Education del centre. Amb aquest compte es pot accedir a: Correu electr\u00f2nic corporatiu Google Drive per emmagatzemar i compartir documents. Google Classroom per gestionar l\u2019activitat amb l\u2019alumnat. Altres eines educatives associades al domini del [&hellip;]<\/p>\n","protected":false},"author":1,"featured_media":0,"parent":0,"menu_order":0,"comment_status":"closed","ping_status":"closed","template":"","meta":{"_bbp_topic_count":0,"_bbp_reply_count":0,"_bbp_total_topic_count":0,"_bbp_total_reply_count":0,"_bbp_voice_count":0,"_bbp_anonymous_reply_count":0,"_bbp_topic_count_hidden":0,"_bbp_reply_count_hidden":0,"_bbp_forum_subforum_count":0,"site-sidebar-layout":"default","site-content-layout":"","ast-site-content-layout":"default","site-content-style":"default","site-sidebar-style":"default","ast-global-header-display":"","ast-banner-title-visibility":"","ast-main-header-display":"","ast-hfb-above-header-display":"","ast-hfb-below-header-display":"","ast-hfb-mobile-header-display":"","site-post-title":"","ast-breadcrumbs-content":"","ast-featured-img":"","footer-sml-layout":"","theme-transparent-header-meta":"default","adv-header-id-meta":"","stick-header-meta":"","header-above-stick-meta":"","header-main-stick-meta":"","header-below-stick-meta":"","astra-migrate-meta-layouts":"set","ast-page-background-enabled":"default","ast-page-background-meta":{"desktop":{"background-color":"var(--ast-global-color-4)","background-image":"","background-repeat":"repeat","background-position":"center center","background-size":"auto","background-attachment":"scroll","background-type":"","background-media":"","overlay-type":"","overlay-color":"","overlay-opacity":"","overlay-gradient":""},"tablet":{"background-color":"","background-image":"","background-repeat":"repeat","background-position":"center center","background-size":"auto","background-attachment":"scroll","background-type":"","background-media":"","overlay-type":"","overlay-color":"","overlay-opacity":"","overlay-gradient":""},"mobile":{"background-color":"","background-image":"","background-repeat":"repeat","background-position":"center center","background-size":"auto","background-attachment":"scroll","background-type":"","background-media":"","overlay-type":"","overlay-color":"","overlay-opacity":"","overlay-gradient":""}},"ast-content-background-meta":{"desktop":{"background-color":"var(--ast-global-color-5)","background-image":"","background-repeat":"repeat","background-position":"center center","background-size":"auto","background-attachment":"scroll","background-type":"","background-media":"","overlay-type":"","overlay-color":"","overlay-opacity":"","overlay-gradient":""},"tablet":{"background-color":"var(--ast-global-color-5)","background-image":"","background-repeat":"repeat","background-position":"center center","background-size":"auto","background-attachment":"scroll","background-type":"","background-media":"","overlay-type":"","overlay-color":"","overlay-opacity":"","overlay-gradient":""},"mobile":{"background-color":"var(--ast-global-color-5)","background-image":"","background-repeat":"repeat","background-position":"center center","background-size":"auto","background-attachment":"scroll","background-type":"","background-media":"","overlay-type":"","overlay-color":"","overlay-opacity":"","overlay-gradient":""}},"footnotes":""},"class_list":["post-4209","page","type-page","status-publish","hentry"],"post_mailing_queue_ids":[],"_links":{"self":[{"href":"https:\/\/agora.xtec.cat\/iesmvm\/wp-json\/wp\/v2\/pages\/4209","targetHints":{"allow":["GET"]}}],"collection":[{"href":"https:\/\/agora.xtec.cat\/iesmvm\/wp-json\/wp\/v2\/pages"}],"about":[{"href":"https:\/\/agora.xtec.cat\/iesmvm\/wp-json\/wp\/v2\/types\/page"}],"author":[{"embeddable":true,"href":"https:\/\/agora.xtec.cat\/iesmvm\/wp-json\/wp\/v2\/users\/1"}],"replies":[{"embeddable":true,"href":"https:\/\/agora.xtec.cat\/iesmvm\/wp-json\/wp\/v2\/comments?post=4209"}],"version-history":[{"count":6,"href":"https:\/\/agora.xtec.cat\/iesmvm\/wp-json\/wp\/v2\/pages\/4209\/revisions"}],"predecessor-version":[{"id":4278,"href":"https:\/\/agora.xtec.cat\/iesmvm\/wp-json\/wp\/v2\/pages\/4209\/revisions\/4278"}],"wp:attachment":[{"href":"https:\/\/agora.xtec.cat\/iesmvm\/wp-json\/wp\/v2\/media?parent=4209"}],"curies":[{"name":"wp","href":"https:\/\/api.w.org\/{rel}","templated":true}]}}