{"id":3302,"date":"2023-06-17T13:09:50","date_gmt":"2023-06-17T11:09:50","guid":{"rendered":"https:\/\/agora.xtec.cat\/iesmvm\/?page_id=3302"},"modified":"2023-06-17T13:11:41","modified_gmt":"2023-06-17T11:11:41","slug":"impresos-i-sollicituds-batxillerat","status":"publish","type":"page","link":"https:\/\/agora.xtec.cat\/iesmvm\/secretaria\/tramits-i-documentacio\/impresos-i-sollicituds-batxillerat\/","title":{"rendered":"Impresos i sol\u00b7licituds &#8211; Batxillerat"},"content":{"rendered":"<p><a href=\"https:\/\/agora.xtec.cat\/iesmvm\/wp-content\/uploads\/usu1837\/2023\/06\/impresos.jpg\"><img loading=\"lazy\" decoding=\"async\" class=\"alignnone size-full wp-image-3303\" src=\"https:\/\/agora.xtec.cat\/iesmvm\/wp-content\/uploads\/usu1837\/2023\/06\/impresos.jpg\" alt=\"\" width=\"200\" height=\"150\" \/><\/a><\/p>\n<div>\n<div><b>Canvi de modalitat de batxillerat<\/b><\/div>\n<div><\/div>\n<div>\n<ul>\n<li>\n<p style=\"text-align: justify;\">Durant el primer mes de classes els alumnes de primer curs poden sol\u00b7licitar d&#8217;adscriure&#8217;s a una modalitat diferent de la que havien triat inicialment, d&#8217;entre les que ofereix el centre.<\/p>\n<\/li>\n<li>\n<p style=\"text-align: justify;\">Si el director o directora del centre n&#8217;aprova el canvi, es considera a tots els efectes que l&#8217;alumne ha cursat des del principi la nova modalitat.<\/p>\n<\/li>\n<\/ul>\n<div>\n<div>\n<hr \/>\n<ul>\n<li><b><a href=\"https:\/\/docs.google.com\/a\/institutmvm.cat\/viewer?a=v&amp;pid=sites&amp;srcid=eHRlYy5jYXR8aW5zdGl0dXRtdm18Z3g6NWU3ZmE1NTE2MDdjZDA3NQ\" target=\"_blank\" rel=\"noopener\">Sol\u00b7licitud canvi de modalitat de batxillerat<\/a><\/b><\/li>\n<\/ul>\n<\/div>\n<div>\n<hr \/>\n<div><b>Canvi de mat\u00e8ria de batxillerat sense canvi de modalitat<\/b><\/div>\n<div><\/div>\n<div>\n<ul>\n<li>\n<p style=\"text-align: justify;\">Durant el primer mes de classes, en qualsevol dels cursos de batxillerat, els alumnes\u00a0poden sol\u00b7licitar el canvi d&#8217;alguna de les mat\u00e8ries que hagin triat, sempre que aix\u00f2 sigui\u00a0compatible amb l&#8217;organitzaci\u00f3 hor\u00e0ria del centre.<\/p>\n<\/li>\n<li>\n<p style=\"text-align: justify;\">En el cas que el director o directora\u00a0del centre n&#8217;aprovi el canvi, s&#8217;ha de considerar, a tots els efectes, que l&#8217;alumne ha\u00a0cursat des del principi les noves mat\u00e8ries.<\/p>\n<\/li>\n<\/ul>\n<div>\n<hr \/>\n<ul>\n<li><a href=\"https:\/\/docs.google.com\/a\/institutmvm.cat\/viewer?a=v&amp;pid=sites&amp;srcid=eHRlYy5jYXR8aW5zdGl0dXRtdm18Z3g6MWViZjgwYzk5NDRjYjJmYQ\" target=\"_blank\" rel=\"noopener\"><b>Sol\u00b7licitud canvi de\u00a0<\/b><b>mat\u00e8ria de batxillerat sense canvi de modalitat<\/b><\/a><\/li>\n<\/ul>\n<hr \/>\n<\/div>\n<\/div>\n<\/div>\n<div><\/div>\n<\/div>\n<\/div>\n<div><b>Anul\u00b7laci\u00f3 de matr\u00edcula i matr\u00edcula extraordin\u00e0ria en el batxillerat<\/b><\/div>\n<div><\/div>\n<div>\n<div>\n<ul>\n<li>\n<p style=\"text-align: justify;\">Els alumnes podran sol\u00b7licitar al director o directora del centre l&#8217;anul\u00b7laci\u00f3 de matr\u00edcula\u00a0del curs que estiguin cursant, o b\u00e9 una matr\u00edcula extraordin\u00e0ria si es tracta d&#8217;una\u00a0cinquena inscripci\u00f3 en el batxillerat di\u00fcrn o d&#8217;una setena en el nocturn.<\/p>\n<\/li>\n<li style=\"text-align: justify;\">L&#8217;anul\u00b7laci\u00f3 de matr\u00edcula s&#8217;ha de sol\u00b7licitar abans de finalitzar el mes d&#8217;abril del curs\u00a0acad\u00e8mic corresponent. Per poder tenir dret a l&#8217;anul\u00b7laci\u00f3 de matr\u00edcula l&#8217;alumne ha\u00a0d&#8217;acreditar, documentalment, que es troba en alguna de les circumst\u00e0ncies seg\u00fcents:\n<ul>\n<li>malaltia prolongada o accident de l&#8217;alumne o d&#8217;un familiar,<\/li>\n<li>incorporaci\u00f3 a un lloc de treball,<\/li>\n<li>maternitat,<\/li>\n<li>qualsevol altra circumst\u00e0ncia de car\u00e0cter excepcional que, a parer del director o\u00a0directora del centre, justifiqui la concessi\u00f3 de l&#8217;anul\u00b7laci\u00f3 de matr\u00edcula.<\/li>\n<\/ul>\n<\/li>\n<li style=\"text-align: justify;\">La matr\u00edcula extraordin\u00e0ria s&#8217;ha de sol\u00b7licitar dins el termini de matr\u00edcula establert per al\u00a0curs corresponent, acreditant, documentalment, trobar-se en alguna de les\u00a0circumst\u00e0ncies esmentades anteriorment.<\/li>\n<li>\n<p style=\"text-align: justify;\">L&#8217;anul\u00b7laci\u00f3 de matr\u00edcula comporta la nul\u00b7litat de totes les actuacions acad\u00e8miques\u00a0dutes a terme en el curs, incloses les qualificacions de mat\u00e8ries que ja havien rebut\u00a0qualificaci\u00f3 final (p. ex. el treball de recerca o les recuperacions de mat\u00e8ries pendents),\u00a0i l&#8217;alumne no ha d&#8217;apar\u00e8ixer amb cap qualificaci\u00f3 a les actes finals d&#8217;avaluaci\u00f3.<\/p>\n<\/li>\n<\/ul>\n<div>\n<hr \/>\n<ul>\n<li><b><a href=\"https:\/\/docs.google.com\/a\/institutmvm.cat\/viewer?a=v&amp;pid=sites&amp;srcid=eHRlYy5jYXR8aW5zdGl0dXRtdm18Z3g6NGM0ZjBlZGFiMTQyYmM5ZA\" target=\"_blank\" rel=\"noopener\">Sol\u00b7licitud anul\u00b7laci\u00f3 de matr\u00edcula de batxillerat<\/a><\/b><\/li>\n<li><a href=\"https:\/\/docs.google.com\/a\/institutmvm.cat\/viewer?a=v&amp;pid=sites&amp;srcid=eHRlYy5jYXR8aW5zdGl0dXRtdm18Z3g6N2NkNGUyNjE4MzFlOTk0Nw\" target=\"_blank\" rel=\"noopener\"><b>Sol\u00b7licitud matr\u00edcula extraordin\u00e0ria\u00a0<\/b><b>de batxillerat<\/b><\/a><\/li>\n<\/ul>\n<hr \/>\n<\/div>\n<\/div>\n<div><\/div>\n<\/div>\n<div>\n<div><b>Ren\u00fancia a les qualificacions batxillerat<\/b><\/div>\n<div><\/div>\n<div>\n<ul>\n<li>\n<p style=\"text-align: justify;\">L&#8217;alumne al qual li han quedat tres o quatre mat\u00e8ries pendents de\u00a0<b>primer<\/b>\u00a0podr\u00e0 optar\u00a0per tornar a matricular-se \u00edntegrament a primer curs de batxillerat renunciant a totes les\u00a0qualificacions obtingudes.<\/p>\n<\/li>\n<li style=\"text-align: justify;\">Per exercir aquesta opci\u00f3, l&#8217;alumne, o els seus pares o tutors\u00a0legals si \u00e9s menor d&#8217;edat, haur\u00e0 de signar un document on expliciti la seva ren\u00fancia\u00a0expressa a les qualificacions positives que havia obtingut, document que el director o\u00a0directora del centre haur\u00e0 de visar i incorporar al seu expedient.<\/li>\n<li style=\"text-align: justify;\">L&#8217;alumne que cursi\u00a0<b>segon\u00a0<\/b>de batxillerat en r\u00e8gim di\u00fcrn i obtingui avaluaci\u00f3 negativa en\u00a0algunes mat\u00e8ries al final del segon curs, podr\u00e0 optar tamb\u00e9 per repetir el segon curs de\u00a0batxillerat en la seva totalitat, si aix\u00ed ho sol\u00b7licita i renuncia a les qualificacions\u00a0obtingudes en totes les mat\u00e8ries aprovades. No s&#8217;hi podr\u00e0 acollir l&#8217;alumne que,\u00a0procedent del r\u00e8gim di\u00fcrn, opti per completar l&#8217;etapa de batxillerat en r\u00e8gim nocturn o a\u00a0dist\u00e0ncia. De l&#8217;anul\u00b7laci\u00f3 de les qualificacions en queden excloses, en el cas que\u00a0haguessin estat aprovades, les mat\u00e8ries seg\u00fcents:\n<ul>\n<li>Treball de recerca.<\/li>\n<li>Estada a l&#8217;empresa.<\/li>\n<li>Les possibles mat\u00e8ries pendents de primer curs que l&#8217;alumne hagu\u00e9s superat en\u00a0cursar el segon curs.<\/li>\n<\/ul>\n<\/li>\n<li style=\"text-align: justify;\">L&#8217;anul\u00b7laci\u00f3 de les qualificacions per ren\u00fancia t\u00e9 car\u00e0cter definitiu i irrevocable. L&#8217;any\u00a0acad\u00e8mic cursat per al qual es presenta la sol\u00b7licitud de ren\u00fancia computa a efectes\u00a0d&#8217;anys de perman\u00e8ncia en el batxillerat en r\u00e8gim ordinari di\u00fcrn. El centre ha d&#8217;informar\u00a0per escrit l&#8217;alumne sol\u00b7licitant, o els pares o tutors legals en el cas que sigui menor, de\u00a0les condicions de la ren\u00fancia.<\/li>\n<li>\n<p style=\"text-align: justify;\">Per sol\u00b7licitar la ren\u00fancia a les qualificacions de les mat\u00e8ries aprovades en el segon\u00a0curs, l&#8217;alumne, o els seus pares o tutors legals si \u00e9s menor, ha de presentar al centre\u00a0on est\u00e0 matriculat de segon, no m\u00e9s tard de la finalitzaci\u00f3 del primer trimestre del curs,\u00a0una sol\u00b7licitud signada per l&#8217;alumne, o els pares o tutors legals si cal, amb const\u00e0ncia\u00a0expl\u00edcita que coneix el car\u00e0cter irrevocable de la seva ren\u00fancia.<\/p>\n<\/li>\n<\/ul>\n<div>\n<hr \/>\n<ul>\n<li><a href=\"https:\/\/docs.google.com\/a\/institutmvm.cat\/viewer?a=v&amp;pid=sites&amp;srcid=eHRlYy5jYXR8aW5zdGl0dXRtdm18Z3g6NTdjYWJkMTYyNTk3OWU2Zg\" target=\"_blank\" rel=\"noopener\"><b>Ren\u00fancia a les qualificacions de primer de batxillerat<\/b><\/a><\/li>\n<li><b><a href=\"https:\/\/docs.google.com\/a\/institutmvm.cat\/viewer?a=v&amp;pid=sites&amp;srcid=eHRlYy5jYXR8aW5zdGl0dXRtdm18Z3g6Nzc1NTRiNjlkMTBlNzdk\" target=\"_blank\" rel=\"noopener\">Sol\u00b7licitud ren\u00fancia a les qualificacions de segon de batxillerat<\/a><\/b><\/li>\n<\/ul>\n<hr \/>\n<\/div>\n<\/div>\n<\/div>\n<div><b>Exempci\u00f3 de la mat\u00e8ria de\u00a0llengua catalana<\/b><\/div>\n<div><\/div>\n<div>\n<ul>\n<li>\n<p style=\"text-align: justify;\"><b>Per al batxillerat<\/b>: la pot sol\u00b7licitar l&#8217;alumnat que s&#8217;incorpora a primer o segon curs de batxillerat procedent de fora del territori de Catalunya i que no ha cursat mai les mat\u00e8ries de llengua catalana, llengua catalana i literatura o equivalents. L&#8217;exempci\u00f3 cal sol\u00b7licitar-la cada curs acad\u00e8mic, encara que hagi estat concedida el curs anterior.<\/p>\n<\/li>\n<li>\n<p style=\"text-align: justify;\"><b>Per a les PAU<\/b>: la pot sol\u00b7licitar l&#8217;alumnat que es trobi cursant enguany el 2n curs de batxillerat i s&#8217;hagi incorporat a primer o a segon curs de batxillerat procedent de fora del territori de Catalunya i que no hagi cursat mai les mat\u00e8ries de llengua catalana, llengua catalana i literatura o equivalents.<\/p>\n<\/li>\n<\/ul>\n<\/div>\n<div>\n<div>\n<hr \/>\n<ul>\n<li><b><a href=\"https:\/\/docs.google.com\/a\/institutmvm.cat\/viewer?a=v&amp;pid=sites&amp;srcid=eHRlYy5jYXR8aW5zdGl0dXRtdm18Z3g6MjA4OTkwYzllM2FlMmUwNA\" target=\"_blank\" rel=\"noopener\">Sol\u00b7licitud exempci\u00f3 llengua catalana<\/a><\/b><\/li>\n<li><b><a href=\"https:\/\/docs.google.com\/a\/institutmvm.cat\/viewer?a=v&amp;pid=sites&amp;srcid=eHRlYy5jYXR8aW5zdGl0dXRtdm18Z3g6ZDRmZWIzNjkwOGYzMjU2\" target=\"_blank\" rel=\"noopener\">Sol\u00b7licitud exempci\u00f3 llengua catalana [PAU]<\/a><\/b><\/li>\n<\/ul>\n<\/div>\n<div>\n<hr \/>\n<\/div>\n<\/div>\n<div><b>Exempci\u00f3 del treball de recerca<\/b><\/div>\n<div><\/div>\n<div>\n<ul>\n<li>\n<p style=\"text-align: justify;\">La pot sol\u00b7licitar\u00a0l&#8217;alumnat provinent d&#8217;una altra comunitat aut\u00f2noma que s&#8217;incorpori al segon semestre del curs. En cas de no completar el batxillerat en el curs de la incorporaci\u00f3, l&#8217;haur\u00e0 de cursar, durant el seg\u00fcent semestre.<\/p>\n<\/li>\n<\/ul>\n<\/div>\n<\/div>\n<div>\n<div>\n<hr \/>\n<ul>\n<li><b><a href=\"https:\/\/docs.google.com\/a\/institutmvm.cat\/viewer?a=v&amp;pid=sites&amp;srcid=eHRlYy5jYXR8aW5zdGl0dXRtdm18Z3g6MmU5MDdkZDRkZGQxZDQzNg\" target=\"_blank\" rel=\"noopener\">Sol\u00b7licitud exempci\u00f3 del treball de recerca<\/a><\/b><\/li>\n<\/ul>\n<\/div>\n<div>\n<hr \/>\n<\/div>\n<\/div>\n<div><b>Convalidacions i exempcions a Batxillerat per la pr\u00e0ctica intensiva de l&#8217;esport<br \/>\n<\/b><\/div>\n<div><\/div>\n<div>\n<ul>\n<li><b><a href=\"https:\/\/docs.google.com\/a\/xtec.cat\/viewer?a=v&amp;pid=sites&amp;srcid=eHRlYy5jYXR8aW5zdGl0dXRtdm18Z3g6NGM0YjcxMWFiY2RjOWVjNg\" target=\"_blank\" rel=\"noopener\">Documentaci\u00f3 i sol\u00b7licituds<\/a><\/b><\/li>\n<\/ul>\n<\/div>\n<div>\n<ul>\n<li><b><a href=\"https:\/\/docs.google.com\/a\/xtec.cat\/viewer?a=v&amp;pid=sites&amp;srcid=eHRlYy5jYXR8aW5zdGl0dXRtdm18Z3g6NGRiYzhhNmJkMGJlNjdlMA\" target=\"_blank\" rel=\"noopener\">Sol\u00b7licitud del certificat d&#8217;esportista<\/a>\u00a0\u00a0<\/b>(Consell Catal\u00e0 de l&#8217;Esport)<\/li>\n<\/ul>\n<\/div>\n<div>\n<ul>\n<li><a href=\"https:\/\/sites.google.com\/a\/xtec.cat\/institutmvm\/not_sec\/convalidacionsiexempcions\/Sol%C2%B7licitud_alumnat_convalidacio_educacio_fisica_BTX.pdf?attredirects=0&amp;d=1\" target=\"_blank\" rel=\"noopener\"><b>Sol\u00b7licitud de l&#8217;alumne\/a<\/b><\/a><\/li>\n<\/ul>\n<\/div>\n<div><\/div>\n<div><b>Nota<\/b>: Les sol\u00b7licituds s&#8217;han de descarregar i obrir amb\u00a0<a href=\"https:\/\/get.adobe.com\/es\/reader\/\" target=\"_blank\" rel=\"nofollow noopener\">Adobe Acrobat Reader<\/a><\/div>\n","protected":false},"excerpt":{"rendered":"<p>Canvi de modalitat de batxillerat Durant el primer mes de classes els alumnes de primer curs poden sol\u00b7licitar d&#8217;adscriure&#8217;s a una modalitat diferent de la que havien triat inicialment, d&#8217;entre les que ofereix el centre. Si el director o directora del centre n&#8217;aprova el canvi, es considera a tots els efectes que l&#8217;alumne ha cursat [&hellip;]<\/p>\n","protected":false},"author":59,"featured_media":0,"parent":3280,"menu_order":0,"comment_status":"closed","ping_status":"closed","template":"page-templates\/side-menu.php","meta":{"_bbp_topic_count":0,"_bbp_reply_count":0,"_bbp_total_topic_count":0,"_bbp_total_reply_count":0,"_bbp_voice_count":0,"_bbp_anonymous_reply_count":0,"_bbp_topic_count_hidden":0,"_bbp_reply_count_hidden":0,"_bbp_forum_subforum_count":0,"site-sidebar-layout":"default","site-content-layout":"","ast-site-content-layout":"","site-content-style":"default","site-sidebar-style":"default","ast-global-header-display":"","ast-banner-title-visibility":"","ast-main-header-display":"","ast-hfb-above-header-display":"","ast-hfb-below-header-display":"","ast-hfb-mobile-header-display":"","site-post-title":"","ast-breadcrumbs-content":"","ast-featured-img":"","footer-sml-layout":"","theme-transparent-header-meta":"","adv-header-id-meta":"","stick-header-meta":"","header-above-stick-meta":"","header-main-stick-meta":"","header-below-stick-meta":"","astra-migrate-meta-layouts":"default","ast-page-background-enabled":"default","ast-page-background-meta":{"desktop":{"background-color":"var(--ast-global-color-4)","background-image":"","background-repeat":"repeat","background-position":"center center","background-size":"auto","background-attachment":"scroll","background-type":"","background-media":"","overlay-type":"","overlay-color":"","overlay-opacity":"","overlay-gradient":""},"tablet":{"background-color":"","background-image":"","background-repeat":"repeat","background-position":"center center","background-size":"auto","background-attachment":"scroll","background-type":"","background-media":"","overlay-type":"","overlay-color":"","overlay-opacity":"","overlay-gradient":""},"mobile":{"background-color":"","background-image":"","background-repeat":"repeat","background-position":"center center","background-size":"auto","background-attachment":"scroll","background-type":"","background-media":"","overlay-type":"","overlay-color":"","overlay-opacity":"","overlay-gradient":""}},"ast-content-background-meta":{"desktop":{"background-color":"var(--ast-global-color-5)","background-image":"","background-repeat":"repeat","background-position":"center center","background-size":"auto","background-attachment":"scroll","background-type":"","background-media":"","overlay-type":"","overlay-color":"","overlay-opacity":"","overlay-gradient":""},"tablet":{"background-color":"var(--ast-global-color-5)","background-image":"","background-repeat":"repeat","background-position":"center center","background-size":"auto","background-attachment":"scroll","background-type":"","background-media":"","overlay-type":"","overlay-color":"","overlay-opacity":"","overlay-gradient":""},"mobile":{"background-color":"var(--ast-global-color-5)","background-image":"","background-repeat":"repeat","background-position":"center center","background-size":"auto","background-attachment":"scroll","background-type":"","background-media":"","overlay-type":"","overlay-color":"","overlay-opacity":"","overlay-gradient":""}},"footnotes":""},"class_list":["post-3302","page","type-page","status-publish","hentry"],"post_mailing_queue_ids":[],"_links":{"self":[{"href":"https:\/\/agora.xtec.cat\/iesmvm\/wp-json\/wp\/v2\/pages\/3302","targetHints":{"allow":["GET"]}}],"collection":[{"href":"https:\/\/agora.xtec.cat\/iesmvm\/wp-json\/wp\/v2\/pages"}],"about":[{"href":"https:\/\/agora.xtec.cat\/iesmvm\/wp-json\/wp\/v2\/types\/page"}],"author":[{"embeddable":true,"href":"https:\/\/agora.xtec.cat\/iesmvm\/wp-json\/wp\/v2\/users\/59"}],"replies":[{"embeddable":true,"href":"https:\/\/agora.xtec.cat\/iesmvm\/wp-json\/wp\/v2\/comments?post=3302"}],"version-history":[{"count":1,"href":"https:\/\/agora.xtec.cat\/iesmvm\/wp-json\/wp\/v2\/pages\/3302\/revisions"}],"predecessor-version":[{"id":3304,"href":"https:\/\/agora.xtec.cat\/iesmvm\/wp-json\/wp\/v2\/pages\/3302\/revisions\/3304"}],"up":[{"embeddable":true,"href":"https:\/\/agora.xtec.cat\/iesmvm\/wp-json\/wp\/v2\/pages\/3280"}],"wp:attachment":[{"href":"https:\/\/agora.xtec.cat\/iesmvm\/wp-json\/wp\/v2\/media?parent=3302"}],"curies":[{"name":"wp","href":"https:\/\/api.w.org\/{rel}","templated":true}]}}