{"id":574,"date":"2018-03-29T19:55:14","date_gmt":"2018-03-29T17:55:14","guid":{"rendered":"http:\/\/agora.xtec.cat\/iesmonturiol\/?page_id=574"},"modified":"2025-04-04T13:38:54","modified_gmt":"2025-04-04T11:38:54","slug":"automocio","status":"publish","type":"page","link":"https:\/\/agora.xtec.cat\/iesmonturiol\/informacio-oferta-formativa\/cicles-formatius-gs\/automocio\/","title":{"rendered":"Automoci\u00f3"},"content":{"rendered":"<p style=\"text-align: justify;\"><strong>CF Grau Superior. T\u00e8cnic\/a superior en Automoci\u00f3<\/strong><\/p>\n<p>La compet\u00e8ncia general d&#8217;aquest t\u00edtol consisteix a organitzar, programar i supervisar l&#8217;execuci\u00f3 de les operacions de manteniment i la seva log\u00edstica en el sector d&#8217;automoci\u00f3, diagnosticant avaries en casos complexos, i garantint el compliment de les especificacions establertes per la normativa i pel fabricant del vehicle.<\/p>\n<table style=\"height: 27px; border-style: hidden; width: 739px;\" width=\"739\">\n<tbody>\n<tr>\n<td style=\"width: 327px;\"><a href=\"https:\/\/drive.google.com\/file\/d\/1gpl6igVzlTwTKPz5KyoKWKFS48ceVbzB\/view?usp=sharing\" target=\"_blank\" rel=\"noopener noreferrer\"><img loading=\"lazy\" decoding=\"async\" class=\"alignleft wp-image-4787 size-medium\" src=\"https:\/\/agora.xtec.cat\/iesmonturiol\/wp-content\/uploads\/usu1826\/2022\/06\/Portada-PPT-AUT-300x226.png\" alt=\"\" width=\"300\" height=\"226\" srcset=\"https:\/\/agora.xtec.cat\/iesmonturiol\/wp-content\/uploads\/usu1826\/2022\/06\/Portada-PPT-AUT-300x226.png 300w, https:\/\/agora.xtec.cat\/iesmonturiol\/wp-content\/uploads\/usu1826\/2022\/06\/Portada-PPT-AUT-200x150.png 200w, https:\/\/agora.xtec.cat\/iesmonturiol\/wp-content\/uploads\/usu1826\/2022\/06\/Portada-PPT-AUT.png 532w\" sizes=\"auto, (max-width: 300px) 100vw, 300px\" \/><\/a><\/td>\n<td style=\"width: 49px; border-style: hidden;\"><a href=\"http:\/\/agora.xtec.cat\/iesmonturiol\/informacio-oferta-formativa\/cicles-formatius-gm\/electromecanica-vehicles-automobils\/attachment\/fletxa\/\" rel=\"attachment wp-att-2876\"><img loading=\"lazy\" decoding=\"async\" class=\"alignleft size-medium wp-image-2876\" src=\"https:\/\/agora.xtec.cat\/iesmonturiol\/wp-content\/uploads\/usu1826\/2020\/05\/Fletxa-287x300.png\" alt=\"\" width=\"287\" height=\"300\" \/><\/a><\/td>\n<td style=\"width: 353px;\">\n<h5>Mira la presentaci\u00f3 del cicle<\/h5>\n<\/td>\n<\/tr>\n<\/tbody>\n<\/table>\n<p><strong>DURADA<\/strong><br \/>\n2000 hores (2 cursos acad\u00e8mics)<\/p>\n<p><strong>PLA D&#8217;ESTUDIS<\/strong><\/p>\n<table style=\"width: 53.2484%;\">\n<tbody>\n<tr style=\"height: 64px;\">\n<td style=\"width: 35.5112%; height: 64px;\"><\/td>\n<td style=\"width: 9.19024%; height: 64px; text-align: center;\">Hores<\/td>\n<\/tr>\n<tr style=\"height: 33px;\">\n<td style=\"width: 35.5112%; height: 33px;\">Sistemes el\u00e8ctrics i de seguretat i de confort<\/td>\n<td style=\"width: 9.19024%; text-align: center; height: 33px;\">198<\/td>\n<\/tr>\n<tr style=\"height: 33px;\">\n<td style=\"width: 35.5112%; height: 33px;\">Sistemes de transmissi\u00f3 i trens de rodatge<\/td>\n<td style=\"width: 9.19024%; text-align: center; height: 33px;\">132<\/td>\n<\/tr>\n<tr style=\"height: 33px;\">\n<td style=\"width: 35.5112%; height: 33px;\">Motors t\u00e8rmics i els seus sistemes auxiliars<\/td>\n<td style=\"width: 9.19024%; text-align: center; height: 33px;\">132<\/td>\n<\/tr>\n<tr style=\"height: 33px;\">\n<td style=\"width: 35.5112%; height: 33px;\">Elements amovibles i fixos no estructurals<\/td>\n<td style=\"width: 9.19024%; text-align: center; height: 33px;\">99<\/td>\n<\/tr>\n<tr style=\"height: 33px;\">\n<td style=\"width: 35.5112%; height: 33px;\">Tractament i recobriment de superf\u00edcies<\/td>\n<td style=\"width: 9.19024%; text-align: center; height: 33px;\">165<\/td>\n<\/tr>\n<tr style=\"height: 33px;\">\n<td style=\"width: 35.5112%; height: 33px;\">Estructures dels vehicles<\/td>\n<td style=\"width: 9.19024%; text-align: center; height: 33px;\">66<\/td>\n<\/tr>\n<tr style=\"height: 40px;\">\n<td class=\"text\" style=\"width: 35.5112%; height: 40px;\">Gesti\u00f3 i log\u00edstica del manteniment de vehicles<\/td>\n<td style=\"width: 9.19024%; text-align: center; height: 40px;\">66<\/td>\n<\/tr>\n<tr style=\"height: 33px;\">\n<td style=\"width: 35.5112%; height: 33px;\">T\u00e8cniques de comunicaci\u00f3 i de relacions<\/td>\n<td style=\"width: 9.19024%; text-align: center; height: 33px;\">33<\/td>\n<\/tr>\n<tr>\n<td style=\"width: 35.5112%;\">M\u00f2dul optatiu<\/td>\n<td style=\"width: 9.19024%; text-align: center;\"><span style=\"background-color: #ffffff;\">99<\/span><\/td>\n<\/tr>\n<tr>\n<td style=\"width: 35.5112%;\">Projecte intermodular<\/td>\n<td style=\"width: 9.19024%; text-align: center;\"><span style=\"background-color: #f9f9f9;\">198<\/span><\/td>\n<\/tr>\n<tr>\n<td style=\"width: 35.5112%;\"><span style=\"background-color: #ffffff;\">Itinerari personal per a l&#8217;ocupabilitat I i II<\/span><\/td>\n<td style=\"width: 9.19024%; text-align: center;\">165<\/td>\n<\/tr>\n<tr style=\"height: 33px;\">\n<td style=\"width: 35.5112%; height: 33px;\"><span style=\"background-color: #f9f9f9;\">Digitalitzaci\u00f3 aplicada al sistema productiu<\/span><\/td>\n<td style=\"width: 9.19024%; text-align: center; height: 33px;\">33<\/td>\n<\/tr>\n<tr style=\"height: 33px;\">\n<td style=\"width: 35.5112%; height: 33px;\"><span style=\"background-color: #ffffff;\">Sostenibilitat aplicada al sistema productiu<\/span><\/td>\n<td style=\"width: 9.19024%; text-align: center; height: 33px;\">33<\/td>\n<\/tr>\n<tr style=\"height: 33px;\">\n<td style=\"width: 35.5112%; height: 33px;\">Angl\u00e8s professional<\/td>\n<td style=\"width: 9.19024%; text-align: center; height: 33px;\">66<\/td>\n<\/tr>\n<tr style=\"height: 33px;\">\n<td style=\"width: 35.5112%; height: 33px;\">Estada a l&#8217;empresa<\/td>\n<td style=\"width: 9.19024%; text-align: center; height: 33px;\">515 \/ 713<\/td>\n<\/tr>\n<\/tbody>\n<\/table>\n<p><strong>SORTIDES PROFESSIONALS<\/strong><\/p>\n<p>Cap de taller<br \/>\nT\u00e8cnic\/a receptor i reparador de vehicles<br \/>\nMec\u00e0nic\/a de vehicles industrials<br \/>\nEncarregat\/a de taller o de seccions de vehicles industrials.<br \/>\nP\u00e8rit\/a taxador de vehicles<\/p>\n<ul>\n<li><a href=\"https:\/\/agora.xtec.cat\/iesmonturiol\/departament-dautomocio\/\">Coneix el departament d&#8217;Automoci\u00f3 aqu\u00ed.<\/a><\/li>\n<\/ul>\n","protected":false},"excerpt":{"rendered":"<p>CF Grau Superior. T\u00e8cnic\/a superior en Automoci\u00f3<br \/>\nLa compet\u00e8ncia general d&#8217;aquest t\u00edtol consisteix a organitzar, programar i supervisar l&#8217;execuci\u00f3 de les operacions de manteniment i la seva log\u00edstica en el sector d&#8217;automoci\u00f3, diagnosticant avaries en casos complexos, i garantint el compliment de les especificacions establertes per&hellip;  <a href=\"https:\/\/agora.xtec.cat\/iesmonturiol\/informacio-oferta-formativa\/cicles-formatius-gs\/automocio\/\" title=\"Read Automoci\u00f3\">Llegeix m\u00e9s\u00bb<\/a><\/p>\n","protected":false},"author":1,"featured_media":0,"parent":528,"menu_order":1,"comment_status":"closed","ping_status":"closed","template":"page-templates\/side-menu.php","meta":{"_bbp_topic_count":0,"_bbp_reply_count":0,"_bbp_total_topic_count":0,"_bbp_total_reply_count":0,"_bbp_voice_count":0,"_bbp_anonymous_reply_count":0,"_bbp_topic_count_hidden":0,"_bbp_reply_count_hidden":0,"_bbp_forum_subforum_count":0,"footnotes":""},"class_list":["post-574","page","type-page","status-publish","hentry"],"post_mailing_queue_ids":[],"_links":{"self":[{"href":"https:\/\/agora.xtec.cat\/iesmonturiol\/wp-json\/wp\/v2\/pages\/574","targetHints":{"allow":["GET"]}}],"collection":[{"href":"https:\/\/agora.xtec.cat\/iesmonturiol\/wp-json\/wp\/v2\/pages"}],"about":[{"href":"https:\/\/agora.xtec.cat\/iesmonturiol\/wp-json\/wp\/v2\/types\/page"}],"author":[{"embeddable":true,"href":"https:\/\/agora.xtec.cat\/iesmonturiol\/wp-json\/wp\/v2\/users\/1"}],"replies":[{"embeddable":true,"href":"https:\/\/agora.xtec.cat\/iesmonturiol\/wp-json\/wp\/v2\/comments?post=574"}],"version-history":[{"count":6,"href":"https:\/\/agora.xtec.cat\/iesmonturiol\/wp-json\/wp\/v2\/pages\/574\/revisions"}],"predecessor-version":[{"id":6380,"href":"https:\/\/agora.xtec.cat\/iesmonturiol\/wp-json\/wp\/v2\/pages\/574\/revisions\/6380"}],"up":[{"embeddable":true,"href":"https:\/\/agora.xtec.cat\/iesmonturiol\/wp-json\/wp\/v2\/pages\/528"}],"wp:attachment":[{"href":"https:\/\/agora.xtec.cat\/iesmonturiol\/wp-json\/wp\/v2\/media?parent=574"}],"curies":[{"name":"wp","href":"https:\/\/api.w.org\/{rel}","templated":true}]}}