{"id":3434,"date":"2020-09-03T20:31:28","date_gmt":"2020-09-03T18:31:28","guid":{"rendered":"http:\/\/agora.xtec.cat\/iesmonturiol\/?page_id=3434"},"modified":"2021-09-15T17:18:54","modified_gmt":"2021-09-15T15:18:54","slug":"inici-de-curs","status":"publish","type":"page","link":"https:\/\/agora.xtec.cat\/iesmonturiol\/inici-de-curs\/","title":{"rendered":"Inici de curs"},"content":{"rendered":"<ul>\n<li>\n<h4 style=\"text-align: left;\"><a href=\"https:\/\/agora.xtec.cat\/iesmonturiol\/linstitut\/calendari-del-curs\/\" target=\"_blank\" rel=\"noopener noreferrer\">Calendari i horaris inici de curs <\/a><a href=\"http:\/\/ensenyament.gencat.cat\/ca\/actualitat\/escolasegura\/\" target=\"_blank\" rel=\"noopener noreferrer\"><img loading=\"lazy\" decoding=\"async\" class=\"wp-image-3483 alignright\" src=\"https:\/\/agora.xtec.cat\/iesmonturiol\/wp-content\/uploads\/usu1826\/2020\/09\/logo_escolasegura-300x137.png\" alt=\"\" width=\"372\" height=\"170\" srcset=\"https:\/\/agora.xtec.cat\/iesmonturiol\/wp-content\/uploads\/usu1826\/2020\/09\/logo_escolasegura-300x137.png 300w, https:\/\/agora.xtec.cat\/iesmonturiol\/wp-content\/uploads\/usu1826\/2020\/09\/logo_escolasegura.png 408w\" sizes=\"auto, (max-width: 372px) 100vw, 372px\" \/><\/a><\/h4>\n<\/li>\n<li>\n<h4><a href=\"https:\/\/agora.xtec.cat\/iesmonturiol\/documents\/llibres-i-material\/\" target=\"_blank\" rel=\"noopener noreferrer\">Llibres de Text i material did\u00e0ctic<\/a><\/h4>\n<\/li>\n<li>\n<h4><a href=\"https:\/\/drive.google.com\/file\/d\/1WpgnJf1ehq3jzNTZteNFUSs_5rq39ZZ1\/view?usp=sharing\" target=\"_blank\" rel=\"noopener\">Carta informativa fam\u00edlies ESO &#8211; BATX<\/a><\/h4>\n<\/li>\n<li>\n<h4><a href=\"https:\/\/drive.google.com\/file\/d\/1YfXMLCIdHgN_5DCJHwb1BfZ--jGSRxk9\/view?usp=sharing\" target=\"_blank\" rel=\"noopener\">Carta informativa fam\u00edlies Cicles Formatius<\/a><\/h4>\n<\/li>\n<li>\n<h4><a href=\"https:\/\/drive.google.com\/file\/d\/1KD9ArhS6_9FoKDj8LQztBK9xYihFw51h\/view?usp=sharing\" target=\"_blank\" rel=\"noopener\">Declaraci\u00f3 responsable COVID-19 majors d&#8217;edat<\/a><\/h4>\n<\/li>\n<li>\n<h4><a href=\"https:\/\/drive.google.com\/file\/d\/1TEShyzBkc8pyHQtO470ckBokqCsGbhvp\/view?usp=sharing\" target=\"_blank\" rel=\"noopener\">Declaraci\u00f3 responsable COVID-19 menors d&#8217;edat<\/a><\/h4>\n<\/li>\n<li>\n<h4><a href=\"https:\/\/drive.google.com\/file\/d\/19t3AYL_xXWI-wG_oiXqAxnl8KnaFA0mo\/view?usp=sharing\" target=\"_blank\" rel=\"noopener\">Autoritzaci\u00f3 fam\u00edlies gesti\u00f3 casos COVID-19<\/a><\/h4>\n<\/li>\n<li>\n<h4>Reunions fam\u00edlies principi de curs (presencials)<\/h4>\n<ul>\n<li><strong><span style=\"color: #ff0000;\">1r ESO: Dilluns 20 de setembre de 19 a 20h<\/span><\/strong><\/li>\n<li><strong><span style=\"color: #ff0000;\">2n ESO: Dimarts 21 de setembre de 19 a 20h<\/span><\/strong><\/li>\n<li><strong><span style=\"color: #ff0000;\">3r ESO: Dimecres 22 de setembre de 19 a 20h<\/span><\/strong><\/li>\n<li><strong><span style=\"color: #ff0000;\">4t ESO: Dijous 23 de setembre de 19 a 20h<\/span><\/strong><\/li>\n<li><strong><span style=\"color: #ff0000;\">BATX: Dijous 7 d&#8217;octubre de 19 a 20h<\/span><\/strong><\/li>\n<li><span style=\"color: #ff0000;\"><strong>CCFF: Dijous 14 d&#8217;octubre de 19 a 20h<\/strong><\/span><\/li>\n<\/ul>\n<\/li>\n<li>\n<h4><a href=\"https:\/\/agora.xtec.cat\/iesmonturiol\/documents\/ieduca\/\" target=\"_blank\" rel=\"noopener noreferrer\">Informaci\u00f3 i tutorials de l&#8217;aplicaci\u00f3 IEduca per a les fam\u00edlies<\/a><\/h4>\n<\/li>\n<li>\n<h4><a href=\"https:\/\/docs.google.com\/document\/d\/1Rg4zE6Ext6Y3ZOHdhRe6cMTJcuMk_aKh\/edit?usp=sharing&amp;ouid=114073023599938774825&amp;rtpof=true&amp;sd=true\" target=\"_blank\" rel=\"noopener noreferrer\">Pla d&#8217;Organitzaci\u00f3 de centre 2021-22 (POC)<\/a><\/h4>\n<\/li>\n<li>\n<h4><a href=\"https:\/\/educacio.gencat.cat\/web\/shared\/continguts_per_compartir\/ENS\/salut-escola\/documentacio\/escoles\/2021-2022\/20210830-pla-actuacio-centres-2021-2022.pdf\" target=\"_blank\" rel=\"noopener noreferrer\">Instruccions COVID-19 d&#8217; Educaci\u00f3 i Salut per als centres<\/a><\/h4>\n<\/li>\n<li>\n<h4><a href=\"https:\/\/www.altemporda.org\/portal\/attachments\/article\/633\/INS%20CENDRASSOS%20-%20INS%20N.%20MONTURIOL.pdf\" target=\"_blank\" rel=\"noopener noreferrer\">Horaris del transport escolar<\/a><\/h4>\n<\/li>\n<\/ul>\n<p><a href=\"https:\/\/agora.xtec.cat\/iesmonturiol\/wp-content\/uploads\/usu1826\/2021\/09\/mesures-organitzatives-centres-21-22-scaled.jpg\"><img loading=\"lazy\" decoding=\"async\" class=\"wp-image-4322 alignleft\" src=\"https:\/\/agora.xtec.cat\/iesmonturiol\/wp-content\/uploads\/usu1826\/2021\/09\/mesures-organitzatives-centres-21-22-170x300.jpg\" alt=\"\" width=\"498\" height=\"879\" srcset=\"https:\/\/agora.xtec.cat\/iesmonturiol\/wp-content\/uploads\/usu1826\/2021\/09\/mesures-organitzatives-centres-21-22-170x300.jpg 170w, https:\/\/agora.xtec.cat\/iesmonturiol\/wp-content\/uploads\/usu1826\/2021\/09\/mesures-organitzatives-centres-21-22-581x1024.jpg 581w, https:\/\/agora.xtec.cat\/iesmonturiol\/wp-content\/uploads\/usu1826\/2021\/09\/mesures-organitzatives-centres-21-22-1162x2048.jpg 1162w\" sizes=\"auto, (max-width: 498px) 100vw, 498px\" \/><\/a><\/p>\n<p>&nbsp;<\/p>\n<p>&nbsp;<\/p>\n<p>&nbsp;<\/p>\n<p>&nbsp;<\/p>\n<p>&nbsp;<\/p>\n<p>&nbsp;<\/p>\n<p>&nbsp;<\/p>\n<p>&nbsp;<\/p>\n<p>&nbsp;<\/p>\n<p>&nbsp;<\/p>\n<p>&nbsp;<\/p>\n<p>&nbsp;<\/p>\n<p>&nbsp;<\/p>\n<p>&nbsp;<\/p>\n<p>&nbsp;<\/p>\n<p>&nbsp;<\/p>\n<p>&nbsp;<\/p>\n<p>&nbsp;<\/p>\n<p>&nbsp;<\/p>\n<p>&nbsp;<\/p>\n<p>&nbsp;<\/p>\n","protected":false},"excerpt":{"rendered":"<ul>\n<li>\n<a href=\"https:\/\/agora.xtec.cat\/iesmonturiol\/linstitut\/calendari-del-curs\/\" target=\"_blank\" rel=\"noopener noreferrer\">Calendari i horaris inici de curs <\/a><a href=\"http:\/\/ensenyament.gencat.cat\/ca\/actualitat\/escolasegura\/\" target=\"_blank\" rel=\"noopener noreferrer\"><\/a>\n<\/li>\n<li>\n<a href=\"https:\/\/agora.xtec.cat\/iesmonturiol\/documents\/llibres-i-material\/\" target=\"_blank\" rel=\"noopener noreferrer\">Llibres de Text i material did\u00e0ctic<\/a>\n<\/li>\n<li>\n<a href=\"https:\/\/drive.google.com\/file\/d\/1WpgnJf1ehq3jzNTZteNFUSs_5rq39ZZ1\/view?usp=sharing\" target=\"_blank\" rel=\"noopener\">Carta informativa fam\u00edlies ESO &#8211; BATX<\/a>\n<\/li>\n<li>\n<a href=\"https:\/\/drive.google.com\/file\/d\/1YfXMLCIdHgN_5DCJHwb1BfZ--jGSRxk9\/view?usp=sharing\" target=\"_blank\" rel=\"noopener\">Carta informativa fam\u00edlies Cicles Formatius<\/a>\n<\/li>\n<li>\n<a href=\"https:\/\/drive.google.com\/file\/d\/1KD9ArhS6_9FoKDj8LQztBK9xYihFw51h\/view?usp=sharing\" target=\"_blank\" rel=\"noopener\">Declaraci\u00f3 responsable COVID-19 majors&hellip;  <a href=\"https:\/\/agora.xtec.cat\/iesmonturiol\/inici-de-curs\/\" title=\"Read Inici de curs\">Llegeix m\u00e9s\u00bb<\/a><\/p>\n","protected":false},"author":1,"featured_media":0,"parent":0,"menu_order":0,"comment_status":"closed","ping_status":"closed","template":"","meta":{"_bbp_topic_count":0,"_bbp_reply_count":0,"_bbp_total_topic_count":0,"_bbp_total_reply_count":0,"_bbp_voice_count":0,"_bbp_anonymous_reply_count":0,"_bbp_topic_count_hidden":0,"_bbp_reply_count_hidden":0,"_bbp_forum_subforum_count":0,"footnotes":""},"class_list":["post-3434","page","type-page","status-publish","hentry"],"post_mailing_queue_ids":[],"_links":{"self":[{"href":"https:\/\/agora.xtec.cat\/iesmonturiol\/wp-json\/wp\/v2\/pages\/3434","targetHints":{"allow":["GET"]}}],"collection":[{"href":"https:\/\/agora.xtec.cat\/iesmonturiol\/wp-json\/wp\/v2\/pages"}],"about":[{"href":"https:\/\/agora.xtec.cat\/iesmonturiol\/wp-json\/wp\/v2\/types\/page"}],"author":[{"embeddable":true,"href":"https:\/\/agora.xtec.cat\/iesmonturiol\/wp-json\/wp\/v2\/users\/1"}],"replies":[{"embeddable":true,"href":"https:\/\/agora.xtec.cat\/iesmonturiol\/wp-json\/wp\/v2\/comments?post=3434"}],"version-history":[{"count":3,"href":"https:\/\/agora.xtec.cat\/iesmonturiol\/wp-json\/wp\/v2\/pages\/3434\/revisions"}],"predecessor-version":[{"id":4323,"href":"https:\/\/agora.xtec.cat\/iesmonturiol\/wp-json\/wp\/v2\/pages\/3434\/revisions\/4323"}],"wp:attachment":[{"href":"https:\/\/agora.xtec.cat\/iesmonturiol\/wp-json\/wp\/v2\/media?parent=3434"}],"curies":[{"name":"wp","href":"https:\/\/api.w.org\/{rel}","templated":true}]}}