{"id":2558,"date":"2020-02-06T18:59:57","date_gmt":"2020-02-06T17:59:57","guid":{"rendered":"http:\/\/agora.xtec.cat\/iesmonturiol\/?page_id=2558"},"modified":"2025-10-26T13:20:42","modified_gmt":"2025-10-26T12:20:42","slug":"curs-formacio-soc","status":"publish","type":"page","link":"https:\/\/agora.xtec.cat\/iesmonturiol\/curs-formacio-soc\/","title":{"rendered":"Curs Formaci\u00f3 SOC"},"content":{"rendered":"<p>Els certificats professionals s\u00f3n documents oficials que acrediten les compet\u00e8ncies professionals i garanteixen que la persona que els obt\u00e9 t\u00e9 els coneixements, les habilitats i les aptituds per desenvolupar una activitat laboral d&#8217;acord amb les exig\u00e8ncies del mercat de treball.<\/p>\n<p>L&#8217;oferta formativa es programa durant el curs. En aquest moments s&#8217;ofereix:<\/p>\n<p><strong>\u00a0TMVG0409 &#8211; Manteniment del motor i dels seus sistemes auxiliars<\/strong>.\u00a0(Electromec\u00e0nica de vehicles). Nivell 2. (Inici previst: 24\/11\/2025)<\/p>\n<p>Per m\u00e9s informaci\u00f3, consulteu la <a href=\"https:\/\/drive.google.com\/file\/d\/1v7_y-mtQpvei8TxZThpzlhIkhbBm4CzV\/view?usp=sharing\" target=\"_blank\" rel=\"noopener\">Fitxa del certificat<\/a><em>.<\/em><\/p>\n<table style=\"width: 100%; border-collapse: collapse;\">\n<tbody>\n<tr>\n<td style=\"width: 25%; border-style: hidden;\"><img loading=\"lazy\" decoding=\"async\" class=\" wp-image-6670 aligncenter\" style=\"font-size: 16px;\" src=\"https:\/\/agora.xtec.cat\/iesmonturiol\/wp-content\/uploads\/usu1826\/2025\/10\/generalita_de_catalunya.jpg\" alt=\"\" width=\"520\" height=\"131\" srcset=\"https:\/\/agora.xtec.cat\/iesmonturiol\/wp-content\/uploads\/usu1826\/2025\/10\/generalita_de_catalunya.jpg 1040w, https:\/\/agora.xtec.cat\/iesmonturiol\/wp-content\/uploads\/usu1826\/2025\/10\/generalita_de_catalunya-300x76.jpg 300w, https:\/\/agora.xtec.cat\/iesmonturiol\/wp-content\/uploads\/usu1826\/2025\/10\/generalita_de_catalunya-1024x258.jpg 1024w, https:\/\/agora.xtec.cat\/iesmonturiol\/wp-content\/uploads\/usu1826\/2025\/10\/generalita_de_catalunya-768x193.jpg 768w\" sizes=\"auto, (max-width: 520px) 100vw, 520px\" \/><\/td>\n<td style=\"width: 25%; border-style: hidden;\"><img loading=\"lazy\" decoding=\"async\" class=\"wp-image-6671 size-full aligncenter\" style=\"font-size: 16px;\" src=\"https:\/\/agora.xtec.cat\/iesmonturiol\/wp-content\/uploads\/usu1826\/2025\/10\/Logo_SOC.png\" alt=\"\" width=\"535\" height=\"94\" srcset=\"https:\/\/agora.xtec.cat\/iesmonturiol\/wp-content\/uploads\/usu1826\/2025\/10\/Logo_SOC.png 535w, https:\/\/agora.xtec.cat\/iesmonturiol\/wp-content\/uploads\/usu1826\/2025\/10\/Logo_SOC-300x53.png 300w\" sizes=\"auto, (max-width: 535px) 100vw, 535px\" \/><\/td>\n<td style=\"width: 25%; border-style: hidden;\"><img loading=\"lazy\" decoding=\"async\" class=\"alignleft size-full wp-image-6672\" src=\"https:\/\/agora.xtec.cat\/iesmonturiol\/wp-content\/uploads\/usu1826\/2025\/10\/logo_Agencia.png\" alt=\"\" width=\"400\" height=\"125\" srcset=\"https:\/\/agora.xtec.cat\/iesmonturiol\/wp-content\/uploads\/usu1826\/2025\/10\/logo_Agencia.png 400w, https:\/\/agora.xtec.cat\/iesmonturiol\/wp-content\/uploads\/usu1826\/2025\/10\/logo_Agencia-300x94.png 300w\" sizes=\"auto, (max-width: 400px) 100vw, 400px\" \/><\/td>\n<td style=\"width: 25%; border-style: hidden;\"><img loading=\"lazy\" decoding=\"async\" class=\"alignleft size-full wp-image-6669\" src=\"https:\/\/agora.xtec.cat\/iesmonturiol\/wp-content\/uploads\/usu1826\/2025\/10\/Logotipo_del_Ministerio_de_Educacion_y_Formacion_Profesional.svg_1.png\" alt=\"\" width=\"768\" height=\"192\" srcset=\"https:\/\/agora.xtec.cat\/iesmonturiol\/wp-content\/uploads\/usu1826\/2025\/10\/Logotipo_del_Ministerio_de_Educacion_y_Formacion_Profesional.svg_1.png 768w, https:\/\/agora.xtec.cat\/iesmonturiol\/wp-content\/uploads\/usu1826\/2025\/10\/Logotipo_del_Ministerio_de_Educacion_y_Formacion_Profesional.svg_1-300x75.png 300w\" sizes=\"auto, (max-width: 768px) 100vw, 768px\" \/><\/td>\n<\/tr>\n<\/tbody>\n<\/table>\n","protected":false},"excerpt":{"rendered":"<p>Els certificats professionals s\u00f3n documents oficials que acrediten les compet\u00e8ncies professionals i garanteixen que la persona que els obt\u00e9 t\u00e9 els coneixements, les habilitats i les aptituds per desenvolupar una activitat laboral d&#8217;acord amb les exig\u00e8ncies del mercat de treball.<br \/>\nL&#8217;oferta formativa es programa durant el&hellip;  <a href=\"https:\/\/agora.xtec.cat\/iesmonturiol\/curs-formacio-soc\/\" title=\"Read Curs Formaci\u00f3 SOC\">Llegeix m\u00e9s\u00bb<\/a><\/p>\n","protected":false},"author":1,"featured_media":0,"parent":0,"menu_order":0,"comment_status":"closed","ping_status":"closed","template":"","meta":{"_bbp_topic_count":0,"_bbp_reply_count":0,"_bbp_total_topic_count":0,"_bbp_total_reply_count":0,"_bbp_voice_count":0,"_bbp_anonymous_reply_count":0,"_bbp_topic_count_hidden":0,"_bbp_reply_count_hidden":0,"_bbp_forum_subforum_count":0,"footnotes":""},"class_list":["post-2558","page","type-page","status-publish","hentry"],"post_mailing_queue_ids":[],"_links":{"self":[{"href":"https:\/\/agora.xtec.cat\/iesmonturiol\/wp-json\/wp\/v2\/pages\/2558","targetHints":{"allow":["GET"]}}],"collection":[{"href":"https:\/\/agora.xtec.cat\/iesmonturiol\/wp-json\/wp\/v2\/pages"}],"about":[{"href":"https:\/\/agora.xtec.cat\/iesmonturiol\/wp-json\/wp\/v2\/types\/page"}],"author":[{"embeddable":true,"href":"https:\/\/agora.xtec.cat\/iesmonturiol\/wp-json\/wp\/v2\/users\/1"}],"replies":[{"embeddable":true,"href":"https:\/\/agora.xtec.cat\/iesmonturiol\/wp-json\/wp\/v2\/comments?post=2558"}],"version-history":[{"count":5,"href":"https:\/\/agora.xtec.cat\/iesmonturiol\/wp-json\/wp\/v2\/pages\/2558\/revisions"}],"predecessor-version":[{"id":6674,"href":"https:\/\/agora.xtec.cat\/iesmonturiol\/wp-json\/wp\/v2\/pages\/2558\/revisions\/6674"}],"wp:attachment":[{"href":"https:\/\/agora.xtec.cat\/iesmonturiol\/wp-json\/wp\/v2\/media?parent=2558"}],"curies":[{"name":"wp","href":"https:\/\/api.w.org\/{rel}","templated":true}]}}