{"id":1868,"date":"2019-05-09T11:45:58","date_gmt":"2019-05-09T09:45:58","guid":{"rendered":"http:\/\/agora.xtec.cat\/iesmonturiol\/?page_id=1868"},"modified":"2026-03-25T10:19:31","modified_gmt":"2026-03-25T09:19:31","slug":"preinscripcio-cicles-formatius-de-grau-mitja","status":"publish","type":"page","link":"https:\/\/agora.xtec.cat\/iesmonturiol\/secretaria\/preinscripcio\/preinscripcio-cicles-formatius-de-grau-mitja\/","title":{"rendered":"CICLES FORMATIUS DE GRAU MITJ\u00c0"},"content":{"rendered":"<h5><\/h5>\n<ul>\n<li>Tota la informaci\u00f3 al web<a href=\"https:\/\/preinscripcio.gencat.cat\/ca\/estudis\/fp-grau-mitja\/inici\/\" target=\"_blank\" rel=\"noopener\"><strong> Preinscripci\u00f3 26\/27: CFGM<\/strong><\/a><\/li>\n<li>Consulteu la informaci\u00f3 de portes obertes de la nostra web.<\/li>\n<li>Consulteu les <a href=\"https:\/\/preinscripcio.gencat.cat\/ca\/estudis\/fp-grau-mitja\/informat\/consulta-notes-tall\/\" target=\"_blank\" rel=\"noopener\">notes de tall de refer\u00e8ncia<\/a> del curs passat.<\/li>\n<li>Per qualsevol dubte o aclariment, empleneu el seg\u00fcent <a href=\"https:\/\/docs.google.com\/forms\/d\/e\/1FAIpQLSdf0s5lXVBV1KTrDhy4X_smq08mNhzNPgfHdql4x0C_4ao-Iw\/viewform\" target=\"_blank\" rel=\"noopener\">formulari<\/a>.<\/li>\n<\/ul>\n<hr \/>\n<p>22 de maig de 2026: oferta inicial de places escolars<\/p>\n<p>Del 26 de maig a l&#8217;1 de juny de 2026: presentaci\u00f3 sol\u00b7licituds. \u00c9s telem\u00e0tic.<\/p>\n<p>29 de juny de 2026: publicaci\u00f3 de la llista amb la puntuaci\u00f3 provisional<\/p>\n<p>Del 29 de juny al 2 de juliol de 2026: presentaci\u00f3 reclamacions<\/p>\n<p>6 de juliol de 2026: sorteig de n\u00famero de desempat<\/p>\n<p>7 de juliol de 2026: publicaci\u00f3 de llistes amb el barem un cop resoltes les reclamacions<\/p>\n<p>10 de juliol de 2026: publicaci\u00f3 de l&#8217;oferta final<\/p>\n<p>10 de juliol de 2026: llista de places assignades de la primera tanda, amb indicaci\u00f3 de la petici\u00f3 atesa de l&#8217;alumne\/a<\/p>\n<div class=\"col content-col\">\n<p>Del 10 al 14 de juliol de 2026: confirma la matr\u00edcula, millora l&#8217;assignaci\u00f3 o renuncia a la pla\u00e7a assignada<\/p>\n<div class=\"bloc-mobil\">\n<div class=\"descripcio link-dotted\">\n<p><strong>Nom\u00e9s es podran matricular els que hagin accedit a la primera opci\u00f3 (en el llistat d&#8217;admesos, columna <em>Ordre de Petici\u00f3<\/em>).<\/strong><\/p>\n<p>En aquest per\u00edode, pots:<\/p>\n<ul>\n<li><strong>Confirmar la matr\u00edcula<\/strong> en l\u00ednia si tens assignada la teva primera opci\u00f3 en la primera assignaci\u00f3; o<\/li>\n<li><strong>Millorar l&#8217;assignaci\u00f3<\/strong>; o<\/li>\n<li><strong>Renunciar<\/strong> a la pla\u00e7a assignada.<\/li>\n<\/ul>\n<p>Has de tenir en compte que si renuncies o no fas la confirmaci\u00f3 de matr\u00edcula en l\u00ednia, perdr\u00e0s la pla\u00e7a assignada i quedar\u00e0s excl\u00f2s\/osa del proc\u00e9s.<\/p>\n<p><strong>Tot i haver confirmat la matr\u00edcula en l\u00ednia has de completar la matr\u00edcula adre\u00e7ant-te al centre assignat.<\/strong><\/p>\n<div class=\"col content-col\">\n<p>Del 10 al 16 de juliol de 2026, fins a les 14 h: per\u00edode per completar la matr\u00edcula al centre (primera tanda). L&#8217;horari de secretaria \u00e9s de 9:00 a 14:00 h.<\/p>\n<div class=\"bloc-mobil\">\n<div class=\"descripcio link-dotted\">\n<p><em><strong>En cas que l\u2019alumne\/a sigui menor d\u2019edat, ha de venir acompanyat pel seu pare \/ mare \/ tutor legal.<\/strong><\/em><\/p>\n<p>Documentaci\u00f3 que cal portar per la matr\u00edcula:<\/p>\n<ul>\n<li style=\"list-style-type: none;\">\n<ul>\n<li>Original del DNI de l\u2019alumne\/a.<\/li>\n<li>Si l&#8217;alumne\/a \u00e9s menor d&#8217;edat, original del DNI del pare, mare o tutor\/a legal.<\/li>\n<li>Si l&#8217;alumne\/a \u00e9s menor d&#8217;edat, original del Llibre de Fam\u00edlia.<\/li>\n<li>Original de la TSI (Targeta Sanit\u00e0ria Individual) de l\u2019alumne\/a.<\/li>\n<li>Documentaci\u00f3 acreditativa d&#8217;un dels requisits d&#8217;acc\u00e9s als cicles:\n<ul>\n<li>Resguard o T\u00edtol de graduat en educaci\u00f3 secund\u00e0ria obligat\u00f2ria.<\/li>\n<li>T\u00edtol del curs espec\u00edfic per a l&#8217;acc\u00e9s als cicles formatius de grau mitj\u00e0 (CAM).<\/li>\n<li>Haver superat els m\u00f2duls obligatoris d&#8217;un programa de qualificaci\u00f3 professional inicial (PQPI).<\/li>\n<\/ul>\n<\/li>\n<\/ul>\n<\/li>\n<\/ul>\n<\/div>\n<\/div>\n<\/div>\n<\/div>\n<\/div>\n<\/div>\n<hr \/>\n<p>24 de juliol de 2026: llista de places assignades en la segona tanda d&#8217;assignaci\u00f3 i en la proposta d&#8217;assignaci\u00f3<\/p>\n<div class=\"col content-col\">\n<p>Del 24 al 28 de juliol de 2026: confirma la matr\u00edcula o renuncia a la pla\u00e7a assignada<\/p>\n<div class=\"bloc-mobil\">\n<div class=\"descripcio link-dotted\">\n<p>En aquest per\u00edode, pots:<\/p>\n<ul>\n<li><strong>Confirmar la matr\u00edcula<\/strong> en l\u00ednia si acceptes la pla\u00e7a assignada en la segona tanda d&#8217;assignaci\u00f3; o<\/li>\n<li><strong>Renunciar<\/strong> a la pla\u00e7a assignada.<\/li>\n<\/ul>\n<p>Has de tenir en compte que si renuncies o no fas la confirmaci\u00f3 de matr\u00edcula en l\u00ednia, perdr\u00e0s la pla\u00e7a assignada i quedar\u00e0s excl\u00f2s\/osa del proc\u00e9s.<\/p>\n<p><strong>Tot i haver confirmat la matr\u00edcula en l\u00ednia has de completar la matr\u00edcula adre\u00e7ant-te al centre assignat.<\/strong><\/p>\n<div class=\"col content-col\">\n<p>Del 24 al 29 de juliol de 2026, ambd\u00f3s inclosos: per\u00edode per completar la matr\u00edcula al centre (2a tanda i proposta d&#8217;assignaci\u00f3). Excepcionalment de l&#8217;1 al 3 de setembre de 2026.<\/p>\n<\/div>\n<\/div>\n<\/div>\n<\/div>\n<p style=\"text-align: right;\"><em>Data d&#8217;actualitzaci\u00f3: 25\/03\/26<\/em><\/p>\n","protected":false},"excerpt":{"rendered":"<ul>\n<li>Tota la informaci\u00f3 al web<a href=\"https:\/\/preinscripcio.gencat.cat\/ca\/estudis\/fp-grau-mitja\/inici\/\" target=\"_blank\" rel=\"noopener\"> Preinscripci\u00f3 26\/27: CFGM<\/a><\/li>\n<li>Consulteu la informaci\u00f3 de portes obertes de la nostra web.<\/li>\n<li>Consulteu les <a href=\"https:\/\/preinscripcio.gencat.cat\/ca\/estudis\/fp-grau-mitja\/informat\/consulta-notes-tall\/\" target=\"_blank\" rel=\"noopener\">notes de tall de refer\u00e8ncia<\/a> del curs passat.<\/li>\n<li>Per qualsevol dubte o aclariment, empleneu el seg\u00fcent <a href=\"https:\/\/docs.google.com\/forms\/d\/e\/1FAIpQLSdf0s5lXVBV1KTrDhy4X_smq08mNhzNPgfHdql4x0C_4ao-Iw\/viewform\" target=\"_blank\" rel=\"noopener\">formulari<\/a>.<\/li>\n<\/ul>\n<p>22 de maig&hellip;  <a href=\"https:\/\/agora.xtec.cat\/iesmonturiol\/secretaria\/preinscripcio\/preinscripcio-cicles-formatius-de-grau-mitja\/\" title=\"Read CICLES FORMATIUS DE GRAU MITJ\u00c0\">Llegeix m\u00e9s\u00bb<\/a><\/p>\n","protected":false},"author":1,"featured_media":0,"parent":977,"menu_order":0,"comment_status":"closed","ping_status":"closed","template":"page-templates\/side-menu.php","meta":{"_bbp_topic_count":0,"_bbp_reply_count":0,"_bbp_total_topic_count":0,"_bbp_total_reply_count":0,"_bbp_voice_count":0,"_bbp_anonymous_reply_count":0,"_bbp_topic_count_hidden":0,"_bbp_reply_count_hidden":0,"_bbp_forum_subforum_count":0,"footnotes":""},"class_list":["post-1868","page","type-page","status-publish","hentry"],"post_mailing_queue_ids":[],"_links":{"self":[{"href":"https:\/\/agora.xtec.cat\/iesmonturiol\/wp-json\/wp\/v2\/pages\/1868","targetHints":{"allow":["GET"]}}],"collection":[{"href":"https:\/\/agora.xtec.cat\/iesmonturiol\/wp-json\/wp\/v2\/pages"}],"about":[{"href":"https:\/\/agora.xtec.cat\/iesmonturiol\/wp-json\/wp\/v2\/types\/page"}],"author":[{"embeddable":true,"href":"https:\/\/agora.xtec.cat\/iesmonturiol\/wp-json\/wp\/v2\/users\/1"}],"replies":[{"embeddable":true,"href":"https:\/\/agora.xtec.cat\/iesmonturiol\/wp-json\/wp\/v2\/comments?post=1868"}],"version-history":[{"count":6,"href":"https:\/\/agora.xtec.cat\/iesmonturiol\/wp-json\/wp\/v2\/pages\/1868\/revisions"}],"predecessor-version":[{"id":6826,"href":"https:\/\/agora.xtec.cat\/iesmonturiol\/wp-json\/wp\/v2\/pages\/1868\/revisions\/6826"}],"up":[{"embeddable":true,"href":"https:\/\/agora.xtec.cat\/iesmonturiol\/wp-json\/wp\/v2\/pages\/977"}],"wp:attachment":[{"href":"https:\/\/agora.xtec.cat\/iesmonturiol\/wp-json\/wp\/v2\/media?parent=1868"}],"curies":[{"name":"wp","href":"https:\/\/api.w.org\/{rel}","templated":true}]}}