{"id":1478,"date":"2019-04-01T22:29:01","date_gmt":"2019-04-01T20:29:01","guid":{"rendered":"http:\/\/agora.xtec.cat\/iesmonturiol\/?page_id=1478"},"modified":"2025-01-15T00:00:22","modified_gmt":"2025-01-14T23:00:22","slug":"fp-dual","status":"publish","type":"page","link":"https:\/\/agora.xtec.cat\/iesmonturiol\/fp-dual\/","title":{"rendered":"FP Dual"},"content":{"rendered":"<p>&nbsp;<\/p>\n<table style=\"width: 90%; border-collapse: collapse; border-style: hidden; height: 175px;\" border=\"0\">\n<tbody>\n<tr style=\"height: 30px;\">\n<td style=\"width: 571px; height: 30px; border-style: hidden;\" colspan=\"2\">\n<h1>Qu\u00e8 \u00e9s l\u2019FP DUAL?<\/h1>\n<p>La <strong>formaci\u00f3 dual<\/strong> \u00e9s la modalitat de formaci\u00f3 professional (FP) en la qual l\u2019estudiant esdev\u00e9 aprenent i combina la formaci\u00f3 en el centre educatiu amb l\u2019activitat productiva en l\u2019empresa.<\/p>\n<p style=\"text-align: right;\"><b><span class=\"\">P<\/span><\/b><b style=\"font-family: inherit; font-size: 0.875em; line-height: 22.4px;\"><span class=\"\">er accedir al <\/span><span class=\"\">Web FPdual, \u00a0<\/span><\/b><b style=\"font-family: inherit; font-size: 1em; line-height: 1.6;\"><span class=\"\"><a href=\"https:\/\/projectes.xtec.cat\/fpdual\/\" target=\"_blank\" rel=\"noopener noreferrer\">cliqueu\u00a0aqu\u00ed<\/a><\/span><\/b><\/p>\n<\/td>\n<td style=\"width: 171px; height: 30px; border-style: hidden;\"><a href=\"https:\/\/projectes.xtec.cat\/fpdual\/\" target=\"_blank\" rel=\"noopener noreferrer\"><img loading=\"lazy\" decoding=\"async\" class=\"wp-image-1575 alignleft\" src=\"https:\/\/agora.xtec.cat\/iesmonturiol\/wp-content\/uploads\/usu1826\/2019\/04\/DUAL_alta.jpg\" alt=\"\" width=\"124\" height=\"125\" srcset=\"https:\/\/agora.xtec.cat\/iesmonturiol\/wp-content\/uploads\/usu1826\/2019\/04\/DUAL_alta.jpg 553w, https:\/\/agora.xtec.cat\/iesmonturiol\/wp-content\/uploads\/usu1826\/2019\/04\/DUAL_alta-150x150.jpg 150w, https:\/\/agora.xtec.cat\/iesmonturiol\/wp-content\/uploads\/usu1826\/2019\/04\/DUAL_alta-300x300.jpg 300w\" sizes=\"auto, (max-width: 124px) 100vw, 124px\" \/><\/a><\/td>\n<\/tr>\n<\/tbody>\n<\/table>\n<h2>Quins s\u00f3n els objectius?<\/h2>\n<ul>\n<li>Adequar la formaci\u00f3 professional a les necessitats de les empreses.<\/li>\n<li>Establir una major vinculaci\u00f3 i corresponsabilitat entre els centres de\u00a0formaci\u00f3 professional i les empreses, en el proc\u00e9s formatiu del jovent.<\/li>\n<li>Millorar el proc\u00e9s d\u2019aprenentatge dels estudiants de formaci\u00f3\u00a0professional.<\/li>\n<\/ul>\n<h2>Com es valora?<\/h2>\n<p>A partir d\u2019una enquesta realitzada entre l\u2019empresariat, els centres\u00a0educatius i els aprenents, destaquen les valoracions seg\u00fcents:<\/p>\n<table class=\"alignleft\" style=\"height: 129px; width: 98.3315%; border-collapse: collapse; border-style: hidden;\" border=\"0.5\">\n<tbody>\n<tr>\n<td style=\"width: 50%; border-style: hidden; text-align: left; vertical-align: top;\">\n<ul>\n<li>L\u2019aprenent esdev\u00e9 el relleu\u00a0dels treballadors jubilats.<\/li>\n<li>\u00c9s una oportunitat de\u00a0desenvolupament professional en un \u00e0mbit de treball real.<\/li>\n<li>Treballant a l\u2019empresa els estudiants entenen millor el que\u00a0els professors expliquen a classe.<\/li>\n<li>Participar en l\u2019alternan\u00e7a \u00e9s el futur de les nostres empreses.<\/li>\n<\/ul>\n<\/td>\n<td style=\"width: 50%; border-style: hidden; text-align: left; vertical-align: top;\">\n<ul>\n<li>L\u2019aprenent assumeix la\u00a0cultura i els procediments\u00a0de l\u2019empresa, a m\u00e9s de l\u2019ofici.\u00a0Inversi\u00f3 garantida!<\/li>\n<li>Els centres enforteixen els lla\u00e7os\u00a0amb les empreses de la zona.<\/li>\n<li>Treballar conjuntament\u00a0amb l\u2019empresa ajuda a millorar\u00a0la formaci\u00f3 dels estudiants.<\/li>\n<\/ul>\n<\/td>\n<\/tr>\n<\/tbody>\n<\/table>\n<p>&nbsp;<\/p>\n<p>&nbsp;<\/p>\n<p>&nbsp;<\/p>\n<p>&nbsp;<\/p>\n","protected":false},"excerpt":{"rendered":"<p>&nbsp;<\/p>\n<p>Qu\u00e8 \u00e9s l\u2019FP DUAL?<br \/>\nLa formaci\u00f3 dual \u00e9s la modalitat de formaci\u00f3 professional (FP) en la qual l\u2019estudiant esdev\u00e9 aprenent i combina la formaci\u00f3 en el centre educatiu amb l\u2019activitat productiva en l\u2019empresa.<br \/>\nPer accedir al Web FPdual, \u00a0<a href=\"https:\/\/projectes.xtec.cat\/fpdual\/\" target=\"_blank\" rel=\"noopener noreferrer\">cliqueu\u00a0aqu\u00ed<\/a><\/p>\n<p><a href=\"https:\/\/projectes.xtec.cat\/fpdual\/\" target=\"_blank\" rel=\"noopener noreferrer\"><\/a><\/p>\n<p>Quins&hellip;  <a href=\"https:\/\/agora.xtec.cat\/iesmonturiol\/fp-dual\/\" title=\"Read FP Dual\">Llegeix m\u00e9s\u00bb<\/a><\/p>\n","protected":false},"author":7,"featured_media":0,"parent":0,"menu_order":0,"comment_status":"closed","ping_status":"closed","template":"","meta":{"_bbp_topic_count":0,"_bbp_reply_count":0,"_bbp_total_topic_count":0,"_bbp_total_reply_count":0,"_bbp_voice_count":0,"_bbp_anonymous_reply_count":0,"_bbp_topic_count_hidden":0,"_bbp_reply_count_hidden":0,"_bbp_forum_subforum_count":0,"footnotes":""},"class_list":["post-1478","page","type-page","status-publish","hentry"],"post_mailing_queue_ids":[],"_links":{"self":[{"href":"https:\/\/agora.xtec.cat\/iesmonturiol\/wp-json\/wp\/v2\/pages\/1478","targetHints":{"allow":["GET"]}}],"collection":[{"href":"https:\/\/agora.xtec.cat\/iesmonturiol\/wp-json\/wp\/v2\/pages"}],"about":[{"href":"https:\/\/agora.xtec.cat\/iesmonturiol\/wp-json\/wp\/v2\/types\/page"}],"author":[{"embeddable":true,"href":"https:\/\/agora.xtec.cat\/iesmonturiol\/wp-json\/wp\/v2\/users\/7"}],"replies":[{"embeddable":true,"href":"https:\/\/agora.xtec.cat\/iesmonturiol\/wp-json\/wp\/v2\/comments?post=1478"}],"version-history":[{"count":7,"href":"https:\/\/agora.xtec.cat\/iesmonturiol\/wp-json\/wp\/v2\/pages\/1478\/revisions"}],"predecessor-version":[{"id":5861,"href":"https:\/\/agora.xtec.cat\/iesmonturiol\/wp-json\/wp\/v2\/pages\/1478\/revisions\/5861"}],"wp:attachment":[{"href":"https:\/\/agora.xtec.cat\/iesmonturiol\/wp-json\/wp\/v2\/media?parent=1478"}],"curies":[{"name":"wp","href":"https:\/\/api.w.org\/{rel}","templated":true}]}}