{"id":1362,"date":"2019-03-25T12:19:03","date_gmt":"2019-03-25T11:19:03","guid":{"rendered":"http:\/\/agora.xtec.cat\/iesmonturiol\/?page_id=1362"},"modified":"2019-04-03T17:07:41","modified_gmt":"2019-04-03T15:07:41","slug":"revista-ictinews","status":"publish","type":"page","link":"https:\/\/agora.xtec.cat\/iesmonturiol\/projectes-interdisciplinars\/revista-ictinews\/","title":{"rendered":"Revista Ictinews"},"content":{"rendered":"<h4><\/h4>\n<div>\n<p align=\"justify\">El mes de Febrer del 2005 va veure la llum el primer n\u00famero de la nova revista del centre. Batejada amb el nom d\u2019<em>Ictinews<\/em> en honor del fam\u00f3s submar\u00ed inventat per Narc\u00eds Monturiol la publicaci\u00f3 pret\u00e9n ser, des del seu inici, un lloc de participaci\u00f3 obert a tota la comunitat educativa: professors, alumnes, pares\u2026<\/p>\n<p align=\"justify\">La periodicitat de la revista va ser de dos n\u00fameros per curs escolar al seu origen i des del curs 2007-2008 d\u2019un n\u00famero anual. Impulsada per un Consell de Redacci\u00f3 format per professors i alumnes, n\u00famero rere n\u00famero pretenia millorar la qualitat de les seves p\u00e0gines. Despr\u00e9s d\u2019un per\u00edode on, per diverses raons, la revista va deixar de publicar-se, en el curs 2013-2014 se li pret\u00e9n donar un nou impuls amb la instauraci\u00f3 de la figura del Coordinador de Revista i amb la vinculaci\u00f3 amb el Parlament Verd, que representa la veu de tot l\u2019alumnat del centre com a assemblea de delegats. Aix\u00ed, a finals de juny del 2014 apareix la nova versi\u00f3 digital d\u2019<em>Ictinews<\/em>. El juny del 2016 es d\u00f3na un nou toc a la revista i es crea un nou disseny de <a href=\"http:\/\/ictinewsdigital.blogspot.com.es\/\" target=\"_blank\" rel=\"noopener noreferrer\">blog digital<\/a> que enlla\u00e7a amb el <a href=\"http:\/\/ictinews.blogspot.com.es\/\" target=\"_blank\" rel=\"noopener noreferrer\">blog ja existent<\/a> de l\u2019optativa de revista de 3r d\u2019ESO.<\/p>\n<table style=\"border-collapse: collapse; width: 100%;\" border=\"1\">\n<tbody>\n<tr>\n<td style=\"width: 50%; border-color: #fcfcfc;\">\n<div class=\"issuuembed\" style=\"width: 400px; height: 300px;\" data-configid=\"29379023\/47924351\"><\/div>\n<p><script type=\"text\/javascript\" src=\"\/\/e.issuu.com\/embed.js\" async=\"true\"><\/script><\/td>\n<td style=\"width: 50%; border-color: #fcfcfc;\">\n<div class=\"issuuembed\" style=\"width: 400px; height: 300px;\" data-configid=\"29379023\/47910801\"><\/div>\n<p><script type=\"text\/javascript\" src=\"\/\/e.issuu.com\/embed.js\" async=\"true\"><\/script><\/td>\n<\/tr>\n<tr>\n<td style=\"width: 50%; border-color: #fcfcfc;\"><\/td>\n<td style=\"width: 50%; border-color: #fcfcfc;\"><\/td>\n<\/tr>\n<tr>\n<td style=\"width: 50%; border-color: #fcfcfc;\">\n<div class=\"issuuembed\" style=\"width: 400px; height: 300px;\" data-configid=\"29379023\/47910936\"><\/div>\n<p><script type=\"text\/javascript\" src=\"\/\/e.issuu.com\/embed.js\" async=\"true\"><\/script><\/td>\n<td style=\"width: 50%; border-color: #fcfcfc;\">\n<div class=\"issuuembed\" style=\"width: 400px; height: 300px;\" data-configid=\"29379023\/47913148\"><\/div>\n<p><script type=\"text\/javascript\" src=\"\/\/e.issuu.com\/embed.js\" async=\"true\"><\/script><\/td>\n<\/tr>\n<tr>\n<td style=\"width: 50%; border-color: #fcfcfc;\">\n<div class=\"issuuembed\" style=\"width: 400px; height: 300px;\" data-configid=\"29379023\/47923819\"><\/div>\n<p><script type=\"text\/javascript\" src=\"\/\/e.issuu.com\/embed.js\" async=\"true\"><\/script><\/td>\n<td style=\"width: 50%; border-color: #fcfcfc;\">\n<div class=\"issuuembed\" style=\"width: 400px; height: 300px;\" data-configid=\"29379023\/47923894\"><\/div>\n<p><script type=\"text\/javascript\" src=\"\/\/e.issuu.com\/embed.js\" async=\"true\"><\/script><\/td>\n<\/tr>\n<tr>\n<td style=\"width: 50%; border-color: #fcfcfc;\">\n<div class=\"issuuembed\" style=\"width: 400px; height: 300px;\" data-configid=\"29379023\/47924158\"><\/div>\n<p><script type=\"text\/javascript\" src=\"\/\/e.issuu.com\/embed.js\" async=\"true\"><\/script><\/td>\n<td style=\"width: 50%; border-color: #fcfcfc;\">\n<div class=\"issuuembed\" style=\"width: 400px; height: 300px;\" data-configid=\"29379023\/47924203\"><\/div>\n<p><script type=\"text\/javascript\" src=\"\/\/e.issuu.com\/embed.js\" async=\"true\"><\/script><\/td>\n<\/tr>\n<tr>\n<td style=\"width: 50%; border-color: #fcfcfc;\">\n<div class=\"issuuembed\" style=\"width: 400px; height: 300px;\" data-configid=\"29379023\/47924229\"><\/div>\n<p><script type=\"text\/javascript\" src=\"\/\/e.issuu.com\/embed.js\" async=\"true\"><\/script><\/td>\n<td style=\"width: 50%; border-color: #fcfcfc;\">\n<div class=\"issuuembed\" style=\"width: 400px; height: 300px;\" data-configid=\"29379023\/47924241\"><\/div>\n<p><script type=\"text\/javascript\" src=\"\/\/e.issuu.com\/embed.js\" async=\"true\"><\/script><\/td>\n<\/tr>\n<tr>\n<td style=\"width: 50%; border-color: #fcfcfc;\">\n<div class=\"issuuembed\" style=\"width: 400px; height: 300px;\" data-configid=\"29379023\/47925094\"><\/div>\n<p><script type=\"text\/javascript\" src=\"\/\/e.issuu.com\/embed.js\" async=\"true\"><\/script><\/td>\n<td style=\"width: 50%; border-color: #fcfcfc;\"><a href=\"http:\/\/ictinewsdigital.blogspot.com.es\/\" target=\"_blank\" rel=\"noopener\"><img decoding=\"async\" src=\"http:\/\/www.iesmonturiol.net\/wordpress\/wp-content\/uploads\/2017\/04\/ictinewsdigital2016-1.jpg\" \/><\/a><\/td>\n<\/tr>\n<tr>\n<td style=\"width: 50%; border-color: #fcfcfc;\"><\/td>\n<td style=\"width: 50%; border-color: #fcfcfc;\"><\/td>\n<\/tr>\n<tr>\n<td style=\"width: 50%; border-color: #fcfcfc;\"><\/td>\n<td style=\"width: 50%; border-color: #fcfcfc;\"><\/td>\n<\/tr>\n<tr>\n<td style=\"width: 50%; border-color: #fcfcfc;\"><\/td>\n<td style=\"width: 50%; border-color: #fcfcfc;\"><\/td>\n<\/tr>\n<\/tbody>\n<\/table>\n<\/div>\n","protected":false},"excerpt":{"rendered":"<p>El mes de Febrer del 2005 va veure la llum el primer n\u00famero de la nova revista del centre. Batejada amb el nom d\u2019Ictinews en honor del fam\u00f3s submar\u00ed inventat per Narc\u00eds Monturiol la publicaci\u00f3 pret\u00e9n ser, des del seu inici, un lloc de participaci\u00f3&hellip;  <a href=\"https:\/\/agora.xtec.cat\/iesmonturiol\/projectes-interdisciplinars\/revista-ictinews\/\" title=\"Read Revista Ictinews\">Llegeix m\u00e9s\u00bb<\/a><\/p>\n","protected":false},"author":1,"featured_media":0,"parent":1372,"menu_order":0,"comment_status":"closed","ping_status":"closed","template":"","meta":{"_bbp_topic_count":0,"_bbp_reply_count":0,"_bbp_total_topic_count":0,"_bbp_total_reply_count":0,"_bbp_voice_count":0,"_bbp_anonymous_reply_count":0,"_bbp_topic_count_hidden":0,"_bbp_reply_count_hidden":0,"_bbp_forum_subforum_count":0,"footnotes":""},"class_list":["post-1362","page","type-page","status-publish","hentry"],"post_mailing_queue_ids":[],"_links":{"self":[{"href":"https:\/\/agora.xtec.cat\/iesmonturiol\/wp-json\/wp\/v2\/pages\/1362","targetHints":{"allow":["GET"]}}],"collection":[{"href":"https:\/\/agora.xtec.cat\/iesmonturiol\/wp-json\/wp\/v2\/pages"}],"about":[{"href":"https:\/\/agora.xtec.cat\/iesmonturiol\/wp-json\/wp\/v2\/types\/page"}],"author":[{"embeddable":true,"href":"https:\/\/agora.xtec.cat\/iesmonturiol\/wp-json\/wp\/v2\/users\/1"}],"replies":[{"embeddable":true,"href":"https:\/\/agora.xtec.cat\/iesmonturiol\/wp-json\/wp\/v2\/comments?post=1362"}],"version-history":[{"count":3,"href":"https:\/\/agora.xtec.cat\/iesmonturiol\/wp-json\/wp\/v2\/pages\/1362\/revisions"}],"predecessor-version":[{"id":1367,"href":"https:\/\/agora.xtec.cat\/iesmonturiol\/wp-json\/wp\/v2\/pages\/1362\/revisions\/1367"}],"up":[{"embeddable":true,"href":"https:\/\/agora.xtec.cat\/iesmonturiol\/wp-json\/wp\/v2\/pages\/1372"}],"wp:attachment":[{"href":"https:\/\/agora.xtec.cat\/iesmonturiol\/wp-json\/wp\/v2\/media?parent=1362"}],"curies":[{"name":"wp","href":"https:\/\/api.w.org\/{rel}","templated":true}]}}