{"id":9237,"date":"2019-01-17T10:58:28","date_gmt":"2019-01-17T09:58:28","guid":{"rendered":"http:\/\/agora.xtec.cat\/iesmontsoriu\/?page_id=9237"},"modified":"2025-11-21T11:11:11","modified_gmt":"2025-11-21T10:11:11","slug":"activitats-de-centre-18-19","status":"publish","type":"page","link":"https:\/\/agora.xtec.cat\/iesmontsoriu\/activitats-de-centre-18-19\/","title":{"rendered":"Activitats de centre"},"content":{"rendered":"<p><span style=\"font-weight: 400;\">\u00a0<\/span><a href=\"https:\/\/docs.google.com\/spreadsheets\/d\/15v1gBI-8Y-WJp6NZGUUNCV-VUtQciyrxqxDaZPEOlBQ\/edit?gid=0#gid=0\"><span style=\"font-weight: 400;\" data-rich-links=\"{&quot;fple-t&quot;:&quot;ACTIVITATS 2526&quot;,&quot;fple-u&quot;:&quot;https:\/\/docs.google.com\/spreadsheets\/d\/15v1gBI-8Y-WJp6NZGUUNCV-VUtQciyrxqxDaZPEOlBQ\/edit?gid=0#gid=0&quot;,&quot;fple-mt&quot;:&quot;application\/vnd.google-apps.ritz&quot;,&quot;type&quot;:&quot;first-party-link&quot;}\">ACTIVITATS 2526<\/span><\/a><\/p>\n\n\n<p><strong>Activitats de centre del curs <\/strong><\/p>\n\n\n\n<p>L\u2019Institut Montsoriu organitza al llarg del curs un conjunt d\u2019activitats, jornades i sortides que formen part del nostre projecte educatiu i complementen l\u2019activitat acad\u00e8mica. Aquestes propostes afavoreixen la conviv\u00e8ncia, la participaci\u00f3 i el desenvolupament global de l\u2019alumnat, i impliquen tots els sectors de la comunitat educativa.<\/p>\n\n\n\n<p>A continuaci\u00f3 us presentem el calendari general d\u2019activitats de centre:<\/p>\n\n\n\n<p><strong>Primer trimestre<\/strong><br>\u2013 CONFINT: 18 de setembre<br>\u2013 Setmana Bio per a l&#8217;Alimentaci\u00f3 Ecol\u00f2gica: del 14 al 22 d\u2019octubre<br>\u2013 Activitats de Castanyada: 30 d\u2019octubre<br>\u2013 Setmana de la Ci\u00e8ncia: del 3 al 16 de novembre<br>\u2013 Tallers de Nadal: 19 de desembre<\/p>\n\n\n\n<p><strong>Segon trimestre<\/strong><br>\u2013 DENIP (Dia Escolar de la No-viol\u00e8ncia i la Pau): 30 de gener<br>\u2013 Dijous Llarder: 12 de febrer<br>\u2013 Jornada d\u2019Orientaci\u00f3 per a l\u2019alumnat de 4t d\u2019ESO: 26 de febrer<br>\u2013 Portes Obertes: 4 de mar\u00e7<br>\u2013 Dia Internacional de les Dones: 9 de mar\u00e7<br>\u2013 Excursions de Treballs de S\u00edntesi: del 23 al 27 de mar\u00e7<br>\u2013 Viatge final d\u2019etapa de l\u2019ESO: del 24 al 27 de mar\u00e7<\/p>\n\n\n\n<p><strong>Tercer trimestre<\/strong><br>\u2013 Dia Mundial de l\u2019Activitat F\u00edsica: 6 d\u2019abril<br>\u2013 Sant Jordi: 23 d\u2019abril<br>\u2013 Graduaci\u00f3 de Postobligatori (alumnat, fam\u00edlies i professorat): 22 de maig<br>\u2013 Elaboraci\u00f3 de la Catifa InsMontsoriu (Enramades): 31 de maig<br>\u2013 Comiat de 4t d\u2019ESO (nom\u00e9s alumnat): 16 de juny<br>\u2013 Sortida a la Piscina d\u2019Arb\u00facies: 16 i 18 de juny<br>\u2013 Excursi\u00f3 l\u00fadica de final de curs (Waterworld o platja): 17 de juny<br>\u2013 Recollida de llibres, claus i ordinadors: 15 de juny<br>\u2013 Lliurament de notes: 19 de juny<\/p>\n\n\n\n<p>Aquest calendari es complementa amb altres activitats, xerrades, tallers i sortides que cada nivell realitza al llarg del curs, i que es comuniquen directament a les fam\u00edlies mitjan\u00e7ant les circulars.<\/p>\n\n\n\n<p>L\u2019Institut Montsoriu agraeix la implicaci\u00f3 de tot el professorat, del personal no docent i de les fam\u00edlies, que fan possible el desenvolupament de totes aquestes activitats.<\/p>\n\n\n\n<p><\/p>\n","protected":false},"excerpt":{"rendered":"<p>\u00a0ACTIVITATS 2526 Activitats de centre del curs L\u2019Institut Montsoriu organitza al llarg del curs un conjunt d\u2019activitats, jornades i sortides que formen part del nostre projecte educatiu i complementen l\u2019activitat acad\u00e8mica. Aquestes propostes afavoreixen la conviv\u00e8ncia, la participaci\u00f3 i el desenvolupament global de l\u2019alumnat, i impliquen tots els sectors de la comunitat educativa. A continuaci\u00f3 [&hellip;]<\/p>\n","protected":false},"author":1,"featured_media":0,"parent":0,"menu_order":0,"comment_status":"closed","ping_status":"closed","template":"","meta":{"_bbp_topic_count":0,"_bbp_reply_count":0,"_bbp_total_topic_count":0,"_bbp_total_reply_count":0,"_bbp_voice_count":0,"_bbp_anonymous_reply_count":0,"_bbp_topic_count_hidden":0,"_bbp_reply_count_hidden":0,"_bbp_forum_subforum_count":0,"site-sidebar-layout":"default","site-content-layout":"","ast-site-content-layout":"default","site-content-style":"default","site-sidebar-style":"default","ast-global-header-display":"","ast-banner-title-visibility":"","ast-main-header-display":"","ast-hfb-above-header-display":"","ast-hfb-below-header-display":"","ast-hfb-mobile-header-display":"","site-post-title":"","ast-breadcrumbs-content":"","ast-featured-img":"","footer-sml-layout":"","theme-transparent-header-meta":"","adv-header-id-meta":"","stick-header-meta":"","header-above-stick-meta":"","header-main-stick-meta":"","header-below-stick-meta":"","astra-migrate-meta-layouts":"set","ast-page-background-enabled":"default","ast-page-background-meta":{"desktop":{"background-color":"var(--ast-global-color-4)","background-image":"","background-repeat":"repeat","background-position":"center center","background-size":"auto","background-attachment":"scroll","background-type":"","background-media":"","overlay-type":"","overlay-color":"","overlay-opacity":"","overlay-gradient":""},"tablet":{"background-color":"","background-image":"","background-repeat":"repeat","background-position":"center center","background-size":"auto","background-attachment":"scroll","background-type":"","background-media":"","overlay-type":"","overlay-color":"","overlay-opacity":"","overlay-gradient":""},"mobile":{"background-color":"","background-image":"","background-repeat":"repeat","background-position":"center center","background-size":"auto","background-attachment":"scroll","background-type":"","background-media":"","overlay-type":"","overlay-color":"","overlay-opacity":"","overlay-gradient":""}},"ast-content-background-meta":{"desktop":{"background-color":"var(--ast-global-color-5)","background-image":"","background-repeat":"repeat","background-position":"center center","background-size":"auto","background-attachment":"scroll","background-type":"","background-media":"","overlay-type":"","overlay-color":"","overlay-opacity":"","overlay-gradient":""},"tablet":{"background-color":"var(--ast-global-color-5)","background-image":"","background-repeat":"repeat","background-position":"center center","background-size":"auto","background-attachment":"scroll","background-type":"","background-media":"","overlay-type":"","overlay-color":"","overlay-opacity":"","overlay-gradient":""},"mobile":{"background-color":"var(--ast-global-color-5)","background-image":"","background-repeat":"repeat","background-position":"center center","background-size":"auto","background-attachment":"scroll","background-type":"","background-media":"","overlay-type":"","overlay-color":"","overlay-opacity":"","overlay-gradient":""}},"footnotes":""},"class_list":["post-9237","page","type-page","status-publish","hentry"],"post_mailing_queue_ids":[],"_links":{"self":[{"href":"https:\/\/agora.xtec.cat\/iesmontsoriu\/wp-json\/wp\/v2\/pages\/9237","targetHints":{"allow":["GET"]}}],"collection":[{"href":"https:\/\/agora.xtec.cat\/iesmontsoriu\/wp-json\/wp\/v2\/pages"}],"about":[{"href":"https:\/\/agora.xtec.cat\/iesmontsoriu\/wp-json\/wp\/v2\/types\/page"}],"author":[{"embeddable":true,"href":"https:\/\/agora.xtec.cat\/iesmontsoriu\/wp-json\/wp\/v2\/users\/1"}],"replies":[{"embeddable":true,"href":"https:\/\/agora.xtec.cat\/iesmontsoriu\/wp-json\/wp\/v2\/comments?post=9237"}],"version-history":[{"count":4,"href":"https:\/\/agora.xtec.cat\/iesmontsoriu\/wp-json\/wp\/v2\/pages\/9237\/revisions"}],"predecessor-version":[{"id":12651,"href":"https:\/\/agora.xtec.cat\/iesmontsoriu\/wp-json\/wp\/v2\/pages\/9237\/revisions\/12651"}],"wp:attachment":[{"href":"https:\/\/agora.xtec.cat\/iesmontsoriu\/wp-json\/wp\/v2\/media?parent=9237"}],"curies":[{"name":"wp","href":"https:\/\/api.w.org\/{rel}","templated":true}]}}