{"id":49,"date":"2014-09-17T16:55:55","date_gmt":"2014-09-17T16:55:55","guid":{"rendered":"http:\/\/agora.xtec.cat\/iesmontsoriu\/?page_id=49"},"modified":"2025-06-03T11:00:02","modified_gmt":"2025-06-03T09:00:02","slug":"normes-dorganitzacio-i-funcionament","status":"publish","type":"page","link":"https:\/\/agora.xtec.cat\/iesmontsoriu\/linstitut\/normes-dorganitzacio-i-funcionament\/","title":{"rendered":"Documents de centre"},"content":{"rendered":"<p><span style=\"font-weight: 300;\">\u00a0<\/span><\/p>\n<ul>\n<li style=\"list-style-type: none;\">\n<ul>\n<li style=\"font-weight: 400;\" aria-level=\"3\"><a href=\"https:\/\/docs.google.com\/document\/d\/1Mxk4th9jl8bPcXAaJlI30T4sx01tIY_H74Ihc0LXFW8\/edit?tab=t.0\"><span style=\"font-weight: 400;\" data-rich-links=\"{&quot;fple-t&quot;:&quot;PEC InsMontsoriu 2025&quot;,&quot;fple-u&quot;:&quot;https:\/\/docs.google.com\/document\/d\/1Mxk4th9jl8bPcXAaJlI30T4sx01tIY_H74Ihc0LXFW8\/edit?tab=t.0&quot;,&quot;fple-mt&quot;:&quot;application\/vnd.google-apps.kix&quot;,&quot;type&quot;:&quot;first-party-link&quot;}\">PEC InsMontsoriu 2025<\/span><\/a><\/li>\n<li style=\"font-weight: 400;\" aria-level=\"3\"><a href=\"https:\/\/docs.google.com\/document\/d\/15xOR8oiWZpIKxvq2vz0vt1_IscI1wXMz7TJ4x1dxFGQ\/edit\"><span style=\"font-weight: 400;\" data-rich-links=\"{&quot;fple-t&quot;:&quot;PROJECTE LING\u00dc\u00cdSTIC InsMontsoriu 2022&quot;,&quot;fple-u&quot;:&quot;https:\/\/docs.google.com\/document\/d\/15xOR8oiWZpIKxvq2vz0vt1_IscI1wXMz7TJ4x1dxFGQ\/edit&quot;,&quot;fple-mt&quot;:&quot;application\/vnd.google-apps.kix&quot;,&quot;type&quot;:&quot;first-party-link&quot;}\">PROJECTE LING\u00dc\u00cdSTIC InsMontsoriu 2022<\/span><\/a><\/li>\n<li style=\"font-weight: 400;\" aria-level=\"3\"><a href=\"https:\/\/docs.google.com\/document\/d\/1cgsGvlhRflC5qFLtAeWrnnOxT0rd2xTzXCL7IAWE-5U\/edit?usp=sharing\"><span style=\"font-weight: 400;\">NOFC<\/span><\/a><span style=\"font-weight: 400;\"> aprovades el 2021<\/span><\/li>\n<li style=\"font-weight: 400;\" aria-level=\"3\"><a href=\"https:\/\/docs.google.com\/document\/d\/1K6gH9IetNWX2Do8SYOJ4v_EG-A7UO8_ZESPC6lrQ7t8\/edit?usp=sharing\"><span style=\"font-weight: 400;\">Projecte de Conviv\u00e8ncia<\/span><\/a><span style=\"font-weight: 400;\"> aprovat 2022<\/span><\/li>\n<li style=\"font-weight: 400;\" aria-level=\"3\"><a href=\"https:\/\/docs.google.com\/document\/d\/1gsIqEuRiv3d0BC_XBs3hxlpdD-O3jVO4tcV680_ixmc\/edit?usp=sharing\"><span style=\"font-weight: 400;\">Carta Comprom\u00eds<\/span><\/a><span style=\"font-weight: 400;\">\u00a0 2024<\/span><\/li>\n<li style=\"font-weight: 400;\" aria-level=\"3\"><span style=\"font-weight: 400;\">\u00a0<\/span><a href=\"https:\/\/docs.google.com\/document\/d\/16WCZcyvoK7WDAkSiw56ITh03NJ4dmiebQQRZ7r7esZQ\/edit?usp=drive_link\"><span style=\"font-weight: 400;\" data-rich-links=\"{&quot;fple-t&quot;:&quot;Estrat\u00e8gia digital de centre Institut Montsoriu&quot;,&quot;fple-u&quot;:&quot;https:\/\/docs.google.com\/document\/d\/16WCZcyvoK7WDAkSiw56ITh03NJ4dmiebQQRZ7r7esZQ\/edit?usp=drive_link&quot;,&quot;fple-mt&quot;:&quot;application\/vnd.google-apps.kix&quot;,&quot;type&quot;:&quot;first-party-link&quot;}\">Estrat\u00e8gia digital de centre Institut Montsoriu<\/span><\/a><\/li>\n<li aria-level=\"3\"><a href=\"https:\/\/docs.google.com\/document\/d\/11qydINcFT6DfwzMnmLEJtqKQuABBp3DZcciEuQo8ZlQ\/edit?usp=sharing\">Projecte esportiu de centre 2025<\/a><\/li>\n<li style=\"font-weight: 400;\" aria-level=\"3\"><a href=\"https:\/\/drive.google.com\/file\/d\/13H1CJ4R1WmyWQHN-hT-W8sXz0YiAcyPK\/view?usp=sharing\"><span style=\"font-weight: 400;\">Pla d\u2019Emerg\u00e8ncia<\/span><\/a><span style=\"font-weight: 400;\"> que es revisa cada any<\/span><\/li>\n<\/ul>\n<\/li>\n<\/ul>\n","protected":false},"excerpt":{"rendered":"<p>\u00a0 PEC InsMontsoriu 2025 PROJECTE LING\u00dc\u00cdSTIC InsMontsoriu 2022 NOFC aprovades el 2021 Projecte de Conviv\u00e8ncia aprovat 2022 Carta Comprom\u00eds\u00a0 2024 \u00a0Estrat\u00e8gia digital de centre Institut Montsoriu Projecte esportiu de centre 2025 Pla d\u2019Emerg\u00e8ncia que es revisa cada any<\/p>\n","protected":false},"author":1,"featured_media":0,"parent":19,"menu_order":60,"comment_status":"closed","ping_status":"closed","template":"","meta":{"_bbp_topic_count":0,"_bbp_reply_count":0,"_bbp_total_topic_count":0,"_bbp_total_reply_count":0,"_bbp_voice_count":0,"_bbp_anonymous_reply_count":0,"_bbp_topic_count_hidden":0,"_bbp_reply_count_hidden":0,"_bbp_forum_subforum_count":0,"site-sidebar-layout":"default","site-content-layout":"","ast-site-content-layout":"default","site-content-style":"default","site-sidebar-style":"default","ast-global-header-display":"","ast-banner-title-visibility":"","ast-main-header-display":"","ast-hfb-above-header-display":"","ast-hfb-below-header-display":"","ast-hfb-mobile-header-display":"","site-post-title":"","ast-breadcrumbs-content":"","ast-featured-img":"","footer-sml-layout":"","theme-transparent-header-meta":"","adv-header-id-meta":"","stick-header-meta":"","header-above-stick-meta":"","header-main-stick-meta":"","header-below-stick-meta":"","astra-migrate-meta-layouts":"set","ast-page-background-enabled":"default","ast-page-background-meta":{"desktop":{"background-color":"var(--ast-global-color-4)","background-image":"","background-repeat":"repeat","background-position":"center center","background-size":"auto","background-attachment":"scroll","background-type":"","background-media":"","overlay-type":"","overlay-color":"","overlay-opacity":"","overlay-gradient":""},"tablet":{"background-color":"","background-image":"","background-repeat":"repeat","background-position":"center center","background-size":"auto","background-attachment":"scroll","background-type":"","background-media":"","overlay-type":"","overlay-color":"","overlay-opacity":"","overlay-gradient":""},"mobile":{"background-color":"","background-image":"","background-repeat":"repeat","background-position":"center center","background-size":"auto","background-attachment":"scroll","background-type":"","background-media":"","overlay-type":"","overlay-color":"","overlay-opacity":"","overlay-gradient":""}},"ast-content-background-meta":{"desktop":{"background-color":"var(--ast-global-color-5)","background-image":"","background-repeat":"repeat","background-position":"center center","background-size":"auto","background-attachment":"scroll","background-type":"","background-media":"","overlay-type":"","overlay-color":"","overlay-opacity":"","overlay-gradient":""},"tablet":{"background-color":"var(--ast-global-color-5)","background-image":"","background-repeat":"repeat","background-position":"center center","background-size":"auto","background-attachment":"scroll","background-type":"","background-media":"","overlay-type":"","overlay-color":"","overlay-opacity":"","overlay-gradient":""},"mobile":{"background-color":"var(--ast-global-color-5)","background-image":"","background-repeat":"repeat","background-position":"center center","background-size":"auto","background-attachment":"scroll","background-type":"","background-media":"","overlay-type":"","overlay-color":"","overlay-opacity":"","overlay-gradient":""}},"footnotes":""},"class_list":["post-49","page","type-page","status-publish","hentry"],"post_mailing_queue_ids":[],"_links":{"self":[{"href":"https:\/\/agora.xtec.cat\/iesmontsoriu\/wp-json\/wp\/v2\/pages\/49","targetHints":{"allow":["GET"]}}],"collection":[{"href":"https:\/\/agora.xtec.cat\/iesmontsoriu\/wp-json\/wp\/v2\/pages"}],"about":[{"href":"https:\/\/agora.xtec.cat\/iesmontsoriu\/wp-json\/wp\/v2\/types\/page"}],"author":[{"embeddable":true,"href":"https:\/\/agora.xtec.cat\/iesmontsoriu\/wp-json\/wp\/v2\/users\/1"}],"replies":[{"embeddable":true,"href":"https:\/\/agora.xtec.cat\/iesmontsoriu\/wp-json\/wp\/v2\/comments?post=49"}],"version-history":[{"count":5,"href":"https:\/\/agora.xtec.cat\/iesmontsoriu\/wp-json\/wp\/v2\/pages\/49\/revisions"}],"predecessor-version":[{"id":12554,"href":"https:\/\/agora.xtec.cat\/iesmontsoriu\/wp-json\/wp\/v2\/pages\/49\/revisions\/12554"}],"up":[{"embeddable":true,"href":"https:\/\/agora.xtec.cat\/iesmontsoriu\/wp-json\/wp\/v2\/pages\/19"}],"wp:attachment":[{"href":"https:\/\/agora.xtec.cat\/iesmontsoriu\/wp-json\/wp\/v2\/media?parent=49"}],"curies":[{"name":"wp","href":"https:\/\/api.w.org\/{rel}","templated":true}]}}