{"id":43,"date":"2014-09-17T16:45:07","date_gmt":"2014-09-17T16:45:07","guid":{"rendered":"http:\/\/agora.xtec.cat\/iesmontserratroig\/?page_id=43"},"modified":"2024-05-12T10:34:30","modified_gmt":"2024-05-12T08:34:30","slug":"consell-escolar","status":"publish","type":"page","link":"https:\/\/agora.xtec.cat\/iesmontserratroig\/linstitut\/consell-escolar\/","title":{"rendered":"Consell escolar"},"content":{"rendered":"<p>El consell escolar del centre \u00e9s l&#8217;<strong>\u00f2rgan col\u00b7legiat de participaci\u00f3<\/strong> de la comunitat escolar en el govern del centre. La seva funci\u00f3 principal \u00e9s participar en la presa de decisions en relaci\u00f3 amb aquells temes importants per al funcionament i l&#8217;organitzaci\u00f3 del centre: el projecte educatiu, la programaci\u00f3 general, la gesti\u00f3 econ\u00f2mica, etc.<\/p>\n<p>En el consell escolar hi ha representats tots els col\u00b7lectius que intervenen en la comunitat educativa: director\/a, professorat, alumnat, personal d&#8217;administraci\u00f3 i serveis, etc.<\/p>\n<p>Els membres del consell escolar s\u00f3n elegits per un per\u00edode de quatre anys i es renoven per meitats cada dos anys<\/p>\n<p><strong><u>FUNCIONS<\/u><\/strong><\/p>\n<p>Corresponen al consell escolar les funcions seg\u00fcents:<\/p>\n<ul>\n<li>Participar en l&#8217;aprovaci\u00f3 del projecte educatiu i les seves modificacions. El consell escolar ha de ser consultat pel director de manera preceptiva per valorar la proposta del projecte educatiu i manifestar el seu suport amb una majoria de les tres cinquenes parts dels membres.<\/li>\n<li>Participar en l&#8217;aprovaci\u00f3 de la programaci\u00f3 general anual, de les normes de funcionament i de la gesti\u00f3 econ\u00f2mica del centre. El consell escolar ha de ser consultat de manera preceptiva per valorar cada una de les propostes i manifestar el seu suport per majoria simple dels membres.<\/li>\n<li>Avaluar l&#8217;aplicaci\u00f3 del projecte educatiu i de les seves modificacions aix\u00ed com de la resta de documents de gesti\u00f3 del centre.<\/li>\n<li>Aprovar les propostes d&#8217;acords de coresponsabilitat, convenis i altres acords de col\u00b7laboraci\u00f3 del centre amb entitats i institucions.<\/li>\n<li>Intervenir en el procediment d&#8217;admissi\u00f3 d&#8217;alumnes.<\/li>\n<li>Participar en el procediment de selecci\u00f3 i en la proposta de cessament del director o directora.<\/li>\n<li>Intervenir en la resoluci\u00f3 dels conflictes i, si escau, revisar les sancions als alumnes.<\/li>\n<li>Aprovar les directrius per a la programaci\u00f3 d&#8217;activitats escolars complement\u00e0ries i d&#8217;activitats extraescolars, i avaluar-ne el desenvolupament.<\/li>\n<li>Participar en les an\u00e0lisis i les avaluacions del funcionament general del centre i con\u00e8ixer l&#8217;evoluci\u00f3 del rendiment escolar.<\/li>\n<li>Aprovar els criteris de col\u00b7laboraci\u00f3 amb altres centres i amb l&#8217;entorn.<\/li>\n<li>Qualsevol altre que li sigui atribu\u00efda per les normes legals o reglament\u00e0ries.<\/li>\n<\/ul>\n<p><strong><u>COMPOSICI\u00d3 <\/u><\/strong><\/p>\n<p>En el nostre institut, el consell escolar est\u00e0 format per:<\/p>\n<ul>\n<li>La directora, que el presideix.<\/li>\n<li>La cap d&#8217;estudis.<\/li>\n<li>Una persona representant de l&#8217;ajuntament.<\/li>\n<li>La secret\u00e0ria-administradora.<\/li>\n<li>Tres representants del professorat, escollits pel claustre.<\/li>\n<li>Tres representants de l&#8217;alumnat<\/li>\n<li>Tres pares, mares o tutors\/es, elegits per ells i entre ells.<\/li>\n<li>Una persona representant del personal d&#8217;administraci\u00f3 i serveis, elegit per i entre aquest personal (PAS).<\/li>\n<li>Una persona representant del personal d&#8217;atenci\u00f3 educativa (PAE).<\/li>\n<\/ul>\n<p>&nbsp;<\/p>\n<p><strong>Consell Escolar Eleccions 2023<\/strong><\/p>\n<table class=\"aligncenter\" dir=\"ltr\" style=\"width: 67.6453%; height: 704px;\" border=\"1\" cellspacing=\"0\" cellpadding=\"0\" data-sheets-root=\"1\">\n<colgroup>\n<col width=\"158\" \/>\n<col width=\"158\" \/><\/colgroup>\n<tbody>\n<tr style=\"height: 48px;\">\n<td style=\"height: 48px; width: 41.4798%;\" data-sheets-value=\"{&quot;1&quot;:2,&quot;2&quot;:&quot;Representant de l'alumnat&quot;}\">Representant de l&#8217;alumnat<\/td>\n<td style=\"height: 48px; width: 29.8521%;\" data-sheets-value=\"{&quot;1&quot;:2,&quot;2&quot;:&quot;Bet Cunill Morral&quot;}\">Bet Cunill Morral<\/td>\n<\/tr>\n<tr style=\"height: 48px;\">\n<td style=\"height: 48px; width: 41.4798%;\" data-sheets-value=\"{&quot;1&quot;:2,&quot;2&quot;:&quot;Representant de l'alumnat&quot;}\">Representant de l&#8217;alumnat<\/td>\n<td style=\"height: 48px; width: 29.8521%;\" data-sheets-value=\"{&quot;1&quot;:2,&quot;2&quot;:&quot;Iv\u00e1n Cano Lara&quot;}\">Iv\u00e1n Cano Lara<\/td>\n<\/tr>\n<tr style=\"height: 48px;\">\n<td style=\"height: 48px; width: 41.4798%;\" data-sheets-value=\"{&quot;1&quot;:2,&quot;2&quot;:&quot;Representant de l'alumnat&quot;}\">Representant de l&#8217;alumnat<\/td>\n<td style=\"height: 48px; width: 29.8521%;\" data-sheets-value=\"{&quot;1&quot;:2,&quot;2&quot;:&quot;Ivet Garc\u00eda F\u00e9rriz&quot;}\">Ivet Garc\u00eda F\u00e9rriz<\/td>\n<\/tr>\n<tr style=\"height: 48px;\">\n<td style=\"height: 48px; width: 41.4798%;\" data-sheets-value=\"{&quot;1&quot;:2,&quot;2&quot;:&quot;Representant de l'AMPA&quot;}\">Representant de l&#8217;AMPA<\/td>\n<td style=\"height: 48px; width: 29.8521%;\" data-sheets-value=\"{&quot;1&quot;:2,&quot;2&quot;:&quot;Susana Castilla Ruso&quot;}\">Susana Castilla Ruso<\/td>\n<\/tr>\n<tr style=\"height: 48px;\">\n<td style=\"height: 48px; width: 41.4798%;\" data-sheets-value=\"{&quot;1&quot;:2,&quot;2&quot;:&quot;Representant de pares i mares&quot;}\">Representant de pares i mares<\/td>\n<td style=\"height: 48px; width: 29.8521%;\" data-sheets-value=\"{&quot;1&quot;:2,&quot;2&quot;:&quot;Helena Vilalta Farr\u00e9&quot;}\">Helena Vilalta Farr\u00e9<\/td>\n<\/tr>\n<tr style=\"height: 48px;\">\n<td style=\"height: 48px; width: 41.4798%;\" data-sheets-value=\"{&quot;1&quot;:2,&quot;2&quot;:&quot;Representant de pares i mares&quot;}\">Representant de pares i mares<\/td>\n<td style=\"height: 48px; width: 29.8521%;\" data-sheets-value=\"{&quot;1&quot;:2,&quot;2&quot;:&quot;Mar Rold\u00e1n Sancho&quot;}\">Mar Rold\u00e1n Sancho<\/td>\n<\/tr>\n<tr style=\"height: 48px;\">\n<td style=\"height: 48px; width: 41.4798%;\" data-sheets-value=\"{&quot;1&quot;:2,&quot;2&quot;:&quot;Representant del PAS&quot;}\">Representant del PAS<\/td>\n<td style=\"height: 48px; width: 29.8521%;\" data-sheets-value=\"{&quot;1&quot;:2,&quot;2&quot;:&quot;Dolors Montesinos Gonz\u00e1lez&quot;}\">Dolors Montesinos Gonz\u00e1lez<\/td>\n<\/tr>\n<tr style=\"height: 32px;\">\n<td style=\"height: 32px; width: 41.4798%;\" data-sheets-value=\"{&quot;1&quot;:2,&quot;2&quot;:&quot;Representant del PAE&quot;}\">Representant del PAE<\/td>\n<td style=\"height: 32px; width: 29.8521%;\" data-sheets-value=\"{&quot;1&quot;:2,&quot;2&quot;:&quot;Roger Umbert Pica\u00f1ol&quot;}\">Roger Umbert Pica\u00f1ol<\/td>\n<\/tr>\n<tr style=\"height: 48px;\">\n<td style=\"height: 48px; width: 41.4798%;\" data-sheets-value=\"{&quot;1&quot;:2,&quot;2&quot;:&quot;Representant del professorat&quot;}\">Representant del professorat<\/td>\n<td style=\"height: 48px; width: 29.8521%;\" data-sheets-value=\"{&quot;1&quot;:2,&quot;2&quot;:&quot;Irantzu Muniain Matos&quot;}\">Irantzu Muniain Matos<\/td>\n<\/tr>\n<tr style=\"height: 48px;\">\n<td style=\"height: 48px; width: 41.4798%;\" data-sheets-value=\"{&quot;1&quot;:2,&quot;2&quot;:&quot;Representant del professorat&quot;}\">Representant del professorat<\/td>\n<td style=\"height: 48px; width: 29.8521%;\" data-sheets-value=\"{&quot;1&quot;:2,&quot;2&quot;:&quot;Marc Miralles Melet&quot;}\">Marc Miralles Melet<\/td>\n<\/tr>\n<tr style=\"height: 48px;\">\n<td style=\"height: 48px; width: 41.4798%;\" data-sheets-value=\"{&quot;1&quot;:2,&quot;2&quot;:&quot;Representant del professorat&quot;}\">Representant del professorat<\/td>\n<td style=\"height: 48px; width: 29.8521%;\" data-sheets-value=\"{&quot;1&quot;:2,&quot;2&quot;:&quot;Elisenda Meix Castellano&quot;}\">Elisenda Meix Castellano<\/td>\n<\/tr>\n<tr style=\"height: 48px;\">\n<td style=\"height: 48px; width: 41.4798%;\" data-sheets-value=\"{&quot;1&quot;:2,&quot;2&quot;:&quot;Representant del professorat&quot;}\">Representant del professorat<\/td>\n<td style=\"height: 48px; width: 29.8521%;\" data-sheets-value=\"{&quot;1&quot;:2,&quot;2&quot;:&quot;Joan Pi Gonz\u00e1lez&quot;}\">Joan Pi Gonz\u00e1lez<\/td>\n<\/tr>\n<tr style=\"height: 48px;\">\n<td style=\"height: 48px; width: 41.4798%;\" data-sheets-value=\"{&quot;1&quot;:2,&quot;2&quot;:&quot;Representant del professorat&quot;}\">Representant del professorat<\/td>\n<td style=\"height: 48px; width: 29.8521%;\" data-sheets-value=\"{&quot;1&quot;:2,&quot;2&quot;:&quot;Anna Angulo Domenech&quot;}\">Anna Angulo Domenech<\/td>\n<\/tr>\n<tr style=\"height: 48px;\">\n<td style=\"height: 48px; width: 41.4798%;\" data-sheets-value=\"{&quot;1&quot;:2,&quot;2&quot;:&quot;Representant del professorat&quot;}\">Representant del professorat<\/td>\n<td style=\"height: 48px; width: 29.8521%;\" data-sheets-value=\"{&quot;1&quot;:2,&quot;2&quot;:&quot;Josep Triginer Garc\u00eda&quot;}\">Josep Triginer Garc\u00eda<\/td>\n<\/tr>\n<tr style=\"height: 48px;\">\n<td style=\"height: 48px; width: 41.4798%;\" data-sheets-value=\"{&quot;1&quot;:2,&quot;2&quot;:&quot;Representant de l'ajuntament&quot;}\">Representant de l&#8217;ajuntament<\/td>\n<td style=\"height: 48px; width: 29.8521%;\" data-sheets-value=\"{&quot;1&quot;:2,&quot;2&quot;:&quot;Anna Llongueras Orriols&quot;}\">Anna Llongueras Orriols<\/td>\n<\/tr>\n<\/tbody>\n<\/table>\n<p><a href=\"http:\/\/ensenyament.gencat.cat\/ca\/arees-actuacio\/centres-serveis-educatius\/centres\/consells-escolars-centres\/\">http:\/\/ensenyament.gencat.cat\/ca\/arees-actuacio\/centres-serveis-educatius\/centres\/consells-escolars-centres\/<\/a><\/p>\n<p>&nbsp;<\/p>\n","protected":false},"excerpt":{"rendered":"<p>El consell escolar del centre \u00e9s l&#8217;\u00f2rgan col\u00b7legiat de participaci\u00f3 de la comunitat escolar en el govern del centre. La seva funci\u00f3 principal \u00e9s participar en la presa de decisions en relaci\u00f3 amb aquells temes importants per al funcionament i l&#8217;organitzaci\u00f3 del centre: el projecte&hellip;  <a href=\"https:\/\/agora.xtec.cat\/iesmontserratroig\/linstitut\/consell-escolar\/\" title=\"Read Consell escolar\">Llegeix m\u00e9s\u00bb<\/a><\/p>\n","protected":false},"author":1,"featured_media":0,"parent":19,"menu_order":40,"comment_status":"closed","ping_status":"closed","template":"page-templates\/side-menu.php","meta":{"_bbp_topic_count":0,"_bbp_reply_count":0,"_bbp_total_topic_count":0,"_bbp_total_reply_count":0,"_bbp_voice_count":0,"_bbp_anonymous_reply_count":0,"_bbp_topic_count_hidden":0,"_bbp_reply_count_hidden":0,"_bbp_forum_subforum_count":0,"footnotes":""},"class_list":["post-43","page","type-page","status-publish","hentry"],"post_mailing_queue_ids":[],"_links":{"self":[{"href":"https:\/\/agora.xtec.cat\/iesmontserratroig\/wp-json\/wp\/v2\/pages\/43","targetHints":{"allow":["GET"]}}],"collection":[{"href":"https:\/\/agora.xtec.cat\/iesmontserratroig\/wp-json\/wp\/v2\/pages"}],"about":[{"href":"https:\/\/agora.xtec.cat\/iesmontserratroig\/wp-json\/wp\/v2\/types\/page"}],"author":[{"embeddable":true,"href":"https:\/\/agora.xtec.cat\/iesmontserratroig\/wp-json\/wp\/v2\/users\/1"}],"replies":[{"embeddable":true,"href":"https:\/\/agora.xtec.cat\/iesmontserratroig\/wp-json\/wp\/v2\/comments?post=43"}],"version-history":[{"count":6,"href":"https:\/\/agora.xtec.cat\/iesmontserratroig\/wp-json\/wp\/v2\/pages\/43\/revisions"}],"predecessor-version":[{"id":2751,"href":"https:\/\/agora.xtec.cat\/iesmontserratroig\/wp-json\/wp\/v2\/pages\/43\/revisions\/2751"}],"up":[{"embeddable":true,"href":"https:\/\/agora.xtec.cat\/iesmontserratroig\/wp-json\/wp\/v2\/pages\/19"}],"wp:attachment":[{"href":"https:\/\/agora.xtec.cat\/iesmontserratroig\/wp-json\/wp\/v2\/media?parent=43"}],"curies":[{"name":"wp","href":"https:\/\/api.w.org\/{rel}","templated":true}]}}