{"id":39,"date":"2014-09-17T16:36:44","date_gmt":"2014-09-17T16:36:44","guid":{"rendered":"http:\/\/agora.xtec.cat\/iesmontserratroig\/?page_id=39"},"modified":"2021-07-01T21:08:44","modified_gmt":"2021-07-01T19:08:44","slug":"instal%c2%b7lacions","status":"publish","type":"page","link":"https:\/\/agora.xtec.cat\/iesmontserratroig\/linstitut\/instal%c2%b7lacions\/","title":{"rendered":"Instal\u00b7lacions"},"content":{"rendered":"<h4 style=\"text-align: center;\">Et convidem a visitar els tallers per l&#8217;<strong>FP DUAL<\/strong> a les nostres instal\u00b7lacions<\/h4>\n<p>&nbsp;<\/p>\n<p style=\"text-align: center;\"><iframe loading=\"lazy\" src=\"https:\/\/roundme.com\/embed\/675570\/2140877\" width=\"1280\" height=\"720\" frameborder=\"0\"><\/iframe><\/p>\n<p><a href=\"https:\/\/agora.xtec.cat\/iesmontserratroig\/wp-content\/uploads\/usu248\/2021\/07\/Rojo-Masculino-Coche-Foto-Tema-Sal\u00f3n-Autom\u00f3vil-Publicaci\u00f3n-de-Twitter-3.png\"><img loading=\"lazy\" decoding=\"async\" class=\"size-large wp-image-1399 aligncenter\" src=\"https:\/\/agora.xtec.cat\/iesmontserratroig\/wp-content\/uploads\/usu248\/2021\/07\/Rojo-Masculino-Coche-Foto-Tema-Sal\u00f3n-Autom\u00f3vil-Publicaci\u00f3n-de-Twitter-3-1024x512.png\" alt=\"\" width=\"1024\" height=\"512\" srcset=\"https:\/\/agora.xtec.cat\/iesmontserratroig\/wp-content\/uploads\/usu248\/2021\/07\/Rojo-Masculino-Coche-Foto-Tema-Sal\u00f3n-Autom\u00f3vil-Publicaci\u00f3n-de-Twitter-3.png 1024w, https:\/\/agora.xtec.cat\/iesmontserratroig\/wp-content\/uploads\/usu248\/2021\/07\/Rojo-Masculino-Coche-Foto-Tema-Sal\u00f3n-Autom\u00f3vil-Publicaci\u00f3n-de-Twitter-3-300x150.png 300w, https:\/\/agora.xtec.cat\/iesmontserratroig\/wp-content\/uploads\/usu248\/2021\/07\/Rojo-Masculino-Coche-Foto-Tema-Sal\u00f3n-Autom\u00f3vil-Publicaci\u00f3n-de-Twitter-3-768x384.png 768w\" sizes=\"auto, (max-width: 1024px) 100vw, 1024px\" \/><\/a><\/p>\n","protected":false},"excerpt":{"rendered":"<p>Et convidem a visitar els tallers per l&#8217;FP DUAL a les nostres instal\u00b7lacions<br \/>\n&nbsp;<\/p>\n<p><a href=\"https:\/\/agora.xtec.cat\/iesmontserratroig\/wp-content\/uploads\/usu248\/2021\/07\/Rojo-Masculino-Coche-Foto-Tema-Sal\u00f3n-Autom\u00f3vil-Publicaci\u00f3n-de-Twitter-3.png\"><\/a><\/p>\n","protected":false},"author":1,"featured_media":0,"parent":19,"menu_order":30,"comment_status":"closed","ping_status":"closed","template":"page-templates\/side-menu.php","meta":{"_bbp_topic_count":0,"_bbp_reply_count":0,"_bbp_total_topic_count":0,"_bbp_total_reply_count":0,"_bbp_voice_count":0,"_bbp_anonymous_reply_count":0,"_bbp_topic_count_hidden":0,"_bbp_reply_count_hidden":0,"_bbp_forum_subforum_count":0,"footnotes":""},"class_list":["post-39","page","type-page","status-publish","hentry"],"post_mailing_queue_ids":[],"_links":{"self":[{"href":"https:\/\/agora.xtec.cat\/iesmontserratroig\/wp-json\/wp\/v2\/pages\/39","targetHints":{"allow":["GET"]}}],"collection":[{"href":"https:\/\/agora.xtec.cat\/iesmontserratroig\/wp-json\/wp\/v2\/pages"}],"about":[{"href":"https:\/\/agora.xtec.cat\/iesmontserratroig\/wp-json\/wp\/v2\/types\/page"}],"author":[{"embeddable":true,"href":"https:\/\/agora.xtec.cat\/iesmontserratroig\/wp-json\/wp\/v2\/users\/1"}],"replies":[{"embeddable":true,"href":"https:\/\/agora.xtec.cat\/iesmontserratroig\/wp-json\/wp\/v2\/comments?post=39"}],"version-history":[{"count":3,"href":"https:\/\/agora.xtec.cat\/iesmontserratroig\/wp-json\/wp\/v2\/pages\/39\/revisions"}],"predecessor-version":[{"id":1400,"href":"https:\/\/agora.xtec.cat\/iesmontserratroig\/wp-json\/wp\/v2\/pages\/39\/revisions\/1400"}],"up":[{"embeddable":true,"href":"https:\/\/agora.xtec.cat\/iesmontserratroig\/wp-json\/wp\/v2\/pages\/19"}],"wp:attachment":[{"href":"https:\/\/agora.xtec.cat\/iesmontserratroig\/wp-json\/wp\/v2\/media?parent=39"}],"curies":[{"name":"wp","href":"https:\/\/api.w.org\/{rel}","templated":true}]}}