{"id":52,"date":"2014-09-17T16:58:07","date_gmt":"2014-09-17T16:58:07","guid":{"rendered":"http:\/\/agora.xtec.cat\/iesmontserratroig-santandreu\/?page_id=52"},"modified":"2021-06-04T23:58:43","modified_gmt":"2021-06-04T21:58:43","slug":"calendari-del-curs","status":"publish","type":"page","link":"https:\/\/agora.xtec.cat\/iesmontserratroig-santandreu\/pagines-dinici\/linstitut\/calendari-del-curs\/","title":{"rendered":"Projecte de conviv\u00e8ncia"},"content":{"rendered":"<div>El Pla de Conviv\u00e8ncia neix amb la missi\u00f3 contribuir a l\u2019\u00e8xit personal, acad\u00e8mic, social i laboral de tot l\u2019alumnat de l&#8217;INS Montserrat Roig.<\/div>\n<div>.<\/div>\n<div>Es pret\u00e9n plantejar l\u2019educaci\u00f3 en la gesti\u00f3 positiva dels conflictes des de diferents perspectives: l\u2019aula, el centre i l\u2019entorn immediat.<\/div>\n<div>.<\/div>\n<div>La gesti\u00f3 i resoluci\u00f3 positiva d\u2019aquests conflictes tamb\u00e9 des de la visi\u00f3 de l\u2019aula, el centre i l\u2019entorn tot analitzant-ne els resultats generats per la comunitat educativa dins la mem\u00f2ria anual.<\/div>\n<div>.<\/div>\n<div>En el seg\u00fcent enlla\u00e7 podeu descarregar el Projecte de Conviv\u00e8ncia, aprovat en Consell Escolar el 2 de juny de 2021.<\/div>\n<div>.<\/div>\n<div>.<\/div>\n<div><a href=\"https:\/\/agora.xtec.cat\/iesmontserratroig-santandreu\/wp-content\/uploads\/usu1568\/2021\/06\/PROJECTE-CONVIV\u00c8NCIA-08053315-1.pdf\">DESCARREGAR EL PROJECTE DE CONVIV\u00c8NCIA<\/a><\/div>\n<div><\/div>\n<div>\n<div style=\"width: 100%; float: left; padding: 2px;\"><\/div>\n<\/div>\n","protected":false},"excerpt":{"rendered":"<p>El Pla de Conviv\u00e8ncia neix amb la missi\u00f3 contribuir a l\u2019\u00e8xit personal, acad\u00e8mic, social i laboral de tot l\u2019alumnat de l&#8217;INS Montserrat Roig.<br \/>\n.<br \/>\nEs pret\u00e9n plantejar l\u2019educaci\u00f3 en la gesti\u00f3 positiva dels conflictes des de diferents perspectives: l\u2019aula, el centre i l\u2019entorn immediat.<br \/>\n.<br \/>\nLa gesti\u00f3 i resoluci\u00f3&hellip;  <a href=\"https:\/\/agora.xtec.cat\/iesmontserratroig-santandreu\/pagines-dinici\/linstitut\/calendari-del-curs\/\" title=\"Read Projecte de conviv\u00e8ncia\">Llegeix m\u00e9s\u00bb<\/a><\/p>\n","protected":false},"author":1,"featured_media":0,"parent":19,"menu_order":70,"comment_status":"closed","ping_status":"closed","template":"page-templates\/side-menu.php","meta":{"_bbp_topic_count":0,"_bbp_reply_count":0,"_bbp_total_topic_count":0,"_bbp_total_reply_count":0,"_bbp_voice_count":0,"_bbp_anonymous_reply_count":0,"_bbp_topic_count_hidden":0,"_bbp_reply_count_hidden":0,"_bbp_forum_subforum_count":0,"footnotes":""},"class_list":["post-52","page","type-page","status-publish","hentry"],"post_mailing_queue_ids":[],"_links":{"self":[{"href":"https:\/\/agora.xtec.cat\/iesmontserratroig-santandreu\/wp-json\/wp\/v2\/pages\/52","targetHints":{"allow":["GET"]}}],"collection":[{"href":"https:\/\/agora.xtec.cat\/iesmontserratroig-santandreu\/wp-json\/wp\/v2\/pages"}],"about":[{"href":"https:\/\/agora.xtec.cat\/iesmontserratroig-santandreu\/wp-json\/wp\/v2\/types\/page"}],"author":[{"embeddable":true,"href":"https:\/\/agora.xtec.cat\/iesmontserratroig-santandreu\/wp-json\/wp\/v2\/users\/1"}],"replies":[{"embeddable":true,"href":"https:\/\/agora.xtec.cat\/iesmontserratroig-santandreu\/wp-json\/wp\/v2\/comments?post=52"}],"version-history":[{"count":4,"href":"https:\/\/agora.xtec.cat\/iesmontserratroig-santandreu\/wp-json\/wp\/v2\/pages\/52\/revisions"}],"predecessor-version":[{"id":7459,"href":"https:\/\/agora.xtec.cat\/iesmontserratroig-santandreu\/wp-json\/wp\/v2\/pages\/52\/revisions\/7459"}],"up":[{"embeddable":true,"href":"https:\/\/agora.xtec.cat\/iesmontserratroig-santandreu\/wp-json\/wp\/v2\/pages\/19"}],"wp:attachment":[{"href":"https:\/\/agora.xtec.cat\/iesmontserratroig-santandreu\/wp-json\/wp\/v2\/media?parent=52"}],"curies":[{"name":"wp","href":"https:\/\/api.w.org\/{rel}","templated":true}]}}

Projecte de convivència

<div>El Pla de Convivència neix amb la missió contribuir a l’èxit personal, acadèmic, social i laboral de tot l’alumnat de l&#8217;INS Montserrat Roig.</div>
<div>.</div>
<div>Es pretén plantejar l’educació en la gestió positiva dels conflictes des de diferents perspectives: l’aula, el centre i l’entorn immediat.</div>
<div>.</div>
<div>La gestió i resolució positiva d’aquests conflictes també des de la visió de l’aula, el centre i l’entorn tot analitzant-ne els resultats generats per la comunitat educativa dins la memòria anual.</div>
<div>.</div>
<div>En el següent enllaç podeu descarregar el Projecte de Convivència, aprovat en Consell Escolar el 2 de juny de 2021.</div>
<div>.</div>
<div>.</div>
<div><a href="https://agora.xtec.cat/iesmontserratroig-santandreu/wp-content/uploads/usu1568/2021/06/PROJECTE-CONVIVÈNCIA-08053315-1.pdf">DESCARREGAR EL PROJECTE DE CONVIVÈNCIA</a></div>
<div></div>
<div>
<div style="width: 100%; float: left; padding: 2px;"></div>
</div>

<p>El Pla de Convivència neix amb la missió contribuir a l’èxit personal, acadèmic, social i laboral de tot l’alumnat de l&#8217;INS Montserrat Roig.<br />
.<br />
Es pretén plantejar l’educació en la gestió positiva dels conflictes des de diferents perspectives: l’aula, el centre i l’entorn immediat.<br />
.<br />
La gestió i resolució&hellip;  <a href="https://agora.xtec.cat/iesmontserratroig-santandreu/pagines-dinici/linstitut/calendari-del-curs/" title="Read Projecte de convivència">Llegeix més»</a></p>
