{"id":6099,"date":"2026-04-13T14:36:49","date_gmt":"2026-04-13T12:36:49","guid":{"rendered":"https:\/\/agora.xtec.cat\/iesmontserratmiro\/?page_id=6099"},"modified":"2026-04-13T14:36:50","modified_gmt":"2026-04-13T12:36:50","slug":"biblioteca-daula-a-1r-deso","status":"publish","type":"page","link":"https:\/\/agora.xtec.cat\/iesmontserratmiro\/biblioteca-daula-a-1r-deso\/","title":{"rendered":"Biblioteca d&#8217;aula a 1r d&#8217;ESO"},"content":{"rendered":"<p><a href=\"https:\/\/agora.xtec.cat\/iesmontserratmiro\/biblioteca-daula-a-1r-deso\/attachment\/cartell-a4-1r-eso-general-2\/\" rel=\"attachment wp-att-6100\"><img loading=\"lazy\" decoding=\"async\" class=\"wp-image-6100 alignleft\" src=\"https:\/\/agora.xtec.cat\/iesmontserratmiro\/wp-content\/uploads\/usu2144\/2026\/04\/cartell-A4-1r-ESO-general.png\" alt=\"\" width=\"500\" height=\"707\" srcset=\"https:\/\/agora.xtec.cat\/iesmontserratmiro\/wp-content\/uploads\/usu2144\/2026\/04\/cartell-A4-1r-ESO-general.png 794w, https:\/\/agora.xtec.cat\/iesmontserratmiro\/wp-content\/uploads\/usu2144\/2026\/04\/cartell-A4-1r-ESO-general-212x300.png 212w, https:\/\/agora.xtec.cat\/iesmontserratmiro\/wp-content\/uploads\/usu2144\/2026\/04\/cartell-A4-1r-ESO-general-724x1024.png 724w, https:\/\/agora.xtec.cat\/iesmontserratmiro\/wp-content\/uploads\/usu2144\/2026\/04\/cartell-A4-1r-ESO-general-768x1086.png 768w\" sizes=\"auto, (max-width: 500px) 100vw, 500px\" \/><\/a><\/p>\n<p>Estimades fam\u00edlies,<br \/>\nUs informem que hem posat en marxa la Biblioteca d\u2019Aula, un projecte de la Biblioteca<br \/>\nElvira Montes dissenyat com un espai compartit de lectura i cultura per a l\u2019alumnat de 1r<br \/>\nd\u2019ESO.<\/p>\n<p><em><strong>En qu\u00e8 consisteix la nova Biblioteca d\u2019Aula?<\/strong><\/em><\/p>\n<p>Som conscients que, en un m\u00f3n dominat per les pantalles, fomentar el gust per la lectura \u00e9s m\u00e9s vital que mai per desenvolupar la imaginaci\u00f3, l&#8217;empatia i l&#8217;esperit cr\u00edtic. Volem que cada llibre sigui una eina que permeti a l&#8217;alumnat cr\u00e9ixer amb autonomia en un ambient obert al coneixement i a la cultura.<br \/>\nLa Biblioteca d\u2019Aula te uns objectius molt clars per al nostre alumnat:<br \/>\n\u25cf Foment de l&#8217;h\u00e0bit lector: Desenvolupar la imaginaci\u00f3, l&#8217;empatia i l&#8217;esperit cr\u00edtic en<br \/>\nun entorn lliure de pantalles.<br \/>\n\u25cf Integraci\u00f3 en el dia a dia: La lectura s\u2019incorpora en moments clau de la jornada<br \/>\nescolar: en hores de gu\u00e0rdia o quan l&#8217;alumnat acaba les seves tasques de qualsevol<br \/>\nmat\u00e8ria. D&#8217;aquesta manera, la lectura esdev\u00e9 una alternativa enriquidora i natural dins<br \/>\nel ritme de treball diari de l&#8217;aula.<br \/>\n\u25cf Autonomia i responsabilitat: L&#8217;alumnat gestiona el fons mitjan\u00e7ant una guia visual i<br \/>\nun full de registre, aprenent a tenir cura del material compartit.<br \/>\n\u25cf Disponibilitat i continu\u00eftat: Els llibres s\u00f3n d&#8217;\u00fas exclusiu dins de l&#8217;aula per garantir<br \/>\nque sempre estiguin accessibles. Per seguir llegint a casa, poden utilitzar el servei de<br \/>\npr\u00e9stec de la biblioteca del centre en el seu horari habitual.<\/p>\n<p>&nbsp;<\/p>\n<p>&nbsp;<\/p>\n<p><em><strong>Com podeu incentivar la lectura des de casa?<\/strong><\/em><\/p>\n<p>El vostre acompanyament \u00e9s clau per consolidar aquest h\u00e0bit. Us proposem petites accions amb un gran impacte:<br \/>\n\u25cf L&#8217;exemple a casa: Vosaltres sou el seu millor referent; veure els pares llegir \u00e9s un<br \/>\nexemple poder\u00f3s que els convida a integrar la lectura en el seu dia a dia.<br \/>\n\u25cf Inter\u00e8s actiu: Podeu preguntar-los qu\u00e8 estan llegint \u00faltimament o si han descobert<br \/>\nalgun g\u00e8nere nou que els hagi sorpr\u00e8s.<br \/>\n\u25cf Temps de lectura compartit: \u00c9s molt recomanable dedicar deu minuts diaris de<br \/>\nlectura amb els vostres fills, o b\u00e9 en silenci, per fomentar la calma, la concentraci\u00f3 i la<br \/>\nconnexi\u00f3 amb la cultura.<br \/>\n\u25cf Desconnexi\u00f3 i di\u00e0leg: Us convidem a limitar l&#8217;\u00fas del m\u00f2bil o altres pantalles en<br \/>\nmoments compartits i a prioritzar la conversa i les activitats a l&#8217;aire lliure.<br \/>\n\u25cf Aficions creatives i saludables: Potenciar el dibuix, l&#8217;esport o les manualitats ajuda a<br \/>\nequilibrar l&#8217;oci tecnol\u00f2gic i a descobrir nous talents.<br \/>\n\u25cf Autoestima i m\u00f3n interior: Un m\u00f3n interior ric aporta plenitud i seguretat, reduint la<br \/>\ndepend\u00e8ncia de les xarxes socials i de la validaci\u00f3 externa.<\/p>\n<p>La vostra col\u00b7laboraci\u00f3 \u00e9s el millor suport per fer de la lectura i la cultura un h\u00e0bit compartit i<br \/>\nengrescador. Cultivar aquest m\u00f3n propi \u00e9s l&#8217;eina de defensa m\u00e9s poderosa perqu\u00e8 el nostre<br \/>\nalumnat aprengui a pensar per si mateix, se senti ple davant la buidor de les pantalles i creixi<br \/>\namb un esperit cr\u00edtic i lliure.<\/p>\n<p>&nbsp;<\/p>\n<p>&nbsp;<\/p>\n","protected":false},"excerpt":{"rendered":"<p><a href=\"https:\/\/agora.xtec.cat\/iesmontserratmiro\/biblioteca-daula-a-1r-deso\/attachment\/cartell-a4-1r-eso-general-2\/\" rel=\"attachment wp-att-6100\"><\/a><br \/>\nEstimades fam\u00edlies,<br \/>\nUs informem que hem posat en marxa la Biblioteca d\u2019Aula, un projecte de la Biblioteca<br \/>\nElvira Montes dissenyat com un espai compartit de lectura i cultura per a l\u2019alumnat de 1r<br \/>\nd\u2019ESO.<br \/>\nEn qu\u00e8 consisteix la nova Biblioteca d\u2019Aula?<br \/>\nSom conscients que, en un m\u00f3n&hellip;  <a href=\"https:\/\/agora.xtec.cat\/iesmontserratmiro\/biblioteca-daula-a-1r-deso\/\" title=\"Read Biblioteca d&#8217;aula a 1r d&#8217;ESO\">Llegeix m\u00e9s\u00bb<\/a><\/p>\n","protected":false},"author":1,"featured_media":0,"parent":0,"menu_order":0,"comment_status":"closed","ping_status":"closed","template":"","meta":{"_bbp_topic_count":0,"_bbp_reply_count":0,"_bbp_total_topic_count":0,"_bbp_total_reply_count":0,"_bbp_voice_count":0,"_bbp_anonymous_reply_count":0,"_bbp_topic_count_hidden":0,"_bbp_reply_count_hidden":0,"_bbp_forum_subforum_count":0,"footnotes":""},"class_list":["post-6099","page","type-page","status-publish","hentry"],"post_mailing_queue_ids":[],"_links":{"self":[{"href":"https:\/\/agora.xtec.cat\/iesmontserratmiro\/wp-json\/wp\/v2\/pages\/6099","targetHints":{"allow":["GET"]}}],"collection":[{"href":"https:\/\/agora.xtec.cat\/iesmontserratmiro\/wp-json\/wp\/v2\/pages"}],"about":[{"href":"https:\/\/agora.xtec.cat\/iesmontserratmiro\/wp-json\/wp\/v2\/types\/page"}],"author":[{"embeddable":true,"href":"https:\/\/agora.xtec.cat\/iesmontserratmiro\/wp-json\/wp\/v2\/users\/1"}],"replies":[{"embeddable":true,"href":"https:\/\/agora.xtec.cat\/iesmontserratmiro\/wp-json\/wp\/v2\/comments?post=6099"}],"version-history":[{"count":2,"href":"https:\/\/agora.xtec.cat\/iesmontserratmiro\/wp-json\/wp\/v2\/pages\/6099\/revisions"}],"predecessor-version":[{"id":6102,"href":"https:\/\/agora.xtec.cat\/iesmontserratmiro\/wp-json\/wp\/v2\/pages\/6099\/revisions\/6102"}],"wp:attachment":[{"href":"https:\/\/agora.xtec.cat\/iesmontserratmiro\/wp-json\/wp\/v2\/media?parent=6099"}],"curies":[{"name":"wp","href":"https:\/\/api.w.org\/{rel}","templated":true}]}}