{"id":1627,"date":"2022-02-22T13:14:26","date_gmt":"2022-02-22T12:14:26","guid":{"rendered":"https:\/\/agora.xtec.cat\/iesmontserratmiro\/?page_id=1627"},"modified":"2023-02-09T14:36:16","modified_gmt":"2023-02-09T13:36:16","slug":"poap-pla-dorientacio-academica-i-professional","status":"publish","type":"page","link":"https:\/\/agora.xtec.cat\/iesmontserratmiro\/poap-pla-dorientacio-academica-i-professional\/","title":{"rendered":"POAP"},"content":{"rendered":"<h3><em>Des del Departament d&#8217;Orientaci\u00f3 de l&#8217;Institut Montserrat Mir\u00f3 oferim a tota la comunitat educativa un espai d&#8217;orientaci\u00f3 acad\u00e8mica i professional, on tindreu a l&#8217;abast tota la informaci\u00f3 i recursos necessaris per fer una tria educativa\u00a0la m\u00e9s ajustada possible a les vostres inquietuds presents i de futur.<\/em><\/h3>\n<p><a href=\"https:\/\/sites.google.com\/insmm.org\/pladorientaciinsmm\/inici\"><img loading=\"lazy\" decoding=\"async\" class=\"alignnone wp-image-1758 size-large\" src=\"https:\/\/agora.xtec.cat\/iesmontserratmiro\/wp-content\/uploads\/usu2144\/2022\/03\/POAP-1024x354.jpg\" alt=\"\" width=\"1024\" height=\"354\" srcset=\"https:\/\/agora.xtec.cat\/iesmontserratmiro\/wp-content\/uploads\/usu2144\/2022\/03\/POAP-1024x354.jpg 1024w, https:\/\/agora.xtec.cat\/iesmontserratmiro\/wp-content\/uploads\/usu2144\/2022\/03\/POAP-300x104.jpg 300w, https:\/\/agora.xtec.cat\/iesmontserratmiro\/wp-content\/uploads\/usu2144\/2022\/03\/POAP-768x265.jpg 768w, https:\/\/agora.xtec.cat\/iesmontserratmiro\/wp-content\/uploads\/usu2144\/2022\/03\/POAP-1536x531.jpg 1536w, https:\/\/agora.xtec.cat\/iesmontserratmiro\/wp-content\/uploads\/usu2144\/2022\/03\/POAP.jpg 1824w\" sizes=\"auto, (max-width: 1024px) 100vw, 1024px\" \/><\/a><\/p>\n<p>&nbsp;<\/p>\n<h3><a href=\"https:\/\/sites.google.com\/insmm.org\/pladorientaciinsmm\/inici\" target=\"_blank\" rel=\"noopener\"><span style=\"color: #00ff00;\"><em>\u21d2\u00a0 Entra al teu espai i construeix el teu cam\u00ed!\u00a0<\/em><\/span><\/a><\/h3>\n","protected":false},"excerpt":{"rendered":"<p>Des del Departament d&#8217;Orientaci\u00f3 de l&#8217;Institut Montserrat Mir\u00f3 oferim a tota la comunitat educativa un espai d&#8217;orientaci\u00f3 acad\u00e8mica i professional, on tindreu a l&#8217;abast tota la informaci\u00f3 i recursos necessaris per fer una tria educativa\u00a0la m\u00e9s ajustada possible a les vostres inquietuds presents i de&hellip;  <a href=\"https:\/\/agora.xtec.cat\/iesmontserratmiro\/poap-pla-dorientacio-academica-i-professional\/\" title=\"Read POAP\">Llegeix m\u00e9s\u00bb<\/a><\/p>\n","protected":false},"author":1,"featured_media":0,"parent":0,"menu_order":0,"comment_status":"closed","ping_status":"closed","template":"","meta":{"_bbp_topic_count":0,"_bbp_reply_count":0,"_bbp_total_topic_count":0,"_bbp_total_reply_count":0,"_bbp_voice_count":0,"_bbp_anonymous_reply_count":0,"_bbp_topic_count_hidden":0,"_bbp_reply_count_hidden":0,"_bbp_forum_subforum_count":0,"footnotes":""},"class_list":["post-1627","page","type-page","status-publish","hentry"],"post_mailing_queue_ids":[],"_links":{"self":[{"href":"https:\/\/agora.xtec.cat\/iesmontserratmiro\/wp-json\/wp\/v2\/pages\/1627","targetHints":{"allow":["GET"]}}],"collection":[{"href":"https:\/\/agora.xtec.cat\/iesmontserratmiro\/wp-json\/wp\/v2\/pages"}],"about":[{"href":"https:\/\/agora.xtec.cat\/iesmontserratmiro\/wp-json\/wp\/v2\/types\/page"}],"author":[{"embeddable":true,"href":"https:\/\/agora.xtec.cat\/iesmontserratmiro\/wp-json\/wp\/v2\/users\/1"}],"replies":[{"embeddable":true,"href":"https:\/\/agora.xtec.cat\/iesmontserratmiro\/wp-json\/wp\/v2\/comments?post=1627"}],"version-history":[{"count":4,"href":"https:\/\/agora.xtec.cat\/iesmontserratmiro\/wp-json\/wp\/v2\/pages\/1627\/revisions"}],"predecessor-version":[{"id":3107,"href":"https:\/\/agora.xtec.cat\/iesmontserratmiro\/wp-json\/wp\/v2\/pages\/1627\/revisions\/3107"}],"wp:attachment":[{"href":"https:\/\/agora.xtec.cat\/iesmontserratmiro\/wp-json\/wp\/v2\/media?parent=1627"}],"curies":[{"name":"wp","href":"https:\/\/api.w.org\/{rel}","templated":true}]}}