{"id":1600,"date":"2022-02-21T08:42:46","date_gmt":"2022-02-21T07:42:46","guid":{"rendered":"https:\/\/agora.xtec.cat\/iesmontserratmiro\/?page_id=1600"},"modified":"2022-02-21T08:47:22","modified_gmt":"2022-02-21T07:47:22","slug":"usapps-les-escoles-lliures-de-violencies","status":"publish","type":"page","link":"https:\/\/agora.xtec.cat\/iesmontserratmiro\/usapps-les-escoles-lliures-de-violencies\/","title":{"rendered":"UsApps \u2013 Les escoles lliures de viol\u00e8ncies"},"content":{"rendered":"<p>Qu\u00e8 \u00e9s la UsApss?<\/p>\n<p>La UsApps \u00e9s una <strong>aplicaci\u00f3 web del Departament d\u2019Educaci\u00f3 per poder\u00a0denunciar casos d\u2019assetjament o viol\u00e8ncia\u00a0a l\u2019escola<\/strong>\u00a0que pot viure tot l\u2019alumnat de Catalunya d\u2019una forma f\u00e0cil, intu\u00eftiva i efica\u00e7.<\/p>\n<p>Qualsevol persona \u2013<strong>alumnes, professors i familiars<\/strong>\u2013 podran denunciar un fet a trav\u00e9s de l\u2019aplicaci\u00f3 amb un<strong>\u00a0q\u00fcestionari senzill que recull les respostes\u00a0<\/strong>sobre qu\u00e8 ha passat i se\u2019n far\u00e0 un\u00a0<strong>seguiment.<\/strong><\/p>\n<table style=\"border-collapse: collapse; width: 21.9713%;\">\n<tbody>\n<tr>\n<td style=\"width: 100%; border-style: solid; border-color: #000000; background-color: #9f2dc2; text-align: center;\"><a href=\"https:\/\/usav.educacio.gencat.cat\/\" target=\"_blank\" rel=\"noopener\">Accedeix a l&#8217;App<\/a><\/td>\n<\/tr>\n<\/tbody>\n<\/table>\n<p>La intenci\u00f3 de l\u2019aplicaci\u00f3 \u00e9s precisament que sigui m\u00e9s f\u00e0cil denunciar una situaci\u00f3 d\u2019aquestes caracter\u00edstiques perqu\u00e8 els especialistes de la\u00a0<strong>Unitat de Suport a l\u2019Alumnat en Situaci\u00f3 de Viol\u00e8ncia<\/strong>\u00a0(<a href=\"http:\/\/educacio.gencat.cat\/web\/.content\/home\/departament\/publicacions\/monografies\/escoles-lliures-violencies\/escoles-lliures-violencies.pdf\" target=\"_blank\" rel=\"noopener noreferrer\">USAV<\/a>) es puguin activar r\u00e0pidament per poder actuar, segons recull el mateix portal.<\/p>\n<p>Us animem a consultar tamb\u00e9 la informaci\u00f3 del pla\u00a0<strong>Les escoles lliures de viol\u00e8ncies\u00a0<\/strong><strong><a href=\"http:\/\/educacio.gencat.cat\/ca\/departament\/linies-estrategiques\/escoles-lliures-de-violencies\/\" target=\"_blank\" rel=\"noopener noreferrer\" data-saferedirecturl=\"https:\/\/www.google.com\/url?q=http:\/\/educacio.gencat.cat\/ca\/departament\/linies-estrategiques\/escoles-lliures-de-violencies\/&amp;source=gmail&amp;ust=1623231799680000&amp;usg=AFQjCNFqdq90maMH4bcLGd2DXQgPf03cNw\">(LELV)<\/a>,<\/strong>\u00a0i la presentaci\u00f3 de les\u00a0<strong><a href=\"https:\/\/youtu.be\/ScinKwzCBBc\" target=\"_blank\" rel=\"noopener noreferrer\" data-saferedirecturl=\"https:\/\/www.google.com\/url?q=https:\/\/youtu.be\/ScinKwzCBBc&amp;source=gmail&amp;ust=1623231799680000&amp;usg=AFQjCNHD2BVWzKwaedtuD9tUF4ylpu_ihg\">jornades<\/a><\/strong>, per tal que disposeu de tota la informaci\u00f3. El Departament seguir\u00e0 desplegant el pla LELV amb la intenci\u00f3 que els centres educatius siguin, sempre, espais de protecci\u00f3 per a tot l\u2019alumnat. L\u2019equip de la\u00a0<strong>USAV<\/strong>\u00a0(<strong><a href=\"mailto:usav.educacio@gencat.cat\" target=\"_blank\" rel=\"noopener noreferrer\">usav.educacio@gencat.cat<\/a><\/strong>) est\u00e0 a la vostra disposici\u00f3.<\/p>\n<p><iframe loading=\"lazy\" src=\"\/\/www.youtube.com\/embed\/ScinKwzCBBc\" width=\"560\" height=\"314\" allowfullscreen=\"allowfullscreen\"><\/iframe><\/p>\n","protected":false},"excerpt":{"rendered":"<p>Qu\u00e8 \u00e9s la UsApss?<br \/>\nLa UsApps \u00e9s una aplicaci\u00f3 web del Departament d\u2019Educaci\u00f3 per poder\u00a0denunciar casos d\u2019assetjament o viol\u00e8ncia\u00a0a l\u2019escola\u00a0que pot viure tot l\u2019alumnat de Catalunya d\u2019una forma f\u00e0cil, intu\u00eftiva i efica\u00e7.<br \/>\nQualsevol persona \u2013alumnes, professors i familiars\u2013 podran denunciar un fet a trav\u00e9s de l\u2019aplicaci\u00f3 amb&hellip;  <a href=\"https:\/\/agora.xtec.cat\/iesmontserratmiro\/usapps-les-escoles-lliures-de-violencies\/\" title=\"Read UsApps \u2013 Les escoles lliures de viol\u00e8ncies\">Llegeix m\u00e9s\u00bb<\/a><\/p>\n","protected":false},"author":1,"featured_media":0,"parent":0,"menu_order":0,"comment_status":"closed","ping_status":"closed","template":"","meta":{"_bbp_topic_count":0,"_bbp_reply_count":0,"_bbp_total_topic_count":0,"_bbp_total_reply_count":0,"_bbp_voice_count":0,"_bbp_anonymous_reply_count":0,"_bbp_topic_count_hidden":0,"_bbp_reply_count_hidden":0,"_bbp_forum_subforum_count":0,"footnotes":""},"class_list":["post-1600","page","type-page","status-publish","hentry"],"post_mailing_queue_ids":[],"_links":{"self":[{"href":"https:\/\/agora.xtec.cat\/iesmontserratmiro\/wp-json\/wp\/v2\/pages\/1600","targetHints":{"allow":["GET"]}}],"collection":[{"href":"https:\/\/agora.xtec.cat\/iesmontserratmiro\/wp-json\/wp\/v2\/pages"}],"about":[{"href":"https:\/\/agora.xtec.cat\/iesmontserratmiro\/wp-json\/wp\/v2\/types\/page"}],"author":[{"embeddable":true,"href":"https:\/\/agora.xtec.cat\/iesmontserratmiro\/wp-json\/wp\/v2\/users\/1"}],"replies":[{"embeddable":true,"href":"https:\/\/agora.xtec.cat\/iesmontserratmiro\/wp-json\/wp\/v2\/comments?post=1600"}],"version-history":[{"count":1,"href":"https:\/\/agora.xtec.cat\/iesmontserratmiro\/wp-json\/wp\/v2\/pages\/1600\/revisions"}],"predecessor-version":[{"id":1601,"href":"https:\/\/agora.xtec.cat\/iesmontserratmiro\/wp-json\/wp\/v2\/pages\/1600\/revisions\/1601"}],"wp:attachment":[{"href":"https:\/\/agora.xtec.cat\/iesmontserratmiro\/wp-json\/wp\/v2\/media?parent=1600"}],"curies":[{"name":"wp","href":"https:\/\/api.w.org\/{rel}","templated":true}]}}