{"id":967,"date":"2016-06-29T09:13:53","date_gmt":"2016-06-29T08:13:53","guid":{"rendered":"http:\/\/agora.xtec.cat\/iesmontsacopa\/?page_id=967"},"modified":"2020-07-03T10:43:32","modified_gmt":"2020-07-03T08:43:32","slug":"concursos_mat_evp","status":"publish","type":"page","link":"https:\/\/agora.xtec.cat\/iesmontsacopa\/concursos_mat_evp\/","title":{"rendered":"concursos_MAT_EVP"},"content":{"rendered":"<table style=\"background-color: #edebeb;\" width=\"99%\" bgcolor=\"#FFFFFF\">\n<tbody>\n<tr>\n<td style=\"background-color: #edebeb; border-color: #ffffff;\" colspan=\"2\" bgcolor=\"#DAD9B6\">\n<h3><a class=\"Estilo36\" href=\"http:\/\/abeam.feemcat.org\/course\/view.php?id=6\" target=\"_blank\" rel=\"noopener noreferrer\">Fotografia matem\u00e0tica. ABEAM<\/a><\/h3>\n<p class=\"Estilo36\">Fotos guanyadores i finalistes:<\/p>\n<table border=\"0\" width=\"100%\">\n<tbody>\n<tr class=\"Estilo36\">\n<td style=\"background-color: #edebeb; border-color: #ffffff;\" bgcolor=\"#DAD9B6\"><a href=\"https:\/\/picasaweb.google.com\/105872794771598702246\/ConcursFotografiaMatematicaABEAM2013#\">2013<\/a><\/td>\n<td style=\"background-color: #edebeb; border-color: #ffffff;\" bgcolor=\"#DAD9B6\"><a href=\"https:\/\/picasaweb.google.com\/105872794771598702246\/FotografiaMatematicaABEAM2012?feat=email\" target=\"_blank\" rel=\"noopener noreferrer\">2012<\/a><\/td>\n<td style=\"background-color: #edebeb;\" bgcolor=\"#DAD9B6\"><a href=\"https:\/\/picasaweb.google.com\/101166990847114619047\/FotografiaMatematicaABEAM2011?feat=email\" target=\"_blank\" rel=\"noopener noreferrer\">2011<\/a><\/td>\n<td style=\"background-color: #edebeb;\" bgcolor=\"#DAD9B6\"><a href=\"http:\/\/picasaweb.google.com\/101166990847114619047\/Fotos2010Abeam\" target=\"_blank\" rel=\"noopener noreferrer\">2010<\/a><\/td>\n<\/tr>\n<\/tbody>\n<\/table>\n<\/td>\n<\/tr>\n<tr>\n<td style=\"background-color: #edebeb; border-color: #ffffff;\" colspan=\"2\" bgcolor=\"#DAD9B6\"><a href=\"http:\/\/www.videomat.cat\/\" rel=\"attachment wp-att-977\"><img loading=\"lazy\" decoding=\"async\" class=\"alignnone wp-image-977 size-full\" src=\"http:\/\/agora.xtec.cat\/iesmontsacopa\/wp-content\/uploads\/usu944\/2016\/06\/videomat.jpg\" alt=\"videomat\" width=\"226\" height=\"90\" \/><\/a><\/td>\n<\/tr>\n<tr>\n<td style=\"background-color: #edebeb; border-color: #ffffff;\" colspan=\"2\" bgcolor=\"#DAD9B6\">\n<h3 class=\"nomseccio Estilo47\">v\u00eddeoMAT 2015<\/h3>\n<table border=\"0\" width=\"80%\" align=\"center\">\n<tbody>\n<tr>\n<td style=\"vertical-align: top; width: 50%; text-align: center;\">\n<div align=\"center\"><iframe loading=\"lazy\" src=\"https:\/\/www.youtube.com\/embed\/ZHJAf9G7ric\" width=\"420\" height=\"315\" frameborder=\"0\"><\/iframe><\/div>\n<\/td>\n<td style=\"width: 50%; text-align: center;\">\n<p align=\"center\"><iframe loading=\"lazy\" src=\"https:\/\/www.youtube.com\/embed\/ILawkbWxRA4\" width=\"420\" height=\"315\" frameborder=\"0\"><\/iframe><\/p>\n<\/td>\n<\/tr>\n<tr>\n<td class=\"Estilo36\">\n<div class=\"text\" align=\"center\">\n<p class=\"text\" style=\"text-align: center;\">Cristina Garcia, Zhi Han Lin, Zhi Hi Lin, Isaac Mart\u00ed, Mart\u00ed Palma, Miquel Pradas, Pau Torrent, Berta Vidal i Alba Torra<\/p>\n<p class=\"text\">1r ESO<\/p>\n<\/div>\n<\/td>\n<td valign=\"top\">\n<p style=\"text-align: center;\"><span class=\"text\">Maria Abel, Sandra Barea, Cl\u00e0udia Casta\u00f1er, Elena Mansilla, Patri Palacios, Ariadna Ribas i Helena Soler <\/span><\/p>\n<p style=\"text-align: center;\"><span class=\"text\">3r ESO<\/span><\/p>\n<\/td>\n<\/tr>\n<\/tbody>\n<\/table>\n<\/td>\n<\/tr>\n<tr>\n<td style=\"background-color: #edebeb; border-color: #ffffff;\" colspan=\"2\" bgcolor=\"#DAD9B6\">\n<h3 class=\"nomseccio Estilo47\">v\u00eddeoMAT 2014<\/h3>\n<p class=\"nomseccio Estilo47\" align=\"center\"><iframe loading=\"lazy\" src=\"https:\/\/www.youtube.com\/embed\/MCcG4SsznbU\" width=\"560\" height=\"315\" frameborder=\"0\"><\/iframe><\/p>\n<p class=\"Estilo36\" align=\"center\">Premi en la categoria de Votaci\u00f3 popular<\/p>\n<p class=\"text\" align=\"center\">Maria Abel, Sandra Barea, Cl\u00e0udia Casta\u00f1er, Elena Mansilla, Patri Palacios i Ariadna Ribas<\/p>\n<p class=\"text\" align=\"center\">2n ESO<\/p>\n<\/td>\n<\/tr>\n<tr>\n<td style=\"background-color: #edebeb; border-color: #ffffff;\" colspan=\"2\" bgcolor=\"#DAD9B6\">\n<h3 class=\"nomseccio Estilo47\">v\u00eddeoMAT 2013<\/h3>\n<p class=\"Estilo36\"><a href=\"http:\/\/www.youtube.com\/playlist?list=PL7u-OLF_IPJ0nN86tTsXZuoP_jkWZJ13Y\" target=\"_blank\" rel=\"noopener noreferrer\">Enlla\u00e7 a les produccions que formen part de la col\u00b7lecci\u00f3 permanent del v\u00eddeoMAT2013 en la categoria d&#8217;educaci\u00f3 secund\u00e0ria obligat\u00f2ria i batxillerat.<\/a><\/p>\n<p class=\"nomseccio\"><span style=\"color: #000066; font-size: large;\"><b>Els nostres v\u00eddeos:<\/b><\/span><\/p>\n<table border=\"0\" width=\"80%\" align=\"center\">\n<tbody>\n<tr>\n<td style=\"width: 33%; vertical-align: top;\">\n<div align=\"center\"><iframe loading=\"lazy\" src=\"https:\/\/www.youtube.com\/embed\/OtjeunffnWM\" width=\"210\" height=\"155\" frameborder=\"0\"><\/iframe><\/div>\n<\/td>\n<td style=\"width: 33%;\">\n<p align=\"center\"><iframe loading=\"lazy\" src=\"https:\/\/www.youtube.com\/embed\/eQUlMpsf138\" width=\"210\" height=\"155\" frameborder=\"0\"><\/iframe><\/p>\n<\/td>\n<td style=\"width: 33%;\">\n<p align=\"center\"><iframe loading=\"lazy\" src=\"https:\/\/www.youtube.com\/embed\/UetTYde3G7s\" width=\"210\" height=\"155\" frameborder=\"0\"><span data-mce-type=\"bookmark\" style=\"display: inline-block; width: 0px; overflow: hidden; line-height: 0;\" class=\"mce_SELRES_start\">\ufeff<\/span><\/iframe><\/p>\n<\/td>\n<\/tr>\n<tr>\n<td class=\"Estilo36\">\n<div class=\"text\" align=\"center\">Alumnes de 1r d&#8217;ESO<\/div>\n<\/td>\n<td valign=\"top\">\n<p class=\"Estilo36\" align=\"center\">Premi especial del jurat<\/p>\n<p class=\"text\" align=\"center\">Alumnes de 4t d&#8217;ESO en col\u00b7laboraci\u00f3 amb alumnes de l&#8217;INS Salvador Dal\u00ed de El Prat de Llobregat i l&#8217;IES Blas Infante de C\u00f2rdova<\/p>\n<\/td>\n<td class=\"Estilo36\">\n<div align=\"center\">\n<p>Seleccionat per formar part de la colecci\u00f3 permanent del V\u00eddeoMAT<\/p>\n<p class=\"text\">Mar Fern\u00e1ndez, Paula Santaella, Aleix Torn\u00e9 i Gemma Tuset<\/p>\n<p class=\"text\">2n d&#8217;ESO<\/p>\n<\/div>\n<\/td>\n<\/tr>\n<\/tbody>\n<\/table>\n<p>&nbsp;<\/td>\n<\/tr>\n<\/tbody>\n<\/table>\n","protected":false},"excerpt":{"rendered":"<p>Fotografia matem\u00e0tica. ABEAM Fotos guanyadores i finalistes: 2013 2012 2011 2010 v\u00eddeoMAT 2015 Cristina Garcia, Zhi Han Lin, Zhi Hi Lin, Isaac Mart\u00ed, Mart\u00ed Palma, Miquel Pradas, Pau Torrent, Berta Vidal i Alba Torra 1r ESO Maria Abel, Sandra Barea, Cl\u00e0udia Casta\u00f1er, Elena Mansilla, Patri Palacios, Ariadna Ribas i Helena Soler 3r ESO v\u00eddeoMAT 2014 [&hellip;]<\/p>\n","protected":false},"author":1,"featured_media":0,"parent":0,"menu_order":0,"comment_status":"closed","ping_status":"closed","template":"","meta":{"_bbp_topic_count":0,"_bbp_reply_count":0,"_bbp_total_topic_count":0,"_bbp_total_reply_count":0,"_bbp_voice_count":0,"_bbp_anonymous_reply_count":0,"_bbp_topic_count_hidden":0,"_bbp_reply_count_hidden":0,"_bbp_forum_subforum_count":0,"site-sidebar-layout":"default","site-content-layout":"","ast-site-content-layout":"","site-content-style":"default","site-sidebar-style":"default","ast-global-header-display":"","ast-banner-title-visibility":"","ast-main-header-display":"","ast-hfb-above-header-display":"","ast-hfb-below-header-display":"","ast-hfb-mobile-header-display":"","site-post-title":"","ast-breadcrumbs-content":"","ast-featured-img":"","footer-sml-layout":"","theme-transparent-header-meta":"","adv-header-id-meta":"","stick-header-meta":"","header-above-stick-meta":"","header-main-stick-meta":"","header-below-stick-meta":"","astra-migrate-meta-layouts":"default","ast-page-background-enabled":"default","ast-page-background-meta":{"desktop":{"background-color":"var(--ast-global-color-4)","background-image":"","background-repeat":"repeat","background-position":"center center","background-size":"auto","background-attachment":"scroll","background-type":"","background-media":"","overlay-type":"","overlay-color":"","overlay-opacity":"","overlay-gradient":""},"tablet":{"background-color":"","background-image":"","background-repeat":"repeat","background-position":"center center","background-size":"auto","background-attachment":"scroll","background-type":"","background-media":"","overlay-type":"","overlay-color":"","overlay-opacity":"","overlay-gradient":""},"mobile":{"background-color":"","background-image":"","background-repeat":"repeat","background-position":"center center","background-size":"auto","background-attachment":"scroll","background-type":"","background-media":"","overlay-type":"","overlay-color":"","overlay-opacity":"","overlay-gradient":""}},"ast-content-background-meta":{"desktop":{"background-color":"var(--ast-global-color-5)","background-image":"","background-repeat":"repeat","background-position":"center center","background-size":"auto","background-attachment":"scroll","background-type":"","background-media":"","overlay-type":"","overlay-color":"","overlay-opacity":"","overlay-gradient":""},"tablet":{"background-color":"var(--ast-global-color-5)","background-image":"","background-repeat":"repeat","background-position":"center center","background-size":"auto","background-attachment":"scroll","background-type":"","background-media":"","overlay-type":"","overlay-color":"","overlay-opacity":"","overlay-gradient":""},"mobile":{"background-color":"var(--ast-global-color-5)","background-image":"","background-repeat":"repeat","background-position":"center center","background-size":"auto","background-attachment":"scroll","background-type":"","background-media":"","overlay-type":"","overlay-color":"","overlay-opacity":"","overlay-gradient":""}},"footnotes":""},"class_list":["post-967","page","type-page","status-publish","hentry"],"post_mailing_queue_ids":[],"_links":{"self":[{"href":"https:\/\/agora.xtec.cat\/iesmontsacopa\/wp-json\/wp\/v2\/pages\/967","targetHints":{"allow":["GET"]}}],"collection":[{"href":"https:\/\/agora.xtec.cat\/iesmontsacopa\/wp-json\/wp\/v2\/pages"}],"about":[{"href":"https:\/\/agora.xtec.cat\/iesmontsacopa\/wp-json\/wp\/v2\/types\/page"}],"author":[{"embeddable":true,"href":"https:\/\/agora.xtec.cat\/iesmontsacopa\/wp-json\/wp\/v2\/users\/1"}],"replies":[{"embeddable":true,"href":"https:\/\/agora.xtec.cat\/iesmontsacopa\/wp-json\/wp\/v2\/comments?post=967"}],"version-history":[{"count":3,"href":"https:\/\/agora.xtec.cat\/iesmontsacopa\/wp-json\/wp\/v2\/pages\/967\/revisions"}],"predecessor-version":[{"id":6777,"href":"https:\/\/agora.xtec.cat\/iesmontsacopa\/wp-json\/wp\/v2\/pages\/967\/revisions\/6777"}],"wp:attachment":[{"href":"https:\/\/agora.xtec.cat\/iesmontsacopa\/wp-json\/wp\/v2\/media?parent=967"}],"curies":[{"name":"wp","href":"https:\/\/api.w.org\/{rel}","templated":true}]}}