{"id":894,"date":"2016-06-27T14:49:17","date_gmt":"2016-06-27T13:49:17","guid":{"rendered":"http:\/\/agora.xtec.cat\/iesmontsacopa\/?page_id=894"},"modified":"2026-03-28T11:58:05","modified_gmt":"2026-03-28T10:58:05","slug":"publicacions","status":"publish","type":"page","link":"https:\/\/agora.xtec.cat\/iesmontsacopa\/premis-i-projectes\/publicacions\/","title":{"rendered":"Publicacions"},"content":{"rendered":"\n<div class=\"wp-block-columns is-layout-flex wp-container-core-columns-is-layout-3 wp-block-columns-is-layout-flex\">\n<div class=\"wp-block-column is-layout-flow wp-block-column-is-layout-flow\">\n<div class=\"wp-block-columns has-background is-layout-flex wp-container-core-columns-is-layout-1 wp-block-columns-is-layout-flex\" style=\"border-radius:16px;background-color:#edf3f6\">\n<div class=\"wp-block-column is-layout-flow wp-block-column-is-layout-flow\" style=\"flex-basis:100%\">\n<h4><strong>Revista Greda<\/strong><\/h4>\n<p style=\"padding-left: 40px;\"><a href=\"https:\/\/drive.google.com\/file\/d\/16BFoHS6BpVxEAvwe0Mce07NnnQ-RfBQE\/view?usp=sharing\"><strong>Curs 2022-2023<\/strong><\/a><\/p>\n<p style=\"padding-left: 40px;\"><a href=\"https:\/\/drive.google.com\/file\/d\/1p9LpuJEPaUzT9w4ZpTojk48jm0YW2cb4\/view?usp=sharing\"><strong>Curs&nbsp; 2021-2022<\/strong><\/a><\/p>\n<\/div>\n<\/div>\n\n\n\n<div class=\"wp-block-columns has-background is-layout-flex wp-container-core-columns-is-layout-2 wp-block-columns-is-layout-flex\" style=\"border-radius:16px;background-color:#edf3f6\">\n<div class=\"wp-block-column is-layout-flow wp-block-column-is-layout-flow\" style=\"flex-basis:100%\">\n<h4>C\u00f2nic. Full informatiu de l&#8217;Institut Montsacopa<\/h4>\n<p><a href=\"https:\/\/drive.google.com\/file\/d\/12e6vu5bSBtZBwDo0W-PjfptoVBafuhjv\/view?usp=sharing\" target=\"_blank\" rel=\"noopener noreferrer\">Desembre 2018. N\u00fam 22<\/a><\/p>\n<p><a href=\"https:\/\/issuu.com\/iesmontsacopa\/docs\/c__nic\/1\" target=\"_blank\" rel=\"noopener noreferrer\">Desembre 2017. N\u00fam 21<\/a><\/p>\n<p><a class=\"Estilo36\" title=\"Desembre 2012\" href=\"http:\/\/www.xtec.cat\/iesmontsacopa\/publicacions\/conic\/conic_des2015.pdf\" target=\"_blank\" rel=\"noopener noreferrer\">Desembre 2015. N\u00fam. 19<\/a><\/p>\n<p><a class=\"Estilo36\" title=\"Desembre 2012\" href=\"http:\/\/www.xtec.cat\/iesmontsacopa\/publicacions\/conic\/coni_des2014.pdf\" target=\"_blank\" rel=\"noopener noreferrer\">Desembre 2014. N\u00fam. 18<\/a><\/p>\n<p><a class=\"Estilo36\" title=\"Desembre 2012\" href=\"http:\/\/issuu.com\/iesmontsacopa\/docs\/conic_des_2013\" target=\"_blank\" rel=\"noopener noreferrer\">Desembre 2013. N\u00fam. 17<\/a><\/p>\n<p><span class=\"Estilo44\"><a class=\"Estilo36\" title=\"Desembre 2012\" href=\"http:\/\/issuu.com\/iesmontsacopa\/docs\/conic_des_2012\" target=\"_blank\" rel=\"noopener noreferrer\">Desembre 2012. N\u00fam. 16<\/a><\/span><\/p>\n<p><span class=\"Estilo44\"><a class=\"Estilo36\" title=\"Desembre 2011\" href=\"http:\/\/www.xtec.cat\/iesmontsacopa\/publicacions\/conic\/conicdesembre2011.PDF\" target=\"_blank\" rel=\"noopener noreferrer\">Desembre 2011. N\u00fam. 15<\/a><\/span><\/p>\n<p><span class=\"Estilo44\"><a class=\"Estilo36\" title=\"Novembre 2010\" href=\"http:\/\/www.xtec.cat\/iesmontsacopa\/publicacions\/conic\/conicnovembre2010.PDF\" target=\"_blank\" rel=\"noopener noreferrer\">Novembre 2010. N\u00fam. 14<\/a><\/span><\/p>\n<p><span class=\"Estilo44\"><a class=\"Estilo36\" title=\"Octubre 2009\" href=\"http:\/\/www.xtec.cat\/iesmontsacopa\/publicacions\/conic\/conicoctubre2009.PDF\" target=\"_blank\" rel=\"noopener noreferrer\">Octubre 2009. N\u00fam. 13<\/a><\/span><\/p>\n<p><span class=\"Estilo44\"><a class=\"Estilo36\" title=\"Abril 2009\" href=\"http:\/\/www.xtec.cat\/iesmontsacopa\/publicacions\/conic\/conicabril2009.PDF\" target=\"_blank\" rel=\"noopener noreferrer\">Abril 2009. N\u00fam. 12<\/a><\/span><\/p>\n<p><span class=\"Estilo44\"><a class=\"Estilo36\" title=\"Octubre 2008\" href=\"http:\/\/www.xtec.cat\/iesmontsacopa\/publicacions\/conic\/conicoct08.pdf\" target=\"_blank\" rel=\"noopener noreferrer\">Octubre 2008. N\u00fam. 11<\/a><\/span><\/p>\n<p><span class=\"Estilo44\"><a class=\"Estilo36\" title=\"Mar\u00e7 2008\" href=\"http:\/\/www.xtec.cat\/iesmontsacopa\/publicacions\/conic\/conicmarc2008.pdf\" target=\"_blank\" rel=\"noopener noreferrer\">Mar\u00e7 2008. N\u00fam. 10<\/a><\/span><\/p>\n<p><span class=\"Estilo44\"><a class=\"Estilo36\" title=\"Novembre 2007\" href=\"http:\/\/www.xtec.cat\/iesmontsacopa\/publicacions\/conic\/novembre2007.pdf\" target=\"_blank\" rel=\"noopener noreferrer\">Novembre 2007. N\u00fam. 9<\/a><\/span><\/p>\n<p><a class=\"Estilo36\" href=\"http:\/\/www.xtec.cat\/iesmontsacopa\/publicacions\/conic\/conicdesembre2003.PDF\" target=\"_blank\" rel=\"noopener noreferrer\">Desembre 2003. N\u00fam. 7<\/a><\/p>\n<p><span class=\"Estilo44\"><a class=\"Estilo36\" title=\"Febrer 2003\" href=\"http:\/\/www.xtec.cat\/iesmontsacopa\/publicacions\/conic\/conicfebrer2003.PDF\" target=\"_blank\" rel=\"noopener noreferrer\">Febrer 2003. N\u00fam. 5<\/a><\/span><\/p>\n<p><span class=\"Estilo44\"><a class=\"Estilo36\" title=\"Juny 2002\" href=\"http:\/\/www.xtec.cat\/iesmontsacopa\/publicacions\/conic\/conicjuny2002.PDF\" target=\"_blank\" rel=\"noopener noreferrer\">Juny 2002. N\u00fam. 4<\/a><\/span><\/p>\n<p><span class=\"Estilo44\"><a class=\"Estilo36\" title=\"Juny 2001\" href=\"http:\/\/www.xtec.cat\/iesmontsacopa\/publicacions\/conic\/conicjuny2001.PDF\" target=\"_blank\" rel=\"noopener noreferrer\">Juny 2001. N\u00fam. 2<\/a><\/span><\/p>\n<\/div>\n<\/div>\n<\/div>\n<\/div>\n\n\n\n\n\n<figure class=\"wp-block-image alignright size-full\"><a href=\"https:\/\/agora.xtec.cat\/iesmontsacopa\/wp-content\/uploads\/usu944\/2026\/03\/logo2trans_horitzontalpetit.png\"><img loading=\"lazy\" decoding=\"async\" width=\"102\" height=\"32\" src=\"https:\/\/agora.xtec.cat\/iesmontsacopa\/wp-content\/uploads\/usu944\/2026\/03\/logo2trans_horitzontalpetit.png\" alt=\"\" class=\"wp-image-16247\"\/><\/a><\/figure>\n","protected":false},"excerpt":{"rendered":"<p>Revista Greda Curs 2022-2023 Curs&nbsp; 2021-2022 C\u00f2nic. Full informatiu de l&#8217;Institut Montsacopa Desembre 2018. N\u00fam 22 Desembre 2017. N\u00fam 21 Desembre 2015. N\u00fam. 19 Desembre 2014. N\u00fam. 18 Desembre 2013. N\u00fam. 17 Desembre 2012. N\u00fam. 16 Desembre 2011. N\u00fam. 15 Novembre 2010. N\u00fam. 14 Octubre 2009. N\u00fam. 13 Abril 2009. N\u00fam. 12 Octubre 2008. N\u00fam. [&hellip;]<\/p>\n","protected":false},"author":1,"featured_media":0,"parent":887,"menu_order":3,"comment_status":"closed","ping_status":"closed","template":"","meta":{"_bbp_topic_count":0,"_bbp_reply_count":0,"_bbp_total_topic_count":0,"_bbp_total_reply_count":0,"_bbp_voice_count":0,"_bbp_anonymous_reply_count":0,"_bbp_topic_count_hidden":0,"_bbp_reply_count_hidden":0,"_bbp_forum_subforum_count":0,"site-sidebar-layout":"default","site-content-layout":"","ast-site-content-layout":"default","site-content-style":"default","site-sidebar-style":"default","ast-global-header-display":"","ast-banner-title-visibility":"","ast-main-header-display":"","ast-hfb-above-header-display":"","ast-hfb-below-header-display":"","ast-hfb-mobile-header-display":"","site-post-title":"","ast-breadcrumbs-content":"","ast-featured-img":"","footer-sml-layout":"","theme-transparent-header-meta":"","adv-header-id-meta":"","stick-header-meta":"","header-above-stick-meta":"","header-main-stick-meta":"","header-below-stick-meta":"","astra-migrate-meta-layouts":"set","ast-page-background-enabled":"default","ast-page-background-meta":{"desktop":{"background-color":"var(--ast-global-color-4)","background-image":"","background-repeat":"repeat","background-position":"center center","background-size":"auto","background-attachment":"scroll","background-type":"","background-media":"","overlay-type":"","overlay-color":"","overlay-opacity":"","overlay-gradient":""},"tablet":{"background-color":"","background-image":"","background-repeat":"repeat","background-position":"center center","background-size":"auto","background-attachment":"scroll","background-type":"","background-media":"","overlay-type":"","overlay-color":"","overlay-opacity":"","overlay-gradient":""},"mobile":{"background-color":"","background-image":"","background-repeat":"repeat","background-position":"center center","background-size":"auto","background-attachment":"scroll","background-type":"","background-media":"","overlay-type":"","overlay-color":"","overlay-opacity":"","overlay-gradient":""}},"ast-content-background-meta":{"desktop":{"background-color":"var(--ast-global-color-5)","background-image":"","background-repeat":"repeat","background-position":"center center","background-size":"auto","background-attachment":"scroll","background-type":"","background-media":"","overlay-type":"","overlay-color":"","overlay-opacity":"","overlay-gradient":""},"tablet":{"background-color":"var(--ast-global-color-5)","background-image":"","background-repeat":"repeat","background-position":"center center","background-size":"auto","background-attachment":"scroll","background-type":"","background-media":"","overlay-type":"","overlay-color":"","overlay-opacity":"","overlay-gradient":""},"mobile":{"background-color":"var(--ast-global-color-5)","background-image":"","background-repeat":"repeat","background-position":"center center","background-size":"auto","background-attachment":"scroll","background-type":"","background-media":"","overlay-type":"","overlay-color":"","overlay-opacity":"","overlay-gradient":""}},"footnotes":""},"class_list":["post-894","page","type-page","status-publish","hentry"],"post_mailing_queue_ids":[],"_links":{"self":[{"href":"https:\/\/agora.xtec.cat\/iesmontsacopa\/wp-json\/wp\/v2\/pages\/894","targetHints":{"allow":["GET"]}}],"collection":[{"href":"https:\/\/agora.xtec.cat\/iesmontsacopa\/wp-json\/wp\/v2\/pages"}],"about":[{"href":"https:\/\/agora.xtec.cat\/iesmontsacopa\/wp-json\/wp\/v2\/types\/page"}],"author":[{"embeddable":true,"href":"https:\/\/agora.xtec.cat\/iesmontsacopa\/wp-json\/wp\/v2\/users\/1"}],"replies":[{"embeddable":true,"href":"https:\/\/agora.xtec.cat\/iesmontsacopa\/wp-json\/wp\/v2\/comments?post=894"}],"version-history":[{"count":6,"href":"https:\/\/agora.xtec.cat\/iesmontsacopa\/wp-json\/wp\/v2\/pages\/894\/revisions"}],"predecessor-version":[{"id":16342,"href":"https:\/\/agora.xtec.cat\/iesmontsacopa\/wp-json\/wp\/v2\/pages\/894\/revisions\/16342"}],"up":[{"embeddable":true,"href":"https:\/\/agora.xtec.cat\/iesmontsacopa\/wp-json\/wp\/v2\/pages\/887"}],"wp:attachment":[{"href":"https:\/\/agora.xtec.cat\/iesmontsacopa\/wp-json\/wp\/v2\/media?parent=894"}],"curies":[{"name":"wp","href":"https:\/\/api.w.org\/{rel}","templated":true}]}}