{"id":8095,"date":"2021-03-23T18:06:38","date_gmt":"2021-03-23T17:06:38","guid":{"rendered":"http:\/\/agora.xtec.cat\/iesmontsacopa\/?page_id=8095"},"modified":"2024-10-04T13:12:39","modified_gmt":"2024-10-04T11:12:39","slug":"erasmus","status":"publish","type":"page","link":"https:\/\/agora.xtec.cat\/iesmontsacopa\/premis-i-projectes\/projectes\/erasmus\/","title":{"rendered":"Erasmus+"},"content":{"rendered":"<h2><strong>2021-2027<\/strong>\u200b<\/h2>\n<table style=\"height: 104px; width: 100%;\">\n<tbody>\n<tr style=\"height: 104px;\">\n<td style=\"width: 49.7635%; height: 104px; border-color: #ffffff;\"><a href=\"https:\/\/ec.europa.eu\/programmes\/erasmus-plus\/node_en\" target=\"_blank\" rel=\"noopener noreferrer\"><img loading=\"lazy\" decoding=\"async\" class=\"aligncenter wp-image-8086 size-large\" src=\"https:\/\/agora.xtec.cat\/iesmontsacopa\/wp-content\/uploads\/usu944\/2021\/03\/logosbeneficaireserasmusright_es_0-1024x210.jpg\" alt=\"\" width=\"1024\" height=\"210\" srcset=\"https:\/\/agora.xtec.cat\/iesmontsacopa\/wp-content\/uploads\/usu944\/2021\/03\/logosbeneficaireserasmusright_es_0-1024x210.jpg 1024w, https:\/\/agora.xtec.cat\/iesmontsacopa\/wp-content\/uploads\/usu944\/2021\/03\/logosbeneficaireserasmusright_es_0-300x62.jpg 300w, https:\/\/agora.xtec.cat\/iesmontsacopa\/wp-content\/uploads\/usu944\/2021\/03\/logosbeneficaireserasmusright_es_0-768x158.jpg 768w, https:\/\/agora.xtec.cat\/iesmontsacopa\/wp-content\/uploads\/usu944\/2021\/03\/logosbeneficaireserasmusright_es_0.jpg 1134w\" sizes=\"auto, (max-width: 1024px) 100vw, 1024px\" \/><\/a><\/td>\n<td style=\"height: 104px; width: 49.7635%; border-color: #ffffff; background-color: #ffffff;\"><a href=\"http:\/\/sepie.es\/\" target=\"_blank\" rel=\"noopener noreferrer\"><img loading=\"lazy\" decoding=\"async\" class=\"wp-image-8115 size-full alignleft\" src=\"https:\/\/agora.xtec.cat\/iesmontsacopa\/wp-content\/uploads\/usu944\/2021\/03\/sepie.jpg\" alt=\"\" width=\"130\" height=\"89\" \/><\/a><\/td>\n<\/tr>\n<\/tbody>\n<\/table>\n<p style=\"text-align: justify;\">L\u2019Institut Montsacopa ha participat en molts intercanvis i estades ling\u00fc\u00edstiques al llarg dels anys. A m\u00e9s, des del 2014 \u00e9s l\u2019\u00fanic institut de la comarca que ofereix el Batxibac o Batxillerat franc\u00e8s. En el nostre centre donem molta import\u00e0ncia a l\u2019aprenentatge de les lleng\u00fces estrangeres. \u00c9s per aix\u00f2 que aquest curs 2020\/21 hem fet un pas m\u00e9s i hem decidit internacionalitzar l\u2019institut participant en projectes de mobilitat internacional Erasmus+. Aquests projectes estan cofinan\u00e7ats pel programa Erasmus+ de la Uni\u00f3 Europea i ens permeten realitzar estades a l\u2019estranger tant per l\u2019alumnat com pel professorat. A m\u00e9s, ofereixen la possibilitat d\u2019establir vincles amb altres centres. Aix\u00ed doncs, apostem per millorar compet\u00e8ncies transversals de creixement personal i aprenentatge al llarg de la vida.<\/p>\n<p style=\"text-align: justify;\">Institut Montsacopa has taken part in many exchanges and linguistic stays throughout the years. Moreover, since 2014, it is the only centre in our region which offers \u2018Batxibac\u2019, the French Baccalaureate. In our institution we highlight the importance of learning foreign languages. For this reason, in the current school year 2020\/21 we have moved forward and we have internationalised the high school by participating in the Erasmus+ international mobility projects. These projects are partially financed by the European Union and allow both teachers and students to carry out stays abroad. In addition, they offer the possibility of establishing bonds with other centres. Thus, we support the improval of cross curricular competencies of personal growth and lifelong learning.<\/p>\n<p><a href=\"https:\/\/drive.google.com\/file\/d\/1QlIkg-AzmZG9Lm7Puv5jso08RXEp3DjH\/view\" target=\"_blank\" rel=\"noopener noreferrer\"><img loading=\"lazy\" decoding=\"async\" class=\"aligncenter wp-image-8140 size-full\" src=\"https:\/\/agora.xtec.cat\/iesmontsacopa\/wp-content\/uploads\/usu944\/2021\/03\/video_erasmus.jpg\" alt=\"\" width=\"640\" height=\"362\" srcset=\"https:\/\/agora.xtec.cat\/iesmontsacopa\/wp-content\/uploads\/usu944\/2021\/03\/video_erasmus.jpg 640w, https:\/\/agora.xtec.cat\/iesmontsacopa\/wp-content\/uploads\/usu944\/2021\/03\/video_erasmus-300x170.jpg 300w\" sizes=\"auto, (max-width: 640px) 100vw, 640px\" \/><\/a><\/p>\n<h5><a href=\"https:\/\/agora.xtec.cat\/iesmontsacopa\/wp-content\/uploads\/usu944\/2021\/05\/erasmus_policy_statement_21_27.pdf\"><strong>Erasmus Policy Statement (21-27)<\/strong><\/a><\/h5>\n<table style=\"width: 100%;\">\n<tbody>\n<tr>\n<td style=\"border-color: #ffffff; background-color: #92ae01;\"><\/td>\n<\/tr>\n<\/tbody>\n<\/table>\n<table style=\"border-collapse: collapse; width: 100%;\">\n<tbody>\n<tr>\n<td style=\"width: 100%; border-color: #ffffff; background-color: #dedcdc;\">\n<h2><a href=\"https:\/\/agora.xtec.cat\/iesmontsacopa\/premis-i-projectes\/projectes\/erasmus\/educacio-escolar-erasmus\/\"><span style=\"color: #800000;\"><strong>Educaci\u00f3 Escolar<\/strong><\/span><\/a><\/h2>\n<\/td>\n<\/tr>\n<\/tbody>\n<\/table>\n<table style=\"width: 100%;\">\n<tbody>\n<tr>\n<td style=\"border-color: #ffffff; background-color: #92ae01;\"><\/td>\n<\/tr>\n<\/tbody>\n<\/table>\n<table style=\"border-collapse: collapse; width: 100%;\">\n<tbody>\n<tr>\n<td style=\"width: 100%; border-color: #ffffff; background-color: #dedcdc;\">\n<h2><a href=\"https:\/\/agora.xtec.cat\/iesmontsacopa\/premis-i-projectes\/projectes\/erasmus\/erasmusmobilitat-cicles\/\"><span style=\"color: #800000;\"><strong>Cicles Formatius<\/strong><\/span><\/a><\/h2>\n<\/td>\n<\/tr>\n<\/tbody>\n<\/table>\n<table style=\"width: 100%;\">\n<tbody>\n<tr>\n<td style=\"border-color: #ffffff; background-color: #92ae01;\"><\/td>\n<\/tr>\n<\/tbody>\n<\/table>\n<h3><strong>Acreditaci\u00f3 Erasmus+. Setembre 2023<\/strong><\/h3>\n<p style=\"text-align: justify;\">L&#8217;any passat vam obtenir l&#8217;Acreditaci\u00f3 Erasmus en l&#8217;\u00e0mbit d&#8217;educaci\u00f3 escolar i ara ens ha arribat el cartell que ho certifica. Ja el podeu veure penjat a la porta principal de l&#8217;institut.<\/p>\n<p style=\"text-align: justify;\">Us recordem que l&#8217;acreditaci\u00f3 ens permet obtenir fons europeus participar en projectes Erasmus+ i realitzar mobilitats m\u00e9s f\u00e0cilment.<\/p>\n<p><a href=\"https:\/\/agora.xtec.cat\/iesmontsacopa\/wp-content\/uploads\/usu944\/2023\/09\/acreditacioErasmus.png\"><img loading=\"lazy\" decoding=\"async\" class=\"aligncenter size-full wp-image-12587\" src=\"https:\/\/agora.xtec.cat\/iesmontsacopa\/wp-content\/uploads\/usu944\/2023\/09\/acreditacioErasmus.png\" alt=\"\" width=\"854\" height=\"384\" srcset=\"https:\/\/agora.xtec.cat\/iesmontsacopa\/wp-content\/uploads\/usu944\/2023\/09\/acreditacioErasmus.png 854w, https:\/\/agora.xtec.cat\/iesmontsacopa\/wp-content\/uploads\/usu944\/2023\/09\/acreditacioErasmus-300x135.png 300w, https:\/\/agora.xtec.cat\/iesmontsacopa\/wp-content\/uploads\/usu944\/2023\/09\/acreditacioErasmus-768x345.png 768w\" sizes=\"auto, (max-width: 854px) 100vw, 854px\" \/><\/a><\/p>\n<table style=\"width: 100%;\">\n<tbody>\n<tr>\n<td style=\"border-color: #ffffff; background-color: #92ae01;\"><\/td>\n<\/tr>\n<\/tbody>\n<\/table>\n<h3><strong>ErasmusDays 2023. Octubre 2023<\/strong><\/h3>\n<p style=\"text-align: justify;\">Els dies 10 i 11 d&#8217;octubre vam celebrar els ErasmusDays. Vam compartir experi\u00e8ncies per fer arribar l&#8217; Erasmus+ a tota la comunitat educativa. Durant el mat\u00ed alguns alumnes que han participat en mobilitats van compartir la seva experi\u00e8ncia amb tot l&#8217;alumnat de 3r i 4t d&#8217;ESO. A la tarda va ser el torn del professorat que va realitzar cursos de formaci\u00f3 aquest estiu. Finalment, el dia 11 les dues alumnes del CFGS de T\u00e8cnic d&#8217;Educaci\u00f3 Infantil que estan realitzant les seves pr\u00e0ctiques a It\u00e0lia es van connectar amb l&#8217;alumnat de cicles formatius.<\/p>\n<p style=\"text-align: justify;\">Gr\u00e0cies a l&#8217;alumnat SIEI i a l&#8217;alumnat de l&#8217;Optativa de Visual i Pl\u00e0stica de 4t d&#8217;ESO per ajudar-nos amb l&#8217;exposici\u00f3 i el photocall.<\/p>\n<figure id=\"attachment_12624\" aria-describedby=\"caption-attachment-12624\" style=\"width: 1024px\" class=\"wp-caption aligncenter\"><a href=\"https:\/\/drive.google.com\/drive\/folders\/1N5bjfSyXxCPSC-WgUknBOoxTTvFtArTB\" target=\"_blank\" rel=\"noopener\"><img loading=\"lazy\" decoding=\"async\" class=\"wp-image-12624 size-full\" src=\"https:\/\/agora.xtec.cat\/iesmontsacopa\/wp-content\/uploads\/usu944\/2023\/10\/erasmus_dimecres.jpg\" alt=\"\" width=\"1024\" height=\"768\" srcset=\"https:\/\/agora.xtec.cat\/iesmontsacopa\/wp-content\/uploads\/usu944\/2023\/10\/erasmus_dimecres.jpg 1024w, https:\/\/agora.xtec.cat\/iesmontsacopa\/wp-content\/uploads\/usu944\/2023\/10\/erasmus_dimecres-300x225.jpg 300w, https:\/\/agora.xtec.cat\/iesmontsacopa\/wp-content\/uploads\/usu944\/2023\/10\/erasmus_dimecres-768x576.jpg 768w, https:\/\/agora.xtec.cat\/iesmontsacopa\/wp-content\/uploads\/usu944\/2023\/10\/erasmus_dimecres-200x150.jpg 200w\" sizes=\"auto, (max-width: 1024px) 100vw, 1024px\" \/><\/a><figcaption id=\"caption-attachment-12624\" class=\"wp-caption-text\">rbt<\/figcaption><\/figure>\n<p><a href=\"https:\/\/drive.google.com\/drive\/folders\/1YncPYuc_17wYmilqGGOFWKj_y0zuZ6OQ\" target=\"_blank\" rel=\"noopener\"><img loading=\"lazy\" decoding=\"async\" class=\"aligncenter wp-image-12623 size-full\" src=\"https:\/\/agora.xtec.cat\/iesmontsacopa\/wp-content\/uploads\/usu944\/2023\/10\/erasmus_dimarts.jpg\" alt=\"\" width=\"1892\" height=\"1425\" srcset=\"https:\/\/agora.xtec.cat\/iesmontsacopa\/wp-content\/uploads\/usu944\/2023\/10\/erasmus_dimarts.jpg 1892w, https:\/\/agora.xtec.cat\/iesmontsacopa\/wp-content\/uploads\/usu944\/2023\/10\/erasmus_dimarts-300x226.jpg 300w, https:\/\/agora.xtec.cat\/iesmontsacopa\/wp-content\/uploads\/usu944\/2023\/10\/erasmus_dimarts-1024x771.jpg 1024w, https:\/\/agora.xtec.cat\/iesmontsacopa\/wp-content\/uploads\/usu944\/2023\/10\/erasmus_dimarts-768x578.jpg 768w, https:\/\/agora.xtec.cat\/iesmontsacopa\/wp-content\/uploads\/usu944\/2023\/10\/erasmus_dimarts-1536x1157.jpg 1536w, https:\/\/agora.xtec.cat\/iesmontsacopa\/wp-content\/uploads\/usu944\/2023\/10\/erasmus_dimarts-200x150.jpg 200w\" sizes=\"auto, (max-width: 1892px) 100vw, 1892px\" \/><\/a><\/p>\n<p><a href=\"https:\/\/agora.xtec.cat\/iesmontsacopa\/wp-content\/uploads\/usu944\/2023\/10\/Cartell-Eday.png\"><img loading=\"lazy\" decoding=\"async\" class=\"aligncenter size-full wp-image-12621\" src=\"https:\/\/agora.xtec.cat\/iesmontsacopa\/wp-content\/uploads\/usu944\/2023\/10\/Cartell-Eday.png\" alt=\"\" width=\"1587\" height=\"2245\" srcset=\"https:\/\/agora.xtec.cat\/iesmontsacopa\/wp-content\/uploads\/usu944\/2023\/10\/Cartell-Eday.png 1587w, https:\/\/agora.xtec.cat\/iesmontsacopa\/wp-content\/uploads\/usu944\/2023\/10\/Cartell-Eday-212x300.png 212w, https:\/\/agora.xtec.cat\/iesmontsacopa\/wp-content\/uploads\/usu944\/2023\/10\/Cartell-Eday-724x1024.png 724w, https:\/\/agora.xtec.cat\/iesmontsacopa\/wp-content\/uploads\/usu944\/2023\/10\/Cartell-Eday-768x1086.png 768w, https:\/\/agora.xtec.cat\/iesmontsacopa\/wp-content\/uploads\/usu944\/2023\/10\/Cartell-Eday-1086x1536.png 1086w, https:\/\/agora.xtec.cat\/iesmontsacopa\/wp-content\/uploads\/usu944\/2023\/10\/Cartell-Eday-1448x2048.png 1448w\" sizes=\"auto, (max-width: 1587px) 100vw, 1587px\" \/><\/a><\/p>\n","protected":false},"excerpt":{"rendered":"<p>2021-2027\u200b L\u2019Institut Montsacopa ha participat en molts intercanvis i estades ling\u00fc\u00edstiques al llarg dels anys. A m\u00e9s, des del 2014 \u00e9s l\u2019\u00fanic institut de la comarca que ofereix el Batxibac o Batxillerat franc\u00e8s. En el nostre centre donem molta import\u00e0ncia a l\u2019aprenentatge de les lleng\u00fces estrangeres. \u00c9s per aix\u00f2 que aquest curs 2020\/21 hem fet [&hellip;]<\/p>\n","protected":false},"author":1,"featured_media":0,"parent":890,"menu_order":2,"comment_status":"closed","ping_status":"closed","template":"page-templates\/side-menu.php","meta":{"_bbp_topic_count":0,"_bbp_reply_count":0,"_bbp_total_topic_count":0,"_bbp_total_reply_count":0,"_bbp_voice_count":0,"_bbp_anonymous_reply_count":0,"_bbp_topic_count_hidden":0,"_bbp_reply_count_hidden":0,"_bbp_forum_subforum_count":0,"site-sidebar-layout":"default","site-content-layout":"","ast-site-content-layout":"","site-content-style":"default","site-sidebar-style":"default","ast-global-header-display":"","ast-banner-title-visibility":"","ast-main-header-display":"","ast-hfb-above-header-display":"","ast-hfb-below-header-display":"","ast-hfb-mobile-header-display":"","site-post-title":"","ast-breadcrumbs-content":"","ast-featured-img":"","footer-sml-layout":"","theme-transparent-header-meta":"","adv-header-id-meta":"","stick-header-meta":"","header-above-stick-meta":"","header-main-stick-meta":"","header-below-stick-meta":"","astra-migrate-meta-layouts":"default","ast-page-background-enabled":"default","ast-page-background-meta":{"desktop":{"background-color":"var(--ast-global-color-4)","background-image":"","background-repeat":"repeat","background-position":"center center","background-size":"auto","background-attachment":"scroll","background-type":"","background-media":"","overlay-type":"","overlay-color":"","overlay-opacity":"","overlay-gradient":""},"tablet":{"background-color":"","background-image":"","background-repeat":"repeat","background-position":"center center","background-size":"auto","background-attachment":"scroll","background-type":"","background-media":"","overlay-type":"","overlay-color":"","overlay-opacity":"","overlay-gradient":""},"mobile":{"background-color":"","background-image":"","background-repeat":"repeat","background-position":"center center","background-size":"auto","background-attachment":"scroll","background-type":"","background-media":"","overlay-type":"","overlay-color":"","overlay-opacity":"","overlay-gradient":""}},"ast-content-background-meta":{"desktop":{"background-color":"var(--ast-global-color-5)","background-image":"","background-repeat":"repeat","background-position":"center center","background-size":"auto","background-attachment":"scroll","background-type":"","background-media":"","overlay-type":"","overlay-color":"","overlay-opacity":"","overlay-gradient":""},"tablet":{"background-color":"var(--ast-global-color-5)","background-image":"","background-repeat":"repeat","background-position":"center center","background-size":"auto","background-attachment":"scroll","background-type":"","background-media":"","overlay-type":"","overlay-color":"","overlay-opacity":"","overlay-gradient":""},"mobile":{"background-color":"var(--ast-global-color-5)","background-image":"","background-repeat":"repeat","background-position":"center center","background-size":"auto","background-attachment":"scroll","background-type":"","background-media":"","overlay-type":"","overlay-color":"","overlay-opacity":"","overlay-gradient":""}},"footnotes":""},"class_list":["post-8095","page","type-page","status-publish","hentry"],"post_mailing_queue_ids":[],"_links":{"self":[{"href":"https:\/\/agora.xtec.cat\/iesmontsacopa\/wp-json\/wp\/v2\/pages\/8095","targetHints":{"allow":["GET"]}}],"collection":[{"href":"https:\/\/agora.xtec.cat\/iesmontsacopa\/wp-json\/wp\/v2\/pages"}],"about":[{"href":"https:\/\/agora.xtec.cat\/iesmontsacopa\/wp-json\/wp\/v2\/types\/page"}],"author":[{"embeddable":true,"href":"https:\/\/agora.xtec.cat\/iesmontsacopa\/wp-json\/wp\/v2\/users\/1"}],"replies":[{"embeddable":true,"href":"https:\/\/agora.xtec.cat\/iesmontsacopa\/wp-json\/wp\/v2\/comments?post=8095"}],"version-history":[{"count":6,"href":"https:\/\/agora.xtec.cat\/iesmontsacopa\/wp-json\/wp\/v2\/pages\/8095\/revisions"}],"predecessor-version":[{"id":13897,"href":"https:\/\/agora.xtec.cat\/iesmontsacopa\/wp-json\/wp\/v2\/pages\/8095\/revisions\/13897"}],"up":[{"embeddable":true,"href":"https:\/\/agora.xtec.cat\/iesmontsacopa\/wp-json\/wp\/v2\/pages\/890"}],"wp:attachment":[{"href":"https:\/\/agora.xtec.cat\/iesmontsacopa\/wp-json\/wp\/v2\/media?parent=8095"}],"curies":[{"name":"wp","href":"https:\/\/api.w.org\/{rel}","templated":true}]}}