{"id":7686,"date":"2021-02-01T08:47:01","date_gmt":"2021-02-01T07:47:01","guid":{"rendered":"http:\/\/agora.xtec.cat\/iesmontsacopa\/?page_id=7686"},"modified":"2022-08-03T14:32:13","modified_gmt":"2022-08-03T12:32:13","slug":"young-volcandpark","status":"publish","type":"page","link":"https:\/\/agora.xtec.cat\/iesmontsacopa\/premis-i-projectes\/projectes\/young-volcandpark\/","title":{"rendered":"Young Volcandpark"},"content":{"rendered":"<h2><strong>2011-2012<\/strong><\/h2>\n<table class=\" aligncenter\" bgcolor=\"#FFFFFF\">\n<tbody>\n<tr>\n<td class=\"Estilo10\" style=\"border-color: #ffffff;\">\n<h6 class=\"Estilo10\" style=\"font-weight: bold;\"><a href=\"http:\/\/agora.xtec.cat\/iesmontsacopa\/wp-content\/uploads\/usu944\/2016\/06\/Logo-Volcandpark_PETIT.jpg\" rel=\"attachment wp-att-921\"><img loading=\"lazy\" decoding=\"async\" class=\"alignnone size-full wp-image-921\" src=\"http:\/\/agora.xtec.cat\/iesmontsacopa\/wp-content\/uploads\/usu944\/2016\/06\/Logo-Volcandpark_PETIT.jpg\" alt=\"Logo Volcandpark_PETIT\" width=\"90\" height=\"60\" \/><\/a>YOUNG VOLCANDPARK<\/h6>\n<p class=\"Estilo10\" style=\"font-weight: bold;\">1r Congr\u00e9s Europeu d&#8217;Estudiants en Espais Volc\u00e0nics Protegits<\/p>\n<p><span style=\"font-family: Helvetica,Arial,sans-serif;\">El Young Volcandpark ha estat un congr\u00e9s adre\u00e7at als estudiants que viuen en territoris volc\u00e0nics protegits. El seu objectiu principal ha estat reunir estudiants de prim\u00e0ria i secund\u00e0ria per analitzar els problemes, els beneficis i el patrimoni natural del seu entorn. Les escoles i els instituts de la Garrotxa han estat treballant sobre el vulcanisme i el congr\u00e9s. S&#8217;han plantejat q\u00fcestions i idees com ara com es relacionen els alumnes locals amb el seu entorn volc\u00e0nic, quins avantatges o desavantatges t\u00e9 viure en una zona com aquesta, o qu\u00e8 es podria millorar. Un grup d&#8217;alumnes del nostre institut, com a activitats del treball de recerca de 4t d&#8217;ESO, van elaborar fins a 4 itineraris per con\u00e8ixer les caracter\u00edstiques geol\u00f2giques, naturals, paisatg\u00edstiques i d&#8217;\u00fas hum\u00e0 del Parc Natural de la Zona Volc\u00e0nica de la Garrotxa.<\/span><br \/>\n<span style=\"font-family: Helvetica,Arial,sans-serif;\">Podeu veure el treball <a href=\"http:\/\/www.xtec.cat\/iesmontsacopa\/premis_projectes\/projectes\/volcandpark\/volcandpark.html\">clicant el seg\u00fcent enlla\u00e7<\/a><b> <\/b><\/span><\/p>\n<p><span style=\"font-family: Helvetica,Arial,sans-serif;\"><strong>Professorat responsable<\/strong>: Jes\u00fas Guti\u00e9rrez<\/span><\/p>\n<p><span style=\"font-family: Helvetica,Arial,sans-serif;\"><strong>Alumnat:<\/strong> N\u00faria Calzas, Guillem Coromina, Jordi Galobardes, Nerea Garc\u00eda, Ariadna Iglesias, Albert Nebot, David Lizardo, Jaume Prat, Mireia Pujol, Mar Reixach, Mireia Ribera, Alba S\u00e1nchez, Arnau Su\u00f1\u00e9, Aina Vidal i Maria Vilanova. <\/span><\/td>\n<\/tr>\n<\/tbody>\n<\/table>\n","protected":false},"excerpt":{"rendered":"<p>2011-2012 YOUNG VOLCANDPARK 1r Congr\u00e9s Europeu d&#8217;Estudiants en Espais Volc\u00e0nics Protegits El Young Volcandpark ha estat un congr\u00e9s adre\u00e7at als estudiants que viuen en territoris volc\u00e0nics protegits. El seu objectiu principal ha estat reunir estudiants de prim\u00e0ria i secund\u00e0ria per analitzar els problemes, els beneficis i el patrimoni natural del seu entorn. Les escoles i [&hellip;]<\/p>\n","protected":false},"author":1,"featured_media":0,"parent":890,"menu_order":5,"comment_status":"closed","ping_status":"closed","template":"page-templates\/side-menu.php","meta":{"_bbp_topic_count":0,"_bbp_reply_count":0,"_bbp_total_topic_count":0,"_bbp_total_reply_count":0,"_bbp_voice_count":0,"_bbp_anonymous_reply_count":0,"_bbp_topic_count_hidden":0,"_bbp_reply_count_hidden":0,"_bbp_forum_subforum_count":0,"site-sidebar-layout":"default","site-content-layout":"","ast-site-content-layout":"","site-content-style":"default","site-sidebar-style":"default","ast-global-header-display":"","ast-banner-title-visibility":"","ast-main-header-display":"","ast-hfb-above-header-display":"","ast-hfb-below-header-display":"","ast-hfb-mobile-header-display":"","site-post-title":"","ast-breadcrumbs-content":"","ast-featured-img":"","footer-sml-layout":"","theme-transparent-header-meta":"","adv-header-id-meta":"","stick-header-meta":"","header-above-stick-meta":"","header-main-stick-meta":"","header-below-stick-meta":"","astra-migrate-meta-layouts":"default","ast-page-background-enabled":"default","ast-page-background-meta":{"desktop":{"background-color":"var(--ast-global-color-4)","background-image":"","background-repeat":"repeat","background-position":"center center","background-size":"auto","background-attachment":"scroll","background-type":"","background-media":"","overlay-type":"","overlay-color":"","overlay-opacity":"","overlay-gradient":""},"tablet":{"background-color":"","background-image":"","background-repeat":"repeat","background-position":"center center","background-size":"auto","background-attachment":"scroll","background-type":"","background-media":"","overlay-type":"","overlay-color":"","overlay-opacity":"","overlay-gradient":""},"mobile":{"background-color":"","background-image":"","background-repeat":"repeat","background-position":"center center","background-size":"auto","background-attachment":"scroll","background-type":"","background-media":"","overlay-type":"","overlay-color":"","overlay-opacity":"","overlay-gradient":""}},"ast-content-background-meta":{"desktop":{"background-color":"var(--ast-global-color-5)","background-image":"","background-repeat":"repeat","background-position":"center center","background-size":"auto","background-attachment":"scroll","background-type":"","background-media":"","overlay-type":"","overlay-color":"","overlay-opacity":"","overlay-gradient":""},"tablet":{"background-color":"var(--ast-global-color-5)","background-image":"","background-repeat":"repeat","background-position":"center center","background-size":"auto","background-attachment":"scroll","background-type":"","background-media":"","overlay-type":"","overlay-color":"","overlay-opacity":"","overlay-gradient":""},"mobile":{"background-color":"var(--ast-global-color-5)","background-image":"","background-repeat":"repeat","background-position":"center center","background-size":"auto","background-attachment":"scroll","background-type":"","background-media":"","overlay-type":"","overlay-color":"","overlay-opacity":"","overlay-gradient":""}},"footnotes":""},"class_list":["post-7686","page","type-page","status-publish","hentry"],"post_mailing_queue_ids":[],"_links":{"self":[{"href":"https:\/\/agora.xtec.cat\/iesmontsacopa\/wp-json\/wp\/v2\/pages\/7686","targetHints":{"allow":["GET"]}}],"collection":[{"href":"https:\/\/agora.xtec.cat\/iesmontsacopa\/wp-json\/wp\/v2\/pages"}],"about":[{"href":"https:\/\/agora.xtec.cat\/iesmontsacopa\/wp-json\/wp\/v2\/types\/page"}],"author":[{"embeddable":true,"href":"https:\/\/agora.xtec.cat\/iesmontsacopa\/wp-json\/wp\/v2\/users\/1"}],"replies":[{"embeddable":true,"href":"https:\/\/agora.xtec.cat\/iesmontsacopa\/wp-json\/wp\/v2\/comments?post=7686"}],"version-history":[{"count":3,"href":"https:\/\/agora.xtec.cat\/iesmontsacopa\/wp-json\/wp\/v2\/pages\/7686\/revisions"}],"predecessor-version":[{"id":7700,"href":"https:\/\/agora.xtec.cat\/iesmontsacopa\/wp-json\/wp\/v2\/pages\/7686\/revisions\/7700"}],"up":[{"embeddable":true,"href":"https:\/\/agora.xtec.cat\/iesmontsacopa\/wp-json\/wp\/v2\/pages\/890"}],"wp:attachment":[{"href":"https:\/\/agora.xtec.cat\/iesmontsacopa\/wp-json\/wp\/v2\/media?parent=7686"}],"curies":[{"name":"wp","href":"https:\/\/api.w.org\/{rel}","templated":true}]}}