{"id":69,"date":"2014-09-18T10:15:07","date_gmt":"2014-09-18T09:15:07","guid":{"rendered":"http:\/\/agora.xtec.cat\/iesmontsacopa\/?page_id=69"},"modified":"2026-03-25T15:02:00","modified_gmt":"2026-03-25T14:02:00","slug":"transport-menjador-escolar","status":"publish","type":"page","link":"https:\/\/agora.xtec.cat\/iesmontsacopa\/serveis\/transport-menjador-escolar\/","title":{"rendered":"Transport i menjador escolar"},"content":{"rendered":"<table style=\"border-collapse: collapse; width: 100%; height: 48px;\">\n<tbody>\n<tr style=\"height: 48px;\">\n<td style=\"width: 100%; background-color: #f5f6f7; border-color: #ffffff; text-align: justify; height: 48px;\">\n<ul>\n<li>\n<h5><a href=\"https:\/\/agora.xtec.cat\/iesmontsacopa\/wp-content\/uploads\/usu944\/2025\/07\/Circular-informativa-i-inscripcio-alumnes-ESO-Ins-Montsacopa.pdf\"><strong>FULL D\u2019INSCRIPCI\u00d3 SERVEI DE MENJADOR ESCOLAR INSTITUT MONTSACOPA<\/strong><\/a><\/h5>\n<\/li>\n<li>\n<h5><a href=\"https:\/\/agora.xtec.cat\/iesmontsacopa\/wp-content\/uploads\/usu944\/2025\/05\/circular_informativa_25-26_escoles-dOlot.pdf\"><strong>CIRCULAR INFORMATIVA PER ALS ALUMNES QUE VULGUIN SOL\u00b7LICITAR ELS SERVEI DE TRANSPORT ESCOLAR I\/O AJUTS DE MENJADOR I DESPLA\u00c7AMENT PER AL CURS 2025-2026<\/strong><\/a><\/h5>\n<\/li>\n<\/ul>\n<\/td>\n<\/tr>\n<\/tbody>\n<\/table>\n<div>\n<div class=\"adL\">\u00a0<\/div>\n<\/div>\n<div>\n<table style=\"width: 100%;\">\n<tbody>\n<tr>\n<td style=\"background-color: #f5f6f7; border-color: #ffffff;\">\n<h2><strong>Transport escolar<\/strong><\/h2>\n<p><span class=\"Estilo36\"><strong>Transport Comarcal:<\/strong> <\/span><\/p>\n<p><span class=\"Estilo36\">Gratu\u00eft i amb parades a cadascun dels pobles. <\/span><\/p>\n<p><a href=\"https:\/\/www.garrotxa.cat\/wp-content\/uploads\/2025\/01\/RUTES-INS-MONTSACOPA28012025.pdf\" target=\"_blank\" rel=\"noopener\">Horaris i rutes<\/a><\/p>\n<p><span class=\"textnegreta\"><a class=\"Estilo43\" title=\"transport comarcal\" href=\"http:\/\/www.garrotxa.cat\/arees\/educacio\/transport-escolar\/\" target=\"_blank\" rel=\"noopener noreferrer\">M\u00e9s informaci\u00f3: Web del Consell Comarcal de la Garrotxa<\/a><\/span><\/p>\n<p><strong><span class=\"Estilo40\">TPO:<\/span><\/strong><\/p>\n<p><a class=\"Estilo43\" href=\"http:\/\/www.teisa-bus.com\/ca\/tpo\" target=\"_blank\" rel=\"noopener noreferrer\">Horaris TPO\u00a0<\/a><\/p>\n<p><a class=\"Estilo43\" href=\"http:\/\/www.teisa-bus.com\/ca\/index.html\" target=\"_blank\" rel=\"noopener noreferrer\">M\u00e9s informaci\u00f3: Transports p\u00fablics d&#8217;Olot<\/a><\/p>\n<\/td>\n<\/tr>\n<\/tbody>\n<\/table>\n<\/div>\n\n\n<figure class=\"wp-block-image alignright size-full\"><a href=\"https:\/\/agora.xtec.cat\/iesmontsacopa\/wp-content\/uploads\/usu944\/2026\/03\/logo2trans_horitzontalpetit.png\"><img loading=\"lazy\" decoding=\"async\" width=\"102\" height=\"32\" src=\"https:\/\/agora.xtec.cat\/iesmontsacopa\/wp-content\/uploads\/usu944\/2026\/03\/logo2trans_horitzontalpetit.png\" alt=\"\" class=\"wp-image-16247\"\/><\/a><\/figure>\n","protected":false},"excerpt":{"rendered":"<p>FULL D\u2019INSCRIPCI\u00d3 SERVEI DE MENJADOR ESCOLAR INSTITUT MONTSACOPA CIRCULAR INFORMATIVA PER ALS ALUMNES QUE VULGUIN SOL\u00b7LICITAR ELS SERVEI DE TRANSPORT ESCOLAR I\/O AJUTS DE MENJADOR I DESPLA\u00c7AMENT PER AL CURS 2025-2026 \u00a0 Transport escolar Transport Comarcal: Gratu\u00eft i amb parades a cadascun dels pobles. Horaris i rutes M\u00e9s informaci\u00f3: Web del Consell Comarcal de la [&hellip;]<\/p>\n","protected":false},"author":1,"featured_media":0,"parent":63,"menu_order":20,"comment_status":"closed","ping_status":"closed","template":"","meta":{"_bbp_topic_count":0,"_bbp_reply_count":0,"_bbp_total_topic_count":0,"_bbp_total_reply_count":0,"_bbp_voice_count":0,"_bbp_anonymous_reply_count":0,"_bbp_topic_count_hidden":0,"_bbp_reply_count_hidden":0,"_bbp_forum_subforum_count":0,"site-sidebar-layout":"default","site-content-layout":"","ast-site-content-layout":"default","site-content-style":"default","site-sidebar-style":"default","ast-global-header-display":"","ast-banner-title-visibility":"","ast-main-header-display":"","ast-hfb-above-header-display":"","ast-hfb-below-header-display":"","ast-hfb-mobile-header-display":"","site-post-title":"","ast-breadcrumbs-content":"","ast-featured-img":"","footer-sml-layout":"","theme-transparent-header-meta":"","adv-header-id-meta":"","stick-header-meta":"","header-above-stick-meta":"","header-main-stick-meta":"","header-below-stick-meta":"","astra-migrate-meta-layouts":"set","ast-page-background-enabled":"default","ast-page-background-meta":{"desktop":{"background-color":"var(--ast-global-color-4)","background-image":"","background-repeat":"repeat","background-position":"center center","background-size":"auto","background-attachment":"scroll","background-type":"","background-media":"","overlay-type":"","overlay-color":"","overlay-opacity":"","overlay-gradient":""},"tablet":{"background-color":"","background-image":"","background-repeat":"repeat","background-position":"center center","background-size":"auto","background-attachment":"scroll","background-type":"","background-media":"","overlay-type":"","overlay-color":"","overlay-opacity":"","overlay-gradient":""},"mobile":{"background-color":"","background-image":"","background-repeat":"repeat","background-position":"center center","background-size":"auto","background-attachment":"scroll","background-type":"","background-media":"","overlay-type":"","overlay-color":"","overlay-opacity":"","overlay-gradient":""}},"ast-content-background-meta":{"desktop":{"background-color":"var(--ast-global-color-5)","background-image":"","background-repeat":"repeat","background-position":"center center","background-size":"auto","background-attachment":"scroll","background-type":"","background-media":"","overlay-type":"","overlay-color":"","overlay-opacity":"","overlay-gradient":""},"tablet":{"background-color":"var(--ast-global-color-5)","background-image":"","background-repeat":"repeat","background-position":"center center","background-size":"auto","background-attachment":"scroll","background-type":"","background-media":"","overlay-type":"","overlay-color":"","overlay-opacity":"","overlay-gradient":""},"mobile":{"background-color":"var(--ast-global-color-5)","background-image":"","background-repeat":"repeat","background-position":"center center","background-size":"auto","background-attachment":"scroll","background-type":"","background-media":"","overlay-type":"","overlay-color":"","overlay-opacity":"","overlay-gradient":""}},"footnotes":""},"class_list":["post-69","page","type-page","status-publish","hentry"],"post_mailing_queue_ids":[],"_links":{"self":[{"href":"https:\/\/agora.xtec.cat\/iesmontsacopa\/wp-json\/wp\/v2\/pages\/69","targetHints":{"allow":["GET"]}}],"collection":[{"href":"https:\/\/agora.xtec.cat\/iesmontsacopa\/wp-json\/wp\/v2\/pages"}],"about":[{"href":"https:\/\/agora.xtec.cat\/iesmontsacopa\/wp-json\/wp\/v2\/types\/page"}],"author":[{"embeddable":true,"href":"https:\/\/agora.xtec.cat\/iesmontsacopa\/wp-json\/wp\/v2\/users\/1"}],"replies":[{"embeddable":true,"href":"https:\/\/agora.xtec.cat\/iesmontsacopa\/wp-json\/wp\/v2\/comments?post=69"}],"version-history":[{"count":6,"href":"https:\/\/agora.xtec.cat\/iesmontsacopa\/wp-json\/wp\/v2\/pages\/69\/revisions"}],"predecessor-version":[{"id":16256,"href":"https:\/\/agora.xtec.cat\/iesmontsacopa\/wp-json\/wp\/v2\/pages\/69\/revisions\/16256"}],"up":[{"embeddable":true,"href":"https:\/\/agora.xtec.cat\/iesmontsacopa\/wp-json\/wp\/v2\/pages\/63"}],"wp:attachment":[{"href":"https:\/\/agora.xtec.cat\/iesmontsacopa\/wp-json\/wp\/v2\/media?parent=69"}],"curies":[{"name":"wp","href":"https:\/\/api.w.org\/{rel}","templated":true}]}}