{"id":15496,"date":"2026-09-02T08:47:33","date_gmt":"2026-09-02T06:47:33","guid":{"rendered":"https:\/\/agora.xtec.cat\/iesmontgri\/?page_id=15496"},"modified":"2026-09-02T09:00:35","modified_gmt":"2026-09-02T07:00:35","slug":"llista-despera-cicles-formatius","status":"publish","type":"page","link":"https:\/\/agora.xtec.cat\/iesmontgri\/secretaria\/matriculacio\/cicles-formatius-grau-mitja-2\/llista-despera-cicles-formatius\/","title":{"rendered":"Llista d&#8217;espera Cicles Formatius"},"content":{"rendered":"\n<p><\/p>\n\n\n\n<p><strong>Gesti\u00f3 de la cua virtual de les places vacants d&#8217;FP del setembre 2026<\/strong><\/p>\n\n\n\n<p>La cua virtual \u00e9s una eina&nbsp;<strong>d\u2019\u00fas obligatori i \u00e9s \u00fanica per a cada centre educatiu i per a cada tipus d\u2019ensenyament (grau mitj\u00e0 i grau superior)<\/strong>; per tant, no s&#8217;estableixen cues diferenciades per a cada cicle formatiu. Les persones interessades s\u00f3n ateses seguint estrictament l\u2019ordre cronol\u00f2gic d\u2019inscripci\u00f3 a la cua virtual del centre.<br><br>L\u2019alumnat es pot inscriure a la cua virtual de qualsevol centre que disposi de vacants i, si ho considera oport\u00fa, tamb\u00e9 pot inscriure\u2019s simult\u00e0niament a les cues d\u2019altres centres. En aquesta fase no se sol\u00b7licita pla\u00e7a per a un cicle formatiu concret, sin\u00f3 que la inscripci\u00f3 es fa a nivell de centre.<br><br>Cada centre disposa d\u2019un llistat ordenat segons la data i l&#8217;hora d\u2019inscripci\u00f3, que inclou les dades b\u00e0siques de contacte de les persones inscrites. A partir d\u2019aquest llistat, el centre contacta directament amb l\u2019alumnat i l\u2019at\u00e9n d&#8217;acord amb l&#8217;ordre establert a la cua.<br><br>Cal tenir present que la posici\u00f3 a la cua determina \u00fanicament l\u2019ordre d&#8217;atenci\u00f3 i no garanteix l\u2019obtenci\u00f3 d\u2019una pla\u00e7a determinada. At\u00e8s que la cua \u00e9s pr\u00f2pia del centre i no d&#8217;un cicle formatiu espec\u00edfic, l&#8217;adjudicaci\u00f3 final dependr\u00e0 tant de les vacants disponibles en cada cicle en el moment de l&#8217;atenci\u00f3 com de les opcions escollides per les persones que hagin estat ateses amb anterioritat.<\/p>\n\n\n\n<p>La inscripci\u00f3 de l&#8217;alumnat a la cua virtual s\u2019activar\u00e0 de manera centralitzada i simult\u00e0nia per a tots els centres participants el <strong>7 de setembre de 2026, entre les 09.00 h i les 23.59 h.<\/strong><\/p>\n\n\n\n<p>M\u00e9s informaci\u00f3 al seg\u00fcent <a href=\"https:\/\/preinscripcio.gencat.cat\/ca\/estudis\/fp-grau-mitja\/accedeix-vacant\/#faq-v-01-com-i-quan-podre-saber-les-places-vacants-que-tenen-els-centres-educatius\" data-type=\"link\" data-id=\"https:\/\/preinscripcio.gencat.cat\/ca\/estudis\/fp-grau-mitja\/accedeix-vacant\/#faq-v-01-com-i-quan-podre-saber-les-places-vacants-que-tenen-els-centres-educatius\">enlla\u00e7<\/a>.<\/p>\n\n\n\n<p><\/p>\n\n\n\n<p><\/p>\n","protected":false},"excerpt":{"rendered":"<p>Gesti\u00f3 de la cua virtual de les places vacants d&#8217;FP del setembre 2026 La cua virtual \u00e9s una eina&nbsp;d\u2019\u00fas obligatori i \u00e9s \u00fanica per a cada centre educatiu i per a cada tipus d\u2019ensenyament (grau mitj\u00e0 i grau superior); per tant, no s&#8217;estableixen cues diferenciades per a cada cicle formatiu. Les persones interessades s\u00f3n ateses [&hellip;]<\/p>\n","protected":false},"author":27,"featured_media":0,"parent":10627,"menu_order":0,"comment_status":"closed","ping_status":"closed","template":"","meta":{"_bbp_topic_count":0,"_bbp_reply_count":0,"_bbp_total_topic_count":0,"_bbp_total_reply_count":0,"_bbp_voice_count":0,"_bbp_anonymous_reply_count":0,"_bbp_topic_count_hidden":0,"_bbp_reply_count_hidden":0,"_bbp_forum_subforum_count":0,"site-sidebar-layout":"default","site-content-layout":"","ast-site-content-layout":"default","site-content-style":"default","site-sidebar-style":"default","ast-global-header-display":"","ast-banner-title-visibility":"","ast-main-header-display":"","ast-hfb-above-header-display":"","ast-hfb-below-header-display":"","ast-hfb-mobile-header-display":"","site-post-title":"","ast-breadcrumbs-content":"","ast-featured-img":"","footer-sml-layout":"","theme-transparent-header-meta":"","adv-header-id-meta":"","stick-header-meta":"","header-above-stick-meta":"","header-main-stick-meta":"","header-below-stick-meta":"","astra-migrate-meta-layouts":"set","ast-page-background-enabled":"default","ast-page-background-meta":{"desktop":{"background-color":"var(--ast-global-color-4)","background-image":"","background-repeat":"repeat","background-position":"center center","background-size":"auto","background-attachment":"scroll","background-type":"","background-media":"","overlay-type":"","overlay-color":"","overlay-opacity":"","overlay-gradient":""},"tablet":{"background-color":"","background-image":"","background-repeat":"repeat","background-position":"center center","background-size":"auto","background-attachment":"scroll","background-type":"","background-media":"","overlay-type":"","overlay-color":"","overlay-opacity":"","overlay-gradient":""},"mobile":{"background-color":"","background-image":"","background-repeat":"repeat","background-position":"center center","background-size":"auto","background-attachment":"scroll","background-type":"","background-media":"","overlay-type":"","overlay-color":"","overlay-opacity":"","overlay-gradient":""}},"ast-content-background-meta":{"desktop":{"background-color":"var(--ast-global-color-5)","background-image":"","background-repeat":"repeat","background-position":"center center","background-size":"auto","background-attachment":"scroll","background-type":"","background-media":"","overlay-type":"","overlay-color":"","overlay-opacity":"","overlay-gradient":""},"tablet":{"background-color":"var(--ast-global-color-5)","background-image":"","background-repeat":"repeat","background-position":"center center","background-size":"auto","background-attachment":"scroll","background-type":"","background-media":"","overlay-type":"","overlay-color":"","overlay-opacity":"","overlay-gradient":""},"mobile":{"background-color":"var(--ast-global-color-5)","background-image":"","background-repeat":"repeat","background-position":"center center","background-size":"auto","background-attachment":"scroll","background-type":"","background-media":"","overlay-type":"","overlay-color":"","overlay-opacity":"","overlay-gradient":""}},"footnotes":""},"class_list":["post-15496","page","type-page","status-publish","hentry"],"post_mailing_queue_ids":[],"_links":{"self":[{"href":"https:\/\/agora.xtec.cat\/iesmontgri\/wp-json\/wp\/v2\/pages\/15496","targetHints":{"allow":["GET"]}}],"collection":[{"href":"https:\/\/agora.xtec.cat\/iesmontgri\/wp-json\/wp\/v2\/pages"}],"about":[{"href":"https:\/\/agora.xtec.cat\/iesmontgri\/wp-json\/wp\/v2\/types\/page"}],"author":[{"embeddable":true,"href":"https:\/\/agora.xtec.cat\/iesmontgri\/wp-json\/wp\/v2\/users\/27"}],"replies":[{"embeddable":true,"href":"https:\/\/agora.xtec.cat\/iesmontgri\/wp-json\/wp\/v2\/comments?post=15496"}],"version-history":[{"count":3,"href":"https:\/\/agora.xtec.cat\/iesmontgri\/wp-json\/wp\/v2\/pages\/15496\/revisions"}],"predecessor-version":[{"id":15502,"href":"https:\/\/agora.xtec.cat\/iesmontgri\/wp-json\/wp\/v2\/pages\/15496\/revisions\/15502"}],"up":[{"embeddable":true,"href":"https:\/\/agora.xtec.cat\/iesmontgri\/wp-json\/wp\/v2\/pages\/10627"}],"wp:attachment":[{"href":"https:\/\/agora.xtec.cat\/iesmontgri\/wp-json\/wp\/v2\/media?parent=15496"}],"curies":[{"name":"wp","href":"https:\/\/api.w.org\/{rel}","templated":true}]}}

<p></p>



<p><strong>Gestió de la cua virtual de les places vacants d&#8217;FP del setembre 2026</strong></p>



<p>La cua virtual és una eina&nbsp;<strong>d’ús obligatori i és única per a cada centre educatiu i per a cada tipus d’ensenyament (grau mitjà i grau superior)</strong>; per tant, no s&#8217;estableixen cues diferenciades per a cada cicle formatiu. Les persones interessades són ateses seguint estrictament l’ordre cronològic d’inscripció a la cua virtual del centre.<br><br>L’alumnat es pot inscriure a la cua virtual de qualsevol centre que disposi de vacants i, si ho considera oportú, també pot inscriure’s simultàniament a les cues d’altres centres. En aquesta fase no se sol·licita plaça per a un cicle formatiu concret, sinó que la inscripció es fa a nivell de centre.<br><br>Cada centre disposa d’un llistat ordenat segons la data i l&#8217;hora d’inscripció, que inclou les dades bàsiques de contacte de les persones inscrites. A partir d’aquest llistat, el centre contacta directament amb l’alumnat i l’atén d&#8217;acord amb l&#8217;ordre establert a la cua.<br><br>Cal tenir present que la posició a la cua determina únicament l’ordre d&#8217;atenció i no garanteix l’obtenció d’una plaça determinada. Atès que la cua és pròpia del centre i no d&#8217;un cicle formatiu específic, l&#8217;adjudicació final dependrà tant de les vacants disponibles en cada cicle en el moment de l&#8217;atenció com de les opcions escollides per les persones que hagin estat ateses amb anterioritat.</p>



<p>La inscripció de l&#8217;alumnat a la cua virtual s’activarà de manera centralitzada i simultània per a tots els centres participants el <strong>7 de setembre de 2026, entre les 09.00 h i les 23.59 h.</strong></p>



<p>Més informació al següent <a href="https://preinscripcio.gencat.cat/ca/estudis/fp-grau-mitja/accedeix-vacant/#faq-v-01-com-i-quan-podre-saber-les-places-vacants-que-tenen-els-centres-educatius" data-type="link" data-id="https://preinscripcio.gencat.cat/ca/estudis/fp-grau-mitja/accedeix-vacant/#faq-v-01-com-i-quan-podre-saber-les-places-vacants-que-tenen-els-centres-educatius">enllaç</a>.</p>



<p></p>



<p></p>

<p>Gestió de la cua virtual de les places vacants d&#8217;FP del setembre 2026 La cua virtual és una eina&nbsp;d’ús obligatori i és única per a cada centre educatiu i per a cada tipus d’ensenyament (grau mitjà i grau superior); per tant, no s&#8217;estableixen cues diferenciades per a cada cicle formatiu. Les persones interessades són ateses [&hellip;]</p>
