{"id":13717,"date":"2025-06-26T12:16:47","date_gmt":"2025-06-26T10:16:47","guid":{"rendered":"https:\/\/agora.xtec.cat\/iesmontgri\/?page_id=13717"},"modified":"2025-07-03T19:04:51","modified_gmt":"2025-07-03T17:04:51","slug":"matricula-2n-marqueting-i-publicitat","status":"publish","type":"page","link":"https:\/\/agora.xtec.cat\/iesmontgri\/cicles-formatius\/cicles-formatius-de-grau-superior\/matricula-2n-marqueting-i-publicitat\/","title":{"rendered":"MATR\u00cdCULA 2n M\u00c0RQUETING I PUBLICITAT"},"content":{"rendered":"<table style=\"border-collapse: collapse; width: 62.766%; height: 226px;\">\n<tbody>\n<tr style=\"height: 44px;\">\n<td style=\"width: 85.4733%; height: 40px; background-color: #e3d7eb; border-color: #af85bb; border-style: solid;\">\n<h5>Instruccions matr\u00edcula 2n CFGS M\u00e0rqueting i Publicitat<\/h5>\n<\/td>\n<td style=\"width: 39.0708%; height: 40px; background-color: #ffffff; border-color: #af85bb; border-style: solid;\"><a href=\"https:\/\/docs.google.com\/document\/d\/1ltdJijaOBErmJzFrJ4n_8ZfXDAAySaaJ\/edit?usp=sharing&amp;ouid=113689273214325466188&amp;rtpof=true&amp;sd=true\" target=\"_blank\" rel=\"noopener\"><img loading=\"lazy\" decoding=\"async\" class=\"aligncenter size-large wp-image-13720\" src=\"https:\/\/agora.xtec.cat\/iesmontgri\/wp-content\/uploads\/usu613\/2025\/06\/Copia-de-MATRICULA-1024x512.jpg\" alt=\"\" width=\"1024\" height=\"512\" srcset=\"https:\/\/agora.xtec.cat\/iesmontgri\/wp-content\/uploads\/usu613\/2025\/06\/Copia-de-MATRICULA-1024x512.jpg 1024w, https:\/\/agora.xtec.cat\/iesmontgri\/wp-content\/uploads\/usu613\/2025\/06\/Copia-de-MATRICULA-300x150.jpg 300w, https:\/\/agora.xtec.cat\/iesmontgri\/wp-content\/uploads\/usu613\/2025\/06\/Copia-de-MATRICULA-768x384.jpg 768w, https:\/\/agora.xtec.cat\/iesmontgri\/wp-content\/uploads\/usu613\/2025\/06\/Copia-de-MATRICULA.jpg 1181w\" sizes=\"auto, (max-width: 1024px) 100vw, 1024px\" \/><\/a><\/td>\n<\/tr>\n<tr style=\"height: 44px;\">\n<td style=\"width: 85.4733%; height: 44px; background-color: #ffffff; border-color: #af85bb; border-style: solid;\">\n<h5>Impr\u00e8s matr\u00edcula 2n CFGS M\u00e0rqueting i Publicitat<\/h5>\n<\/td>\n<td style=\"width: 39.0708%; height: 44px; background-color: #ffffff; border-color: #af85bb; border-style: solid;\"><a href=\"https:\/\/docs.google.com\/document\/d\/1V3ote4m7AH8IBmE6O4Nldcu0z8DGDR5ElQgME--e5f4\/edit?usp=sharing\" target=\"_blank\" rel=\"noopener\"><img loading=\"lazy\" decoding=\"async\" class=\"aligncenter size-large wp-image-13720\" src=\"https:\/\/agora.xtec.cat\/iesmontgri\/wp-content\/uploads\/usu613\/2025\/06\/Copia-de-MATRICULA-1024x512.jpg\" alt=\"\" width=\"1024\" height=\"512\" srcset=\"https:\/\/agora.xtec.cat\/iesmontgri\/wp-content\/uploads\/usu613\/2025\/06\/Copia-de-MATRICULA-1024x512.jpg 1024w, https:\/\/agora.xtec.cat\/iesmontgri\/wp-content\/uploads\/usu613\/2025\/06\/Copia-de-MATRICULA-300x150.jpg 300w, https:\/\/agora.xtec.cat\/iesmontgri\/wp-content\/uploads\/usu613\/2025\/06\/Copia-de-MATRICULA-768x384.jpg 768w, https:\/\/agora.xtec.cat\/iesmontgri\/wp-content\/uploads\/usu613\/2025\/06\/Copia-de-MATRICULA.jpg 1181w\" sizes=\"auto, (max-width: 1024px) 100vw, 1024px\" \/><\/a><\/td>\n<\/tr>\n<tr style=\"height: 32px;\">\n<td style=\"width: 85.4733%; height: 32px; background-color: #ffffff; border-color: #af85bb; border-style: solid;\">\n<h5>Rebut material i sortides 2n CFGS M\u00e0rqueting i Publicitat<\/h5>\n<\/td>\n<td style=\"width: 39.0708%; height: 32px; background-color: #ffffff; border-color: #af85bb; border-style: solid;\"><a href=\"https:\/\/docs.google.com\/document\/d\/1VZemaX0vEdTv3zkofAqV_pe3UKNJayHH\/edit?usp=sharing&amp;ouid=113689273214325466188&amp;rtpof=true&amp;sd=true\" target=\"_blank\" rel=\"noopener\"><img loading=\"lazy\" decoding=\"async\" class=\"aligncenter size-large wp-image-13720\" src=\"https:\/\/agora.xtec.cat\/iesmontgri\/wp-content\/uploads\/usu613\/2025\/06\/Copia-de-MATRICULA-1024x512.jpg\" alt=\"\" width=\"1024\" height=\"512\" srcset=\"https:\/\/agora.xtec.cat\/iesmontgri\/wp-content\/uploads\/usu613\/2025\/06\/Copia-de-MATRICULA-1024x512.jpg 1024w, https:\/\/agora.xtec.cat\/iesmontgri\/wp-content\/uploads\/usu613\/2025\/06\/Copia-de-MATRICULA-300x150.jpg 300w, https:\/\/agora.xtec.cat\/iesmontgri\/wp-content\/uploads\/usu613\/2025\/06\/Copia-de-MATRICULA-768x384.jpg 768w, https:\/\/agora.xtec.cat\/iesmontgri\/wp-content\/uploads\/usu613\/2025\/06\/Copia-de-MATRICULA.jpg 1181w\" sizes=\"auto, (max-width: 1024px) 100vw, 1024px\" \/><\/a><\/td>\n<\/tr>\n<tr style=\"height: 28px;\">\n<td style=\"width: 85.4733%; background-color: #ffffff; border-color: #af85bb; border-style: solid; height: 28px;\">\n<h5>Autoritzaci\u00f3 cessi\u00f3 de dades 2n CFGS M\u00e0rqueting i Publicitat<\/h5>\n<\/td>\n<td style=\"width: 39.0708%; background-color: #ffffff; border-color: #af85bb; border-style: solid; height: 28px;\"><a href=\"https:\/\/drive.google.com\/file\/d\/1fpE4Y9uGCXIpi5U-hBJl2VMXHZ2SMhcC\/view?usp=sharing\" target=\"_blank\" rel=\"noopener\"><img loading=\"lazy\" decoding=\"async\" class=\"aligncenter size-large wp-image-13720\" src=\"https:\/\/agora.xtec.cat\/iesmontgri\/wp-content\/uploads\/usu613\/2025\/06\/Copia-de-MATRICULA-1024x512.jpg\" alt=\"\" width=\"1024\" height=\"512\" srcset=\"https:\/\/agora.xtec.cat\/iesmontgri\/wp-content\/uploads\/usu613\/2025\/06\/Copia-de-MATRICULA-1024x512.jpg 1024w, https:\/\/agora.xtec.cat\/iesmontgri\/wp-content\/uploads\/usu613\/2025\/06\/Copia-de-MATRICULA-300x150.jpg 300w, https:\/\/agora.xtec.cat\/iesmontgri\/wp-content\/uploads\/usu613\/2025\/06\/Copia-de-MATRICULA-768x384.jpg 768w, https:\/\/agora.xtec.cat\/iesmontgri\/wp-content\/uploads\/usu613\/2025\/06\/Copia-de-MATRICULA.jpg 1181w\" sizes=\"auto, (max-width: 1024px) 100vw, 1024px\" \/><\/a><\/td>\n<\/tr>\n<\/tbody>\n<\/table>\n<h5><strong>MATR\u00cdCULA ALUMNAT NOVA INCORPORACI\u00d3 2n M\u00c0RQUETING I PUBLICITAT<\/strong><\/h5>\n<table style=\"border-collapse: collapse; width: 62.766%; height: 226px;\">\n<tbody>\n<tr style=\"height: 50px;\">\n<td style=\"width: 85.4733%; background-color: #e3d7eb; border-color: #af85bb; border-style: solid; height: 50px;\">\n<h5>Instruccions matr\u00edcula 2n CFGS (ALUMNAT NOVA INCORPORACI\u00d3)<\/h5>\n<\/td>\n<td style=\"width: 39.0708%; background-color: #ffffff; border-color: #af85bb; border-style: solid; height: 50px;\"><a href=\"https:\/\/docs.google.com\/document\/d\/11RSJxmEHeqSyyizQFbRUKvmlBujOcW8b\/edit?usp=sharing&amp;ouid=113689273214325466188&amp;rtpof=true&amp;sd=true\" target=\"_blank\" rel=\"noopener\"><img loading=\"lazy\" decoding=\"async\" class=\"aligncenter size-large wp-image-13720\" src=\"https:\/\/agora.xtec.cat\/iesmontgri\/wp-content\/uploads\/usu613\/2025\/06\/Copia-de-MATRICULA-1024x512.jpg\" alt=\"\" width=\"1024\" height=\"512\" srcset=\"https:\/\/agora.xtec.cat\/iesmontgri\/wp-content\/uploads\/usu613\/2025\/06\/Copia-de-MATRICULA-1024x512.jpg 1024w, https:\/\/agora.xtec.cat\/iesmontgri\/wp-content\/uploads\/usu613\/2025\/06\/Copia-de-MATRICULA-300x150.jpg 300w, https:\/\/agora.xtec.cat\/iesmontgri\/wp-content\/uploads\/usu613\/2025\/06\/Copia-de-MATRICULA-768x384.jpg 768w, https:\/\/agora.xtec.cat\/iesmontgri\/wp-content\/uploads\/usu613\/2025\/06\/Copia-de-MATRICULA.jpg 1181w\" sizes=\"auto, (max-width: 1024px) 100vw, 1024px\" \/><\/a><\/td>\n<\/tr>\n<tr style=\"height: 44px;\">\n<td style=\"width: 85.4733%; height: 44px; background-color: #ffffff; border-color: #af85bb; border-style: solid;\">\n<h5>Impr\u00e8s matr\u00edcula 2n CFGS M\u00e0rqueting i Publicitat<\/h5>\n<\/td>\n<td style=\"width: 39.0708%; height: 44px; background-color: #ffffff; border-color: #af85bb; border-style: solid;\"><a href=\"https:\/\/docs.google.com\/document\/d\/1V3ote4m7AH8IBmE6O4Nldcu0z8DGDR5ElQgME--e5f4\/edit?usp=sharing\" target=\"_blank\" rel=\"noopener\"><img loading=\"lazy\" decoding=\"async\" class=\"aligncenter size-large wp-image-13720\" src=\"https:\/\/agora.xtec.cat\/iesmontgri\/wp-content\/uploads\/usu613\/2025\/06\/Copia-de-MATRICULA-1024x512.jpg\" alt=\"\" width=\"1024\" height=\"512\" srcset=\"https:\/\/agora.xtec.cat\/iesmontgri\/wp-content\/uploads\/usu613\/2025\/06\/Copia-de-MATRICULA-1024x512.jpg 1024w, https:\/\/agora.xtec.cat\/iesmontgri\/wp-content\/uploads\/usu613\/2025\/06\/Copia-de-MATRICULA-300x150.jpg 300w, https:\/\/agora.xtec.cat\/iesmontgri\/wp-content\/uploads\/usu613\/2025\/06\/Copia-de-MATRICULA-768x384.jpg 768w, https:\/\/agora.xtec.cat\/iesmontgri\/wp-content\/uploads\/usu613\/2025\/06\/Copia-de-MATRICULA.jpg 1181w\" sizes=\"auto, (max-width: 1024px) 100vw, 1024px\" \/><\/a><\/td>\n<\/tr>\n<tr style=\"height: 32px;\">\n<td style=\"width: 85.4733%; height: 32px; background-color: #ffffff; border-color: #af85bb; border-style: solid;\">\n<h5>Rebut material i sortides 2n CFGS M\u00e0rqueting i Publicitat<\/h5>\n<\/td>\n<td style=\"width: 39.0708%; height: 32px; background-color: #ffffff; border-color: #af85bb; border-style: solid;\"><a href=\"https:\/\/docs.google.com\/document\/d\/1VZemaX0vEdTv3zkofAqV_pe3UKNJayHH\/edit?usp=sharing&amp;ouid=113689273214325466188&amp;rtpof=true&amp;sd=true\" target=\"_blank\" rel=\"noopener\"><img loading=\"lazy\" decoding=\"async\" class=\"aligncenter size-large wp-image-13720\" src=\"https:\/\/agora.xtec.cat\/iesmontgri\/wp-content\/uploads\/usu613\/2025\/06\/Copia-de-MATRICULA-1024x512.jpg\" alt=\"\" width=\"1024\" height=\"512\" srcset=\"https:\/\/agora.xtec.cat\/iesmontgri\/wp-content\/uploads\/usu613\/2025\/06\/Copia-de-MATRICULA-1024x512.jpg 1024w, https:\/\/agora.xtec.cat\/iesmontgri\/wp-content\/uploads\/usu613\/2025\/06\/Copia-de-MATRICULA-300x150.jpg 300w, https:\/\/agora.xtec.cat\/iesmontgri\/wp-content\/uploads\/usu613\/2025\/06\/Copia-de-MATRICULA-768x384.jpg 768w, https:\/\/agora.xtec.cat\/iesmontgri\/wp-content\/uploads\/usu613\/2025\/06\/Copia-de-MATRICULA.jpg 1181w\" sizes=\"auto, (max-width: 1024px) 100vw, 1024px\" \/><\/a><\/td>\n<\/tr>\n<tr style=\"height: 32px;\">\n<td style=\"width: 85.4733%; height: 32px; background-color: #ffffff; border-color: #af85bb; border-style: solid;\">\n<h5>Autoritzaci\u00f3 drets d&#8217;imatge 2n CFGS\u00a0(ALUMNAT NOVA INCORPORACI\u00d3)<\/h5>\n<\/td>\n<td style=\"width: 39.0708%; height: 32px; background-color: #ffffff; border-color: #af85bb; border-style: solid;\"><a href=\"https:\/\/docs.google.com\/document\/d\/1lK2q9VQYBDjVUzYbTSpSjbjI-dfs1W8F\/edit?usp=sharing&amp;ouid=113689273214325466188&amp;rtpof=true&amp;sd=true\" target=\"_blank\" rel=\"noopener\"><img loading=\"lazy\" decoding=\"async\" class=\"aligncenter size-large wp-image-13720\" src=\"https:\/\/agora.xtec.cat\/iesmontgri\/wp-content\/uploads\/usu613\/2025\/06\/Copia-de-MATRICULA-1024x512.jpg\" alt=\"\" width=\"1024\" height=\"512\" srcset=\"https:\/\/agora.xtec.cat\/iesmontgri\/wp-content\/uploads\/usu613\/2025\/06\/Copia-de-MATRICULA-1024x512.jpg 1024w, https:\/\/agora.xtec.cat\/iesmontgri\/wp-content\/uploads\/usu613\/2025\/06\/Copia-de-MATRICULA-300x150.jpg 300w, https:\/\/agora.xtec.cat\/iesmontgri\/wp-content\/uploads\/usu613\/2025\/06\/Copia-de-MATRICULA-768x384.jpg 768w, https:\/\/agora.xtec.cat\/iesmontgri\/wp-content\/uploads\/usu613\/2025\/06\/Copia-de-MATRICULA.jpg 1181w\" sizes=\"auto, (max-width: 1024px) 100vw, 1024px\" \/><\/a><\/td>\n<\/tr>\n<tr style=\"height: 28px;\">\n<td style=\"width: 85.4733%; background-color: #ffffff; border-color: #af85bb; border-style: solid; height: 28px;\">\n<h5>Autoritzaci\u00f3 cessi\u00f3 de dades 2n CFGS M\u00e0rqueting i Publicitat<\/h5>\n<\/td>\n<td style=\"width: 39.0708%; background-color: #ffffff; border-color: #af85bb; border-style: solid; height: 28px;\"><a href=\"https:\/\/drive.google.com\/file\/d\/1fpE4Y9uGCXIpi5U-hBJl2VMXHZ2SMhcC\/view?usp=sharing\" target=\"_blank\" rel=\"noopener\"><img loading=\"lazy\" decoding=\"async\" class=\"aligncenter size-large wp-image-13720\" src=\"https:\/\/agora.xtec.cat\/iesmontgri\/wp-content\/uploads\/usu613\/2025\/06\/Copia-de-MATRICULA-1024x512.jpg\" alt=\"\" width=\"1024\" height=\"512\" srcset=\"https:\/\/agora.xtec.cat\/iesmontgri\/wp-content\/uploads\/usu613\/2025\/06\/Copia-de-MATRICULA-1024x512.jpg 1024w, https:\/\/agora.xtec.cat\/iesmontgri\/wp-content\/uploads\/usu613\/2025\/06\/Copia-de-MATRICULA-300x150.jpg 300w, https:\/\/agora.xtec.cat\/iesmontgri\/wp-content\/uploads\/usu613\/2025\/06\/Copia-de-MATRICULA-768x384.jpg 768w, https:\/\/agora.xtec.cat\/iesmontgri\/wp-content\/uploads\/usu613\/2025\/06\/Copia-de-MATRICULA.jpg 1181w\" sizes=\"auto, (max-width: 1024px) 100vw, 1024px\" \/><\/a><\/td>\n<\/tr>\n<\/tbody>\n<\/table>\n","protected":false},"excerpt":{"rendered":"<p>Instruccions matr\u00edcula 2n CFGS M\u00e0rqueting i Publicitat Impr\u00e8s matr\u00edcula 2n CFGS M\u00e0rqueting i Publicitat Rebut material i sortides 2n CFGS M\u00e0rqueting i Publicitat Autoritzaci\u00f3 cessi\u00f3 de dades 2n CFGS M\u00e0rqueting i Publicitat MATR\u00cdCULA ALUMNAT NOVA INCORPORACI\u00d3 2n M\u00c0RQUETING I PUBLICITAT Instruccions matr\u00edcula 2n CFGS (ALUMNAT NOVA INCORPORACI\u00d3) Impr\u00e8s matr\u00edcula 2n CFGS M\u00e0rqueting i Publicitat Rebut [&hellip;]<\/p>\n","protected":false},"author":22,"featured_media":0,"parent":10384,"menu_order":1,"comment_status":"closed","ping_status":"closed","template":"page-templates\/side-menu.php","meta":{"_bbp_topic_count":0,"_bbp_reply_count":0,"_bbp_total_topic_count":0,"_bbp_total_reply_count":0,"_bbp_voice_count":0,"_bbp_anonymous_reply_count":0,"_bbp_topic_count_hidden":0,"_bbp_reply_count_hidden":0,"_bbp_forum_subforum_count":0,"site-sidebar-layout":"default","site-content-layout":"","ast-site-content-layout":"","site-content-style":"default","site-sidebar-style":"default","ast-global-header-display":"","ast-banner-title-visibility":"","ast-main-header-display":"","ast-hfb-above-header-display":"","ast-hfb-below-header-display":"","ast-hfb-mobile-header-display":"","site-post-title":"","ast-breadcrumbs-content":"","ast-featured-img":"","footer-sml-layout":"","theme-transparent-header-meta":"","adv-header-id-meta":"","stick-header-meta":"","header-above-stick-meta":"","header-main-stick-meta":"","header-below-stick-meta":"","astra-migrate-meta-layouts":"default","ast-page-background-enabled":"default","ast-page-background-meta":{"desktop":{"background-color":"var(--ast-global-color-4)","background-image":"","background-repeat":"repeat","background-position":"center center","background-size":"auto","background-attachment":"scroll","background-type":"","background-media":"","overlay-type":"","overlay-color":"","overlay-opacity":"","overlay-gradient":""},"tablet":{"background-color":"","background-image":"","background-repeat":"repeat","background-position":"center center","background-size":"auto","background-attachment":"scroll","background-type":"","background-media":"","overlay-type":"","overlay-color":"","overlay-opacity":"","overlay-gradient":""},"mobile":{"background-color":"","background-image":"","background-repeat":"repeat","background-position":"center center","background-size":"auto","background-attachment":"scroll","background-type":"","background-media":"","overlay-type":"","overlay-color":"","overlay-opacity":"","overlay-gradient":""}},"ast-content-background-meta":{"desktop":{"background-color":"var(--ast-global-color-5)","background-image":"","background-repeat":"repeat","background-position":"center center","background-size":"auto","background-attachment":"scroll","background-type":"","background-media":"","overlay-type":"","overlay-color":"","overlay-opacity":"","overlay-gradient":""},"tablet":{"background-color":"var(--ast-global-color-5)","background-image":"","background-repeat":"repeat","background-position":"center center","background-size":"auto","background-attachment":"scroll","background-type":"","background-media":"","overlay-type":"","overlay-color":"","overlay-opacity":"","overlay-gradient":""},"mobile":{"background-color":"var(--ast-global-color-5)","background-image":"","background-repeat":"repeat","background-position":"center center","background-size":"auto","background-attachment":"scroll","background-type":"","background-media":"","overlay-type":"","overlay-color":"","overlay-opacity":"","overlay-gradient":""}},"footnotes":""},"class_list":["post-13717","page","type-page","status-publish","hentry"],"post_mailing_queue_ids":[],"_links":{"self":[{"href":"https:\/\/agora.xtec.cat\/iesmontgri\/wp-json\/wp\/v2\/pages\/13717","targetHints":{"allow":["GET"]}}],"collection":[{"href":"https:\/\/agora.xtec.cat\/iesmontgri\/wp-json\/wp\/v2\/pages"}],"about":[{"href":"https:\/\/agora.xtec.cat\/iesmontgri\/wp-json\/wp\/v2\/types\/page"}],"author":[{"embeddable":true,"href":"https:\/\/agora.xtec.cat\/iesmontgri\/wp-json\/wp\/v2\/users\/22"}],"replies":[{"embeddable":true,"href":"https:\/\/agora.xtec.cat\/iesmontgri\/wp-json\/wp\/v2\/comments?post=13717"}],"version-history":[{"count":7,"href":"https:\/\/agora.xtec.cat\/iesmontgri\/wp-json\/wp\/v2\/pages\/13717\/revisions"}],"predecessor-version":[{"id":13797,"href":"https:\/\/agora.xtec.cat\/iesmontgri\/wp-json\/wp\/v2\/pages\/13717\/revisions\/13797"}],"up":[{"embeddable":true,"href":"https:\/\/agora.xtec.cat\/iesmontgri\/wp-json\/wp\/v2\/pages\/10384"}],"wp:attachment":[{"href":"https:\/\/agora.xtec.cat\/iesmontgri\/wp-json\/wp\/v2\/media?parent=13717"}],"curies":[{"name":"wp","href":"https:\/\/api.w.org\/{rel}","templated":true}]}}