{"id":13706,"date":"2025-06-26T12:10:53","date_gmt":"2025-06-26T10:10:53","guid":{"rendered":"https:\/\/agora.xtec.cat\/iesmontgri\/?page_id=13706"},"modified":"2025-07-05T07:23:05","modified_gmt":"2025-07-05T05:23:05","slug":"matricula-2n-curs-activitats-comercials","status":"publish","type":"page","link":"https:\/\/agora.xtec.cat\/iesmontgri\/secretaria\/matriculacio\/cicles-formatius-grau-mitja-2\/cicles-formatius-de-grau-mija\/cfgm-activitats-comercials\/matricula-2n-curs-activitats-comercials\/","title":{"rendered":"MATR\u00cdCULA 2n CURS ACTIVITATS COMERCIALS"},"content":{"rendered":"<table style=\"border-collapse: collapse; width: 59.6446%; height: 176px;\">\n<tbody>\n<tr style=\"height: 44px;\">\n<td style=\"width: 84.4618%; height: 40px; background-color: #e3d7eb; border-color: #af85bb; border-style: solid;\">\n<h5>Instruccions matr\u00edcula 2n CFGM Activitats comercials<\/h5>\n<\/td>\n<td style=\"width: 35.4701%; height: 40px; background-color: #ffffff; border-color: #af85bb; border-style: solid;\"><a href=\"https:\/\/docs.google.com\/document\/d\/168IJ7Bos23aLHhseFwVOLz0hJRrPcMTt\/edit?usp=sharing&amp;ouid=113689273214325466188&amp;rtpof=true&amp;sd=true\" target=\"_blank\" rel=\"noopener\"><img loading=\"lazy\" decoding=\"async\" class=\"aligncenter size-large wp-image-13720\" src=\"https:\/\/agora.xtec.cat\/iesmontgri\/wp-content\/uploads\/usu613\/2025\/06\/Copia-de-MATRICULA-1024x512.jpg\" alt=\"\" width=\"1024\" height=\"512\" srcset=\"https:\/\/agora.xtec.cat\/iesmontgri\/wp-content\/uploads\/usu613\/2025\/06\/Copia-de-MATRICULA-1024x512.jpg 1024w, https:\/\/agora.xtec.cat\/iesmontgri\/wp-content\/uploads\/usu613\/2025\/06\/Copia-de-MATRICULA-300x150.jpg 300w, https:\/\/agora.xtec.cat\/iesmontgri\/wp-content\/uploads\/usu613\/2025\/06\/Copia-de-MATRICULA-768x384.jpg 768w, https:\/\/agora.xtec.cat\/iesmontgri\/wp-content\/uploads\/usu613\/2025\/06\/Copia-de-MATRICULA.jpg 1181w\" sizes=\"auto, (max-width: 1024px) 100vw, 1024px\" \/><\/a><\/td>\n<\/tr>\n<tr style=\"height: 44px;\">\n<td style=\"width: 84.4618%; height: 44px; background-color: #ffffff; border-color: #af85bb; border-style: solid;\">\n<h5>Impr\u00e8s matr\u00edcula 2n CFGM Activitats comercials<\/h5>\n<\/td>\n<td style=\"width: 35.4701%; height: 44px; background-color: #ffffff; border-color: #af85bb; border-style: solid;\"><a href=\"https:\/\/docs.google.com\/document\/d\/1oSOwveninJfERjUc8O2Sy-nuoKrJ6xPnWuRCq4gWfwI\/edit?usp=sharing\" target=\"_blank\" rel=\"noopener\"><img loading=\"lazy\" decoding=\"async\" class=\"aligncenter size-large wp-image-13720\" src=\"https:\/\/agora.xtec.cat\/iesmontgri\/wp-content\/uploads\/usu613\/2025\/06\/Copia-de-MATRICULA-1024x512.jpg\" alt=\"\" width=\"1024\" height=\"512\" srcset=\"https:\/\/agora.xtec.cat\/iesmontgri\/wp-content\/uploads\/usu613\/2025\/06\/Copia-de-MATRICULA-1024x512.jpg 1024w, https:\/\/agora.xtec.cat\/iesmontgri\/wp-content\/uploads\/usu613\/2025\/06\/Copia-de-MATRICULA-300x150.jpg 300w, https:\/\/agora.xtec.cat\/iesmontgri\/wp-content\/uploads\/usu613\/2025\/06\/Copia-de-MATRICULA-768x384.jpg 768w, https:\/\/agora.xtec.cat\/iesmontgri\/wp-content\/uploads\/usu613\/2025\/06\/Copia-de-MATRICULA.jpg 1181w\" sizes=\"auto, (max-width: 1024px) 100vw, 1024px\" \/><\/a><\/td>\n<\/tr>\n<tr style=\"height: 32px;\">\n<td style=\"width: 84.4618%; height: 32px; background-color: #ffffff; border-color: #af85bb; border-style: solid;\">\n<h5>Rebut material i sortides 2n CFGM Activitats comercials<\/h5>\n<\/td>\n<td style=\"width: 35.4701%; height: 32px; background-color: #ffffff; border-color: #af85bb; border-style: solid;\"><a href=\"https:\/\/docs.google.com\/document\/d\/1RS7FE3oDkOAtP2iJQ6jppFmadlmEHbjT\/edit?usp=sharing&amp;ouid=113689273214325466188&amp;rtpof=true&amp;sd=true\" target=\"_blank\" rel=\"noopener\"><img loading=\"lazy\" decoding=\"async\" class=\"aligncenter size-large wp-image-13720\" src=\"https:\/\/agora.xtec.cat\/iesmontgri\/wp-content\/uploads\/usu613\/2025\/06\/Copia-de-MATRICULA-1024x512.jpg\" alt=\"\" width=\"1024\" height=\"512\" srcset=\"https:\/\/agora.xtec.cat\/iesmontgri\/wp-content\/uploads\/usu613\/2025\/06\/Copia-de-MATRICULA-1024x512.jpg 1024w, https:\/\/agora.xtec.cat\/iesmontgri\/wp-content\/uploads\/usu613\/2025\/06\/Copia-de-MATRICULA-300x150.jpg 300w, https:\/\/agora.xtec.cat\/iesmontgri\/wp-content\/uploads\/usu613\/2025\/06\/Copia-de-MATRICULA-768x384.jpg 768w, https:\/\/agora.xtec.cat\/iesmontgri\/wp-content\/uploads\/usu613\/2025\/06\/Copia-de-MATRICULA.jpg 1181w\" sizes=\"auto, (max-width: 1024px) 100vw, 1024px\" \/><\/a><\/td>\n<\/tr>\n<tr>\n<td style=\"width: 84.4618%; background-color: #ffffff; border-color: #af85bb; border-style: solid;\">\n<h5>Autoritzaci\u00f3 majors de 18 anys 2n CFGM Activitats comercials<\/h5>\n<\/td>\n<td style=\"width: 35.4701%; background-color: #ffffff; border-color: #af85bb; border-style: solid;\"><a href=\"https:\/\/docs.google.com\/document\/d\/1CytQ5wA0XvkgJmYhjQOHku2BNXLkttRgVeecrvHqCUY\/edit?usp=sharing\" target=\"_blank\" rel=\"noopener\"><img loading=\"lazy\" decoding=\"async\" class=\"aligncenter size-large wp-image-13720\" src=\"https:\/\/agora.xtec.cat\/iesmontgri\/wp-content\/uploads\/usu613\/2025\/06\/Copia-de-MATRICULA-1024x512.jpg\" alt=\"\" width=\"1024\" height=\"512\" srcset=\"https:\/\/agora.xtec.cat\/iesmontgri\/wp-content\/uploads\/usu613\/2025\/06\/Copia-de-MATRICULA-1024x512.jpg 1024w, https:\/\/agora.xtec.cat\/iesmontgri\/wp-content\/uploads\/usu613\/2025\/06\/Copia-de-MATRICULA-300x150.jpg 300w, https:\/\/agora.xtec.cat\/iesmontgri\/wp-content\/uploads\/usu613\/2025\/06\/Copia-de-MATRICULA-768x384.jpg 768w, https:\/\/agora.xtec.cat\/iesmontgri\/wp-content\/uploads\/usu613\/2025\/06\/Copia-de-MATRICULA.jpg 1181w\" sizes=\"auto, (max-width: 1024px) 100vw, 1024px\" \/><\/a><\/td>\n<\/tr>\n<tr style=\"height: 28px;\">\n<td style=\"width: 84.4618%; background-color: #ffffff; border-color: #af85bb; border-style: solid; height: 28px;\">\n<h5>Autoritzaci\u00f3 cessi\u00f3 de dades per a l&#8217;orientaci\u00f3<\/h5>\n<\/td>\n<td style=\"width: 35.4701%; background-color: #ffffff; border-color: #af85bb; border-style: solid; height: 28px;\"><a href=\"https:\/\/drive.google.com\/file\/d\/1qlCmadDvNF6Eif2-z5cq1s_B6EG3dwj_\/view?usp=sharing\" target=\"_blank\" rel=\"noopener\"><img loading=\"lazy\" decoding=\"async\" class=\"aligncenter size-large wp-image-13720\" src=\"https:\/\/agora.xtec.cat\/iesmontgri\/wp-content\/uploads\/usu613\/2025\/06\/Copia-de-MATRICULA-1024x512.jpg\" alt=\"\" width=\"1024\" height=\"512\" srcset=\"https:\/\/agora.xtec.cat\/iesmontgri\/wp-content\/uploads\/usu613\/2025\/06\/Copia-de-MATRICULA-1024x512.jpg 1024w, https:\/\/agora.xtec.cat\/iesmontgri\/wp-content\/uploads\/usu613\/2025\/06\/Copia-de-MATRICULA-300x150.jpg 300w, https:\/\/agora.xtec.cat\/iesmontgri\/wp-content\/uploads\/usu613\/2025\/06\/Copia-de-MATRICULA-768x384.jpg 768w, https:\/\/agora.xtec.cat\/iesmontgri\/wp-content\/uploads\/usu613\/2025\/06\/Copia-de-MATRICULA.jpg 1181w\" sizes=\"auto, (max-width: 1024px) 100vw, 1024px\" \/><\/a><\/td>\n<\/tr>\n<\/tbody>\n<\/table>\n<h5><strong>ALUMNAT NOVA INCORPORACI\u00d3 2n D&#8217;ACTIVITATS COMERCIALS<\/strong><\/h5>\n<table style=\"border-collapse: collapse; width: 59.6446%; height: 176px;\">\n<tbody>\n<tr>\n<td style=\"width: 84.4618%; background-color: #e3d7eb; border-color: #af85bb; border-style: solid;\">\n<h5>Instruccions matr\u00edcula 2n CFGM (ALUMNAT NOVA INCORPORACI\u00d3)<\/h5>\n<\/td>\n<td style=\"width: 35.4701%; background-color: #ffffff; border-color: #af85bb; border-style: solid;\"><a href=\"https:\/\/docs.google.com\/document\/d\/18cgyl4AxhDDqBoGfZMicATyM0cEInElX\/edit?usp=sharing&amp;ouid=113689273214325466188&amp;rtpof=true&amp;sd=true\" target=\"_blank\" rel=\"noopener\"><img loading=\"lazy\" decoding=\"async\" class=\"aligncenter size-large wp-image-13720\" src=\"https:\/\/agora.xtec.cat\/iesmontgri\/wp-content\/uploads\/usu613\/2025\/06\/Copia-de-MATRICULA-1024x512.jpg\" alt=\"\" width=\"1024\" height=\"512\" srcset=\"https:\/\/agora.xtec.cat\/iesmontgri\/wp-content\/uploads\/usu613\/2025\/06\/Copia-de-MATRICULA-1024x512.jpg 1024w, https:\/\/agora.xtec.cat\/iesmontgri\/wp-content\/uploads\/usu613\/2025\/06\/Copia-de-MATRICULA-300x150.jpg 300w, https:\/\/agora.xtec.cat\/iesmontgri\/wp-content\/uploads\/usu613\/2025\/06\/Copia-de-MATRICULA-768x384.jpg 768w, https:\/\/agora.xtec.cat\/iesmontgri\/wp-content\/uploads\/usu613\/2025\/06\/Copia-de-MATRICULA.jpg 1181w\" sizes=\"auto, (max-width: 1024px) 100vw, 1024px\" \/><\/a><\/td>\n<\/tr>\n<tr style=\"height: 44px;\">\n<td style=\"width: 84.4618%; height: 44px; background-color: #ffffff; border-color: #af85bb; border-style: solid;\">\n<h5>Impr\u00e8s matr\u00edcula 2n CFGM Activitats comercials<\/h5>\n<\/td>\n<td style=\"width: 35.4701%; height: 44px; background-color: #ffffff; border-color: #af85bb; border-style: solid;\"><a href=\"https:\/\/docs.google.com\/document\/d\/1oSOwveninJfERjUc8O2Sy-nuoKrJ6xPnWuRCq4gWfwI\/edit?usp=sharing\" target=\"_blank\" rel=\"noopener\"><img loading=\"lazy\" decoding=\"async\" class=\"aligncenter size-large wp-image-13720\" src=\"https:\/\/agora.xtec.cat\/iesmontgri\/wp-content\/uploads\/usu613\/2025\/06\/Copia-de-MATRICULA-1024x512.jpg\" alt=\"\" width=\"1024\" height=\"512\" srcset=\"https:\/\/agora.xtec.cat\/iesmontgri\/wp-content\/uploads\/usu613\/2025\/06\/Copia-de-MATRICULA-1024x512.jpg 1024w, https:\/\/agora.xtec.cat\/iesmontgri\/wp-content\/uploads\/usu613\/2025\/06\/Copia-de-MATRICULA-300x150.jpg 300w, https:\/\/agora.xtec.cat\/iesmontgri\/wp-content\/uploads\/usu613\/2025\/06\/Copia-de-MATRICULA-768x384.jpg 768w, https:\/\/agora.xtec.cat\/iesmontgri\/wp-content\/uploads\/usu613\/2025\/06\/Copia-de-MATRICULA.jpg 1181w\" sizes=\"auto, (max-width: 1024px) 100vw, 1024px\" \/><\/a><\/td>\n<\/tr>\n<tr style=\"height: 32px;\">\n<td style=\"width: 84.4618%; height: 32px; background-color: #ffffff; border-color: #af85bb; border-style: solid;\">\n<h5>Rebut material i sortides 2n CFGM Activitats comercials<\/h5>\n<\/td>\n<td style=\"width: 35.4701%; height: 32px; background-color: #ffffff; border-color: #af85bb; border-style: solid;\"><a href=\"https:\/\/docs.google.com\/document\/d\/1RS7FE3oDkOAtP2iJQ6jppFmadlmEHbjT\/edit?usp=sharing&amp;ouid=113689273214325466188&amp;rtpof=true&amp;sd=true\" target=\"_blank\" rel=\"noopener\"><img loading=\"lazy\" decoding=\"async\" class=\"aligncenter size-large wp-image-13720\" src=\"https:\/\/agora.xtec.cat\/iesmontgri\/wp-content\/uploads\/usu613\/2025\/06\/Copia-de-MATRICULA-1024x512.jpg\" alt=\"\" width=\"1024\" height=\"512\" srcset=\"https:\/\/agora.xtec.cat\/iesmontgri\/wp-content\/uploads\/usu613\/2025\/06\/Copia-de-MATRICULA-1024x512.jpg 1024w, https:\/\/agora.xtec.cat\/iesmontgri\/wp-content\/uploads\/usu613\/2025\/06\/Copia-de-MATRICULA-300x150.jpg 300w, https:\/\/agora.xtec.cat\/iesmontgri\/wp-content\/uploads\/usu613\/2025\/06\/Copia-de-MATRICULA-768x384.jpg 768w, https:\/\/agora.xtec.cat\/iesmontgri\/wp-content\/uploads\/usu613\/2025\/06\/Copia-de-MATRICULA.jpg 1181w\" sizes=\"auto, (max-width: 1024px) 100vw, 1024px\" \/><\/a><\/td>\n<\/tr>\n<tr>\n<td style=\"width: 84.4618%; background-color: #ffffff; border-color: #af85bb; border-style: solid;\">\n<h5>Autoritzaci\u00f3 majors de 18 anys 2n CFGM Activitats comercials<\/h5>\n<\/td>\n<td style=\"width: 35.4701%; background-color: #ffffff; border-color: #af85bb; border-style: solid;\"><a href=\"https:\/\/docs.google.com\/document\/d\/1CytQ5wA0XvkgJmYhjQOHku2BNXLkttRgVeecrvHqCUY\/edit?usp=sharing\" target=\"_blank\" rel=\"noopener\"><img loading=\"lazy\" decoding=\"async\" class=\"aligncenter size-large wp-image-13720\" src=\"https:\/\/agora.xtec.cat\/iesmontgri\/wp-content\/uploads\/usu613\/2025\/06\/Copia-de-MATRICULA-1024x512.jpg\" alt=\"\" width=\"1024\" height=\"512\" srcset=\"https:\/\/agora.xtec.cat\/iesmontgri\/wp-content\/uploads\/usu613\/2025\/06\/Copia-de-MATRICULA-1024x512.jpg 1024w, https:\/\/agora.xtec.cat\/iesmontgri\/wp-content\/uploads\/usu613\/2025\/06\/Copia-de-MATRICULA-300x150.jpg 300w, https:\/\/agora.xtec.cat\/iesmontgri\/wp-content\/uploads\/usu613\/2025\/06\/Copia-de-MATRICULA-768x384.jpg 768w, https:\/\/agora.xtec.cat\/iesmontgri\/wp-content\/uploads\/usu613\/2025\/06\/Copia-de-MATRICULA.jpg 1181w\" sizes=\"auto, (max-width: 1024px) 100vw, 1024px\" \/><\/a><\/td>\n<\/tr>\n<tr style=\"height: 32px;\">\n<td style=\"width: 84.4618%; height: 32px; background-color: #ffffff; border-color: #af85bb; border-style: solid;\">\n<h5>Autoritzaci\u00f3 drets d&#8217;imatge 2n CFGM Activitats comercials<\/h5>\n<\/td>\n<td style=\"width: 35.4701%; height: 32px; background-color: #ffffff; border-color: #af85bb; border-style: solid;\"><a href=\"https:\/\/docs.google.com\/document\/d\/1QUtEqc35n-7V03hnI3LuGPmdMNbQw--J\/edit?usp=sharing&amp;ouid=113689273214325466188&amp;rtpof=true&amp;sd=true\" target=\"_blank\" rel=\"noopener\"><img loading=\"lazy\" decoding=\"async\" class=\"aligncenter size-large wp-image-13720\" src=\"https:\/\/agora.xtec.cat\/iesmontgri\/wp-content\/uploads\/usu613\/2025\/06\/Copia-de-MATRICULA-1024x512.jpg\" alt=\"\" width=\"1024\" height=\"512\" srcset=\"https:\/\/agora.xtec.cat\/iesmontgri\/wp-content\/uploads\/usu613\/2025\/06\/Copia-de-MATRICULA-1024x512.jpg 1024w, https:\/\/agora.xtec.cat\/iesmontgri\/wp-content\/uploads\/usu613\/2025\/06\/Copia-de-MATRICULA-300x150.jpg 300w, https:\/\/agora.xtec.cat\/iesmontgri\/wp-content\/uploads\/usu613\/2025\/06\/Copia-de-MATRICULA-768x384.jpg 768w, https:\/\/agora.xtec.cat\/iesmontgri\/wp-content\/uploads\/usu613\/2025\/06\/Copia-de-MATRICULA.jpg 1181w\" sizes=\"auto, (max-width: 1024px) 100vw, 1024px\" \/><\/a><\/td>\n<\/tr>\n<tr style=\"height: 28px;\">\n<td style=\"width: 84.4618%; background-color: #ffffff; border-color: #af85bb; border-style: solid; height: 28px;\">\n<h5>Autoritzaci\u00f3 cessi\u00f3 de dades per a l&#8217;orientaci\u00f3<\/h5>\n<\/td>\n<td style=\"width: 35.4701%; background-color: #ffffff; border-color: #af85bb; border-style: solid; height: 28px;\"><a href=\"https:\/\/drive.google.com\/file\/d\/1qlCmadDvNF6Eif2-z5cq1s_B6EG3dwj_\/view?usp=sharing\" target=\"_blank\" rel=\"noopener\"><img loading=\"lazy\" decoding=\"async\" class=\"aligncenter size-large wp-image-13720\" src=\"https:\/\/agora.xtec.cat\/iesmontgri\/wp-content\/uploads\/usu613\/2025\/06\/Copia-de-MATRICULA-1024x512.jpg\" alt=\"\" width=\"1024\" height=\"512\" srcset=\"https:\/\/agora.xtec.cat\/iesmontgri\/wp-content\/uploads\/usu613\/2025\/06\/Copia-de-MATRICULA-1024x512.jpg 1024w, https:\/\/agora.xtec.cat\/iesmontgri\/wp-content\/uploads\/usu613\/2025\/06\/Copia-de-MATRICULA-300x150.jpg 300w, https:\/\/agora.xtec.cat\/iesmontgri\/wp-content\/uploads\/usu613\/2025\/06\/Copia-de-MATRICULA-768x384.jpg 768w, https:\/\/agora.xtec.cat\/iesmontgri\/wp-content\/uploads\/usu613\/2025\/06\/Copia-de-MATRICULA.jpg 1181w\" sizes=\"auto, (max-width: 1024px) 100vw, 1024px\" \/><\/a><\/td>\n<\/tr>\n<\/tbody>\n<\/table>\n","protected":false},"excerpt":{"rendered":"<p>Instruccions matr\u00edcula 2n CFGM Activitats comercials Impr\u00e8s matr\u00edcula 2n CFGM Activitats comercials Rebut material i sortides 2n CFGM Activitats comercials Autoritzaci\u00f3 majors de 18 anys 2n CFGM Activitats comercials Autoritzaci\u00f3 cessi\u00f3 de dades per a l&#8217;orientaci\u00f3 ALUMNAT NOVA INCORPORACI\u00d3 2n D&#8217;ACTIVITATS COMERCIALS Instruccions matr\u00edcula 2n CFGM (ALUMNAT NOVA INCORPORACI\u00d3) Impr\u00e8s matr\u00edcula 2n CFGM Activitats comercials [&hellip;]<\/p>\n","protected":false},"author":22,"featured_media":0,"parent":10680,"menu_order":1,"comment_status":"closed","ping_status":"closed","template":"page-templates\/side-menu.php","meta":{"_bbp_topic_count":0,"_bbp_reply_count":0,"_bbp_total_topic_count":0,"_bbp_total_reply_count":0,"_bbp_voice_count":0,"_bbp_anonymous_reply_count":0,"_bbp_topic_count_hidden":0,"_bbp_reply_count_hidden":0,"_bbp_forum_subforum_count":0,"site-sidebar-layout":"default","site-content-layout":"","ast-site-content-layout":"","site-content-style":"default","site-sidebar-style":"default","ast-global-header-display":"","ast-banner-title-visibility":"","ast-main-header-display":"","ast-hfb-above-header-display":"","ast-hfb-below-header-display":"","ast-hfb-mobile-header-display":"","site-post-title":"","ast-breadcrumbs-content":"","ast-featured-img":"","footer-sml-layout":"","theme-transparent-header-meta":"","adv-header-id-meta":"","stick-header-meta":"","header-above-stick-meta":"","header-main-stick-meta":"","header-below-stick-meta":"","astra-migrate-meta-layouts":"default","ast-page-background-enabled":"default","ast-page-background-meta":{"desktop":{"background-color":"var(--ast-global-color-4)","background-image":"","background-repeat":"repeat","background-position":"center center","background-size":"auto","background-attachment":"scroll","background-type":"","background-media":"","overlay-type":"","overlay-color":"","overlay-opacity":"","overlay-gradient":""},"tablet":{"background-color":"","background-image":"","background-repeat":"repeat","background-position":"center center","background-size":"auto","background-attachment":"scroll","background-type":"","background-media":"","overlay-type":"","overlay-color":"","overlay-opacity":"","overlay-gradient":""},"mobile":{"background-color":"","background-image":"","background-repeat":"repeat","background-position":"center center","background-size":"auto","background-attachment":"scroll","background-type":"","background-media":"","overlay-type":"","overlay-color":"","overlay-opacity":"","overlay-gradient":""}},"ast-content-background-meta":{"desktop":{"background-color":"var(--ast-global-color-5)","background-image":"","background-repeat":"repeat","background-position":"center center","background-size":"auto","background-attachment":"scroll","background-type":"","background-media":"","overlay-type":"","overlay-color":"","overlay-opacity":"","overlay-gradient":""},"tablet":{"background-color":"var(--ast-global-color-5)","background-image":"","background-repeat":"repeat","background-position":"center center","background-size":"auto","background-attachment":"scroll","background-type":"","background-media":"","overlay-type":"","overlay-color":"","overlay-opacity":"","overlay-gradient":""},"mobile":{"background-color":"var(--ast-global-color-5)","background-image":"","background-repeat":"repeat","background-position":"center center","background-size":"auto","background-attachment":"scroll","background-type":"","background-media":"","overlay-type":"","overlay-color":"","overlay-opacity":"","overlay-gradient":""}},"footnotes":""},"class_list":["post-13706","page","type-page","status-publish","hentry"],"post_mailing_queue_ids":[],"_links":{"self":[{"href":"https:\/\/agora.xtec.cat\/iesmontgri\/wp-json\/wp\/v2\/pages\/13706","targetHints":{"allow":["GET"]}}],"collection":[{"href":"https:\/\/agora.xtec.cat\/iesmontgri\/wp-json\/wp\/v2\/pages"}],"about":[{"href":"https:\/\/agora.xtec.cat\/iesmontgri\/wp-json\/wp\/v2\/types\/page"}],"author":[{"embeddable":true,"href":"https:\/\/agora.xtec.cat\/iesmontgri\/wp-json\/wp\/v2\/users\/22"}],"replies":[{"embeddable":true,"href":"https:\/\/agora.xtec.cat\/iesmontgri\/wp-json\/wp\/v2\/comments?post=13706"}],"version-history":[{"count":7,"href":"https:\/\/agora.xtec.cat\/iesmontgri\/wp-json\/wp\/v2\/pages\/13706\/revisions"}],"predecessor-version":[{"id":13805,"href":"https:\/\/agora.xtec.cat\/iesmontgri\/wp-json\/wp\/v2\/pages\/13706\/revisions\/13805"}],"up":[{"embeddable":true,"href":"https:\/\/agora.xtec.cat\/iesmontgri\/wp-json\/wp\/v2\/pages\/10680"}],"wp:attachment":[{"href":"https:\/\/agora.xtec.cat\/iesmontgri\/wp-json\/wp\/v2\/media?parent=13706"}],"curies":[{"name":"wp","href":"https:\/\/api.w.org\/{rel}","templated":true}]}}