{"id":13055,"date":"2024-11-20T11:15:13","date_gmt":"2024-11-20T10:15:13","guid":{"rendered":"https:\/\/agora.xtec.cat\/iesmontgri\/?page_id=13055"},"modified":"2024-11-20T11:15:30","modified_gmt":"2024-11-20T10:15:30","slug":"cerfiticats-academics","status":"publish","type":"page","link":"https:\/\/agora.xtec.cat\/iesmontgri\/cerfiticats-academics\/","title":{"rendered":"CERFITICATS ACAD\u00c8MICS"},"content":{"rendered":"<div>\n<h6>PETICI\u00d3 CERTIFICATS<\/h6>\n<ul>\n<li>S&#8217;han de sol\u00b7licitar a trav\u00e9s de l&#8217;adre\u00e7a <a href=\"mailto:secretaria.gestio@institutmontgri.cat\" target=\"_blank\" rel=\"noopener\">secretaria.gestio@institutmontgri.cat <\/a>\u00a0sempre adjuntant\n<ul>\n<li>El document identificador de l&#8217;alumne\/a, per a corroborar la identitat,<\/li>\n<li>La <strong>sol\u00b7licitud de certificats acad\u00e8mics. <\/strong><\/li>\n<\/ul>\n<\/li>\n<\/ul>\n<h6>COMUNICACI\u00d3 DE L&#8217;INSTITUT CERTIFICATS<\/h6>\n<ul>\n<li>La resposta es comunicar\u00e0 per correu a l&#8217;alumnat quan i es dir\u00e0 quan es pot recollir aquesta documentaci\u00f3 sol\u00b7licitada, un cop estigui degudament signada.<\/li>\n<\/ul>\n<ul>\n<li style=\"list-style-type: none;\"><\/li>\n<\/ul>\n<\/div>\n<div class=\"text c3\">\n<h6>RECOLLIDA CERTIFICATS<\/h6>\n<ul>\n<li>S&#8217;enviar\u00e0 al mateix correu, exceptuant la recollida de t\u00edtols acad\u00e8mics oficials o resguards de t\u00edtol, gestions per a les quals cal venir de forma presencial).<\/li>\n<\/ul>\n<\/div>\n","protected":false},"excerpt":{"rendered":"<p>PETICI\u00d3 CERTIFICATS S&#8217;han de sol\u00b7licitar a trav\u00e9s de l&#8217;adre\u00e7a secretaria.gestio@institutmontgri.cat \u00a0sempre adjuntant El document identificador de l&#8217;alumne\/a, per a corroborar la identitat, La sol\u00b7licitud de certificats acad\u00e8mics. COMUNICACI\u00d3 DE L&#8217;INSTITUT CERTIFICATS La resposta es comunicar\u00e0 per correu a l&#8217;alumnat quan i es dir\u00e0 quan es pot recollir aquesta documentaci\u00f3 sol\u00b7licitada, un cop estigui degudament signada. [&hellip;]<\/p>\n","protected":false},"author":22,"featured_media":0,"parent":0,"menu_order":0,"comment_status":"closed","ping_status":"closed","template":"","meta":{"_bbp_topic_count":0,"_bbp_reply_count":0,"_bbp_total_topic_count":0,"_bbp_total_reply_count":0,"_bbp_voice_count":0,"_bbp_anonymous_reply_count":0,"_bbp_topic_count_hidden":0,"_bbp_reply_count_hidden":0,"_bbp_forum_subforum_count":0,"site-sidebar-layout":"default","site-content-layout":"","ast-site-content-layout":"","site-content-style":"default","site-sidebar-style":"default","ast-global-header-display":"","ast-banner-title-visibility":"","ast-main-header-display":"","ast-hfb-above-header-display":"","ast-hfb-below-header-display":"","ast-hfb-mobile-header-display":"","site-post-title":"","ast-breadcrumbs-content":"","ast-featured-img":"","footer-sml-layout":"","theme-transparent-header-meta":"","adv-header-id-meta":"","stick-header-meta":"","header-above-stick-meta":"","header-main-stick-meta":"","header-below-stick-meta":"","astra-migrate-meta-layouts":"default","ast-page-background-enabled":"default","ast-page-background-meta":{"desktop":{"background-color":"var(--ast-global-color-4)","background-image":"","background-repeat":"repeat","background-position":"center center","background-size":"auto","background-attachment":"scroll","background-type":"","background-media":"","overlay-type":"","overlay-color":"","overlay-opacity":"","overlay-gradient":""},"tablet":{"background-color":"","background-image":"","background-repeat":"repeat","background-position":"center center","background-size":"auto","background-attachment":"scroll","background-type":"","background-media":"","overlay-type":"","overlay-color":"","overlay-opacity":"","overlay-gradient":""},"mobile":{"background-color":"","background-image":"","background-repeat":"repeat","background-position":"center center","background-size":"auto","background-attachment":"scroll","background-type":"","background-media":"","overlay-type":"","overlay-color":"","overlay-opacity":"","overlay-gradient":""}},"ast-content-background-meta":{"desktop":{"background-color":"var(--ast-global-color-5)","background-image":"","background-repeat":"repeat","background-position":"center center","background-size":"auto","background-attachment":"scroll","background-type":"","background-media":"","overlay-type":"","overlay-color":"","overlay-opacity":"","overlay-gradient":""},"tablet":{"background-color":"var(--ast-global-color-5)","background-image":"","background-repeat":"repeat","background-position":"center center","background-size":"auto","background-attachment":"scroll","background-type":"","background-media":"","overlay-type":"","overlay-color":"","overlay-opacity":"","overlay-gradient":""},"mobile":{"background-color":"var(--ast-global-color-5)","background-image":"","background-repeat":"repeat","background-position":"center center","background-size":"auto","background-attachment":"scroll","background-type":"","background-media":"","overlay-type":"","overlay-color":"","overlay-opacity":"","overlay-gradient":""}},"footnotes":""},"class_list":["post-13055","page","type-page","status-publish","hentry"],"post_mailing_queue_ids":[],"_links":{"self":[{"href":"https:\/\/agora.xtec.cat\/iesmontgri\/wp-json\/wp\/v2\/pages\/13055","targetHints":{"allow":["GET"]}}],"collection":[{"href":"https:\/\/agora.xtec.cat\/iesmontgri\/wp-json\/wp\/v2\/pages"}],"about":[{"href":"https:\/\/agora.xtec.cat\/iesmontgri\/wp-json\/wp\/v2\/types\/page"}],"author":[{"embeddable":true,"href":"https:\/\/agora.xtec.cat\/iesmontgri\/wp-json\/wp\/v2\/users\/22"}],"replies":[{"embeddable":true,"href":"https:\/\/agora.xtec.cat\/iesmontgri\/wp-json\/wp\/v2\/comments?post=13055"}],"version-history":[{"count":1,"href":"https:\/\/agora.xtec.cat\/iesmontgri\/wp-json\/wp\/v2\/pages\/13055\/revisions"}],"predecessor-version":[{"id":13057,"href":"https:\/\/agora.xtec.cat\/iesmontgri\/wp-json\/wp\/v2\/pages\/13055\/revisions\/13057"}],"wp:attachment":[{"href":"https:\/\/agora.xtec.cat\/iesmontgri\/wp-json\/wp\/v2\/media?parent=13055"}],"curies":[{"name":"wp","href":"https:\/\/api.w.org\/{rel}","templated":true}]}}