{"id":11782,"date":"2024-03-14T11:48:03","date_gmt":"2024-03-14T10:48:03","guid":{"rendered":"https:\/\/agora.xtec.cat\/iesmontgri\/?page_id=11782"},"modified":"2026-01-30T09:33:42","modified_gmt":"2026-01-30T08:33:42","slug":"documentacio-de-centre","status":"publish","type":"page","link":"https:\/\/agora.xtec.cat\/iesmontgri\/professorat\/documentacio-de-centre\/","title":{"rendered":"DOCUMENTACI\u00d3 PROFESSORAT"},"content":{"rendered":"<pre><\/pre>\n<table style=\"border-collapse: collapse; width: 85.801%; height: 262px;\">\n<tbody>\n<tr style=\"height: 28px;\">\n<td style=\"width: 50%; height: 10px; text-align: center; background-color: #803689;\">\n<h4><span style=\"color: #ffffff;\"><strong>DOCUMENTACI\u00d3 DE CENTRE<\/strong><\/span><\/h4>\n<\/td>\n<td style=\"width: 235.836%; height: 10px; text-align: center; background-color: #803689;\">\n<h4><span style=\"color: #ffffff;\"><strong>DOCUMENTACI\u00d3 PROFESSORAT<\/strong><\/span><\/h4>\n<\/td>\n<\/tr>\n<tr style=\"height: 28px;\">\n<td style=\"width: 50%; height: 10px; background-color: #e3d7eb; text-align: center;\">\n<h5><a href=\"https:\/\/docs.google.com\/document\/d\/1nbVCRazfMt8Utqd13YFq7M18Qg6Q4W0Yndml0dv31Gg\/edit?tab=t.0\" target=\"_blank\" rel=\"noopener\">PLA D&#8217;EMERG\u00c8NCIA<\/a><\/h5>\n<\/td>\n<td style=\"width: 235.836%; height: 10px; background-color: #e3d7eb; text-align: center;\">\n<h5><a href=\"https:\/\/drive.google.com\/drive\/folders\/1ir95A7S32pBLlgeUTJYLKlimFWZGbqRR?usp=drive_link\" target=\"_blank\" rel=\"noopener\">EQUIPS DOCENTS<\/a><\/h5>\n<\/td>\n<\/tr>\n<tr style=\"height: 28px;\">\n<td style=\"width: 50%; height: 10px; background-color: #e3d7eb; text-align: center;\">\n<h5><a href=\"https:\/\/docs.google.com\/document\/d\/1IVlwFAKnBZZP9y6McLGWS54p4LV2J6FC-GvYDw72VQw\/edit?usp=sharing\" target=\"_blank\" rel=\"noopener\">PROJECTE LING\u00dc\u00cdSTIC<\/a><\/h5>\n<\/td>\n<td style=\"width: 235.836%; height: 10px; background-color: #e3d7eb; text-align: center;\">\n<h5><a href=\"https:\/\/drive.google.com\/drive\/u\/0\/folders\/1pG-RCgEUtnLzQZcsAideO99LFH1TX0T3\" target=\"_blank\" rel=\"noopener\">AULA D&#8217;ACOLLIDA<\/a><\/h5>\n<\/td>\n<\/tr>\n<tr style=\"height: 28px;\">\n<td style=\"width: 50%; height: 28px; background-color: #e3d7eb; text-align: center;\">\n<h5>PROJECTE DIGITAL<\/h5>\n<\/td>\n<td style=\"width: 235.836%; height: 28px; background-color: #e3d7eb; text-align: center;\">\n<h5><a href=\"https:\/\/drive.google.com\/drive\/u\/1\/folders\/1bQBpzmkPYCdR_mhQ8BR6kZpqBud6cZ6E\" target=\"_blank\" rel=\"noopener\">UEC<\/a><\/h5>\n<\/td>\n<\/tr>\n<tr style=\"height: 28px;\">\n<td style=\"width: 50%; height: 28px; background-color: #e3d7eb; text-align: center;\">\n<h5><a href=\"https:\/\/docs.google.com\/document\/d\/1VvRhYU6TIJSfi5tvJoeRwcNHC7eKhwzov4VqAcz5W3I\/edit?usp=sharing\" target=\"_blank\" rel=\"noopener\">PLA D&#8217;ACOLLIDA ALUMNAT<\/a><\/h5>\n<\/td>\n<td style=\"width: 235.836%; height: 28px; background-color: #e3d7eb; text-align: center;\">\n<h5><a href=\"https:\/\/drive.google.com\/drive\/folders\/1oIH7uxdnVQQ3QiBdzp74OQmTImUXT5j2?usp=sharing\" target=\"_blank\" rel=\"noopener\">PLA SINGULAR<\/a><\/h5>\n<\/td>\n<\/tr>\n<tr style=\"height: 28px;\">\n<td style=\"width: 50%; height: 28px; background-color: #e3d7eb; text-align: center;\">\n<h5><a href=\"https:\/\/docs.google.com\/document\/d\/1hhmudtagLpG9xnOtzg8Q3DKSPOT8bfmUDEFpOeruGpU\/edit?usp=sharing\" target=\"_blank\" rel=\"noopener\">PLA D&#8217;ACOLLIDA PROFESSORAT<\/a><\/h5>\n<\/td>\n<td style=\"width: 235.836%; height: 28px; background-color: #e3d7eb; text-align: center;\">\n<h5><a href=\"https:\/\/drive.google.com\/drive\/u\/0\/folders\/1byrTLIUIzkL-Ep5LLEn8Wei6f9ILdUti\" target=\"_blank\" rel=\"noopener\">SIEI<\/a><\/h5>\n<\/td>\n<\/tr>\n<tr style=\"height: 28px;\">\n<td style=\"width: 50%; height: 28px; background-color: #e3d7eb; text-align: center;\">\n<h5><a href=\"https:\/\/drive.google.com\/drive\/folders\/1hj7EbbZ70FFq-dOWMzmw4pRxG7OQveJE\" target=\"_blank\" rel=\"noopener\">PAT ESO, BATXILLERAT I CICLES<\/a><\/h5>\n<\/td>\n<td style=\"width: 235.836%; height: 28px; background-color: #e3d7eb; text-align: center;\">\n<h5><a href=\"https:\/\/drive.google.com\/drive\/folders\/0B-rFkGIxPocOTGxGVlRsbXNjWFk?resourcekey=0-gQN255fBu5VPWnbyB-Jg-A\" target=\"_blank\" rel=\"noopener\">COMISSIONS<\/a><\/h5>\n<\/td>\n<\/tr>\n<tr style=\"height: 28px;\">\n<td style=\"width: 50%; height: 28px; background-color: #e3d7eb; text-align: center;\">\n<h5><a href=\"https:\/\/docs.google.com\/document\/d\/1xJTgDXq6rSISordhgkfvUZ-74xgvRRfW_DPWXm_Bl-Q\/edit?usp=sharing\" target=\"_blank\" rel=\"noopener\">MANUAL DE SERVEI ESO<\/a><\/h5>\n<\/td>\n<td style=\"width: 235.836%; height: 28px; background-color: #e3d7eb; text-align: center;\">\n<h5><a href=\"https:\/\/drive.google.com\/drive\/folders\/1q74I-j7Ihs7_N86Z3OsgrubFZ-_MnMA9\" target=\"_blank\" rel=\"noopener\">AVALUACIONS<\/a><\/h5>\n<\/td>\n<\/tr>\n<tr style=\"height: 46px;\">\n<td style=\"width: 50%; height: 46px; background-color: #e3d7eb; text-align: center;\">\n<h5><a href=\"https:\/\/docs.google.com\/document\/d\/1jVPs_dNsNa7IQHP9trja-1MouYXFXgjM9TSZtN9ldcg\/edit?usp=sharing\" target=\"_blank\" rel=\"noopener\">MANUAL DE SERVEI BATXILLERAT<\/a><\/h5>\n<\/td>\n<td style=\"width: 235.836%; background-color: #e3d7eb; text-align: center; height: 46px;\">\n<h5><a href=\"https:\/\/drive.google.com\/drive\/folders\/0B-rFkGIxPocOc2RVRUVlb3pDWjQ?resourcekey=0-50-lXFFI56Ks_VjzQFj27A\" target=\"_blank\" rel=\"noopener\">CAPS DE DEPARTAMENT\u00a0<\/a><\/h5>\n<\/td>\n<\/tr>\n<tr style=\"height: 46px;\">\n<td style=\"width: 50%; height: 46px; background-color: #e3d7eb; text-align: center;\">\n<h5><a href=\"https:\/\/docs.google.com\/document\/d\/1pHk1dFNn4KXAld6gGdRvtS6QpdacxNaVMrFgIqU0RVc\/edit?usp=sharing\" target=\"_blank\" rel=\"noopener\">MANUAL DE SERVEI CICLES FORMATIUS<\/a><\/h5>\n<\/td>\n<td style=\"width: 235.836%; background-color: #e3d7eb; text-align: center; height: 46px;\">\n<h5><a href=\"https:\/\/insmontgri.atutoria.com\/menu.php\" target=\"_blank\" rel=\"noopener\">HORARIS PROFESSORAT, AULES I TALLERS<\/a><\/h5>\n<\/td>\n<\/tr>\n<\/tbody>\n<\/table>\n","protected":false},"excerpt":{"rendered":"<p>DOCUMENTACI\u00d3 DE CENTRE DOCUMENTACI\u00d3 PROFESSORAT PLA D&#8217;EMERG\u00c8NCIA EQUIPS DOCENTS PROJECTE LING\u00dc\u00cdSTIC AULA D&#8217;ACOLLIDA PROJECTE DIGITAL UEC PLA D&#8217;ACOLLIDA ALUMNAT PLA SINGULAR PLA D&#8217;ACOLLIDA PROFESSORAT SIEI PAT ESO, BATXILLERAT I CICLES COMISSIONS MANUAL DE SERVEI ESO AVALUACIONS MANUAL DE SERVEI BATXILLERAT CAPS DE DEPARTAMENT\u00a0 MANUAL DE SERVEI CICLES FORMATIUS HORARIS PROFESSORAT, AULES I TALLERS<\/p>\n","protected":false},"author":22,"featured_media":0,"parent":11700,"menu_order":6,"comment_status":"closed","ping_status":"closed","template":"","meta":{"_bbp_topic_count":0,"_bbp_reply_count":0,"_bbp_total_topic_count":0,"_bbp_total_reply_count":0,"_bbp_voice_count":0,"_bbp_anonymous_reply_count":0,"_bbp_topic_count_hidden":0,"_bbp_reply_count_hidden":0,"_bbp_forum_subforum_count":0,"site-sidebar-layout":"default","site-content-layout":"","ast-site-content-layout":"default","site-content-style":"default","site-sidebar-style":"default","ast-global-header-display":"","ast-banner-title-visibility":"","ast-main-header-display":"","ast-hfb-above-header-display":"","ast-hfb-below-header-display":"","ast-hfb-mobile-header-display":"","site-post-title":"","ast-breadcrumbs-content":"","ast-featured-img":"","footer-sml-layout":"","theme-transparent-header-meta":"","adv-header-id-meta":"","stick-header-meta":"","header-above-stick-meta":"","header-main-stick-meta":"","header-below-stick-meta":"","astra-migrate-meta-layouts":"set","ast-page-background-enabled":"default","ast-page-background-meta":{"desktop":{"background-color":"var(--ast-global-color-4)","background-image":"","background-repeat":"repeat","background-position":"center center","background-size":"auto","background-attachment":"scroll","background-type":"","background-media":"","overlay-type":"","overlay-color":"","overlay-opacity":"","overlay-gradient":""},"tablet":{"background-color":"","background-image":"","background-repeat":"repeat","background-position":"center center","background-size":"auto","background-attachment":"scroll","background-type":"","background-media":"","overlay-type":"","overlay-color":"","overlay-opacity":"","overlay-gradient":""},"mobile":{"background-color":"","background-image":"","background-repeat":"repeat","background-position":"center center","background-size":"auto","background-attachment":"scroll","background-type":"","background-media":"","overlay-type":"","overlay-color":"","overlay-opacity":"","overlay-gradient":""}},"ast-content-background-meta":{"desktop":{"background-color":"var(--ast-global-color-5)","background-image":"","background-repeat":"repeat","background-position":"center center","background-size":"auto","background-attachment":"scroll","background-type":"","background-media":"","overlay-type":"","overlay-color":"","overlay-opacity":"","overlay-gradient":""},"tablet":{"background-color":"var(--ast-global-color-5)","background-image":"","background-repeat":"repeat","background-position":"center center","background-size":"auto","background-attachment":"scroll","background-type":"","background-media":"","overlay-type":"","overlay-color":"","overlay-opacity":"","overlay-gradient":""},"mobile":{"background-color":"var(--ast-global-color-5)","background-image":"","background-repeat":"repeat","background-position":"center center","background-size":"auto","background-attachment":"scroll","background-type":"","background-media":"","overlay-type":"","overlay-color":"","overlay-opacity":"","overlay-gradient":""}},"footnotes":""},"class_list":["post-11782","page","type-page","status-publish","hentry"],"post_mailing_queue_ids":[],"_links":{"self":[{"href":"https:\/\/agora.xtec.cat\/iesmontgri\/wp-json\/wp\/v2\/pages\/11782","targetHints":{"allow":["GET"]}}],"collection":[{"href":"https:\/\/agora.xtec.cat\/iesmontgri\/wp-json\/wp\/v2\/pages"}],"about":[{"href":"https:\/\/agora.xtec.cat\/iesmontgri\/wp-json\/wp\/v2\/types\/page"}],"author":[{"embeddable":true,"href":"https:\/\/agora.xtec.cat\/iesmontgri\/wp-json\/wp\/v2\/users\/22"}],"replies":[{"embeddable":true,"href":"https:\/\/agora.xtec.cat\/iesmontgri\/wp-json\/wp\/v2\/comments?post=11782"}],"version-history":[{"count":6,"href":"https:\/\/agora.xtec.cat\/iesmontgri\/wp-json\/wp\/v2\/pages\/11782\/revisions"}],"predecessor-version":[{"id":14452,"href":"https:\/\/agora.xtec.cat\/iesmontgri\/wp-json\/wp\/v2\/pages\/11782\/revisions\/14452"}],"up":[{"embeddable":true,"href":"https:\/\/agora.xtec.cat\/iesmontgri\/wp-json\/wp\/v2\/pages\/11700"}],"wp:attachment":[{"href":"https:\/\/agora.xtec.cat\/iesmontgri\/wp-json\/wp\/v2\/media?parent=11782"}],"curies":[{"name":"wp","href":"https:\/\/api.w.org\/{rel}","templated":true}]}}