{"id":81,"date":"2014-09-18T10:38:05","date_gmt":"2014-09-18T10:38:05","guid":{"rendered":"http:\/\/agora.xtec.cat\/iesmontbui\/?page_id=81"},"modified":"2024-10-01T16:44:13","modified_gmt":"2024-10-01T14:44:13","slug":"secretaria","status":"publish","type":"page","link":"https:\/\/agora.xtec.cat\/iesmontbui\/organitzacio-de-centre\/secretaria\/","title":{"rendered":"Secretaria"},"content":{"rendered":"<p>En els centres d&#8217;ensenyament secundari, la Secretaria \u00e9s l&#8217;agent de gesti\u00f3 administrativa visible, per tant, \u00e9s b\u00e0sic que la seva pres\u00e8ncia a la web sigui un dels elements de navegaci\u00f3 principals.<\/p>\n<p>El nostre horari \u00e9s:<\/p>\n<div><b><u>Atenci\u00f3 a les fam\u00edlies:<\/u><\/b><\/div>\n<div><\/div>\n<div>\n<ul>\n<li>Dilluns, dimarts i divendres: 9:00h a 12:00h<\/li>\n<li>Dimecres i dijous: 11:00h a 14:00h<\/li>\n<\/ul>\n<\/div>\n<div><\/div>\n<div><b><u>Atenci\u00f3 a l\u2019alumnat:<\/u><\/b><\/div>\n<div><\/div>\n<div>\n<ul>\n<li>Hores del pati (cada dia 10:00 a 10:20 i 12:20 a 12:30)<\/li>\n<\/ul>\n<\/div>\n<p>Tamb\u00e9 us podem atendre en el mateix horari al tel\u00e8fon 93 805 60 59.<\/p>\n<p>Des de la Secretaria del centre es poden fer diferents gestions com:<\/p>\n<ul>\n<li>Tr\u00e0mits: sol\u00b7licitud de certificats (escolaritzaci\u00f3, nivell de catal\u00e0, sol\u00b7licitud de t\u00edtols i duplicats de t\u00edtols&#8230;)<\/li>\n<li><a href=\"https:\/\/agora.xtec.cat\/iesmontbui\/organitzacio-de-centre\/secretaria\/preinscripcio-i-matricula\/\">Preinscripci\u00f3 i Matr\u00edcula<\/a><\/li>\n<li><a href=\"https:\/\/drive.google.com\/file\/d\/1UC4rHH7g0yly6zbG8zR9Qm3fEmxYnBqV\/view?usp=sharing\">Material escolar<\/a><\/li>\n<li>Documents (autoritzaci\u00f3 de sortides, \u00fas de serveis digitals, etc.)<\/li>\n<li>Beques i ajuts<\/li>\n<li>etc.<\/li>\n<\/ul>\n<p>&nbsp;<\/p>\n","protected":false},"excerpt":{"rendered":"<p>En els centres d&#8217;ensenyament secundari, la Secretaria \u00e9s l&#8217;agent de gesti\u00f3 administrativa visible, per tant, \u00e9s b\u00e0sic que la seva pres\u00e8ncia a la web sigui un dels elements de navegaci\u00f3 principals.<br \/>\nEl nostre horari \u00e9s:<br \/>\nAtenci\u00f3 a les fam\u00edlies:<\/p>\n<ul>\n<li>Dilluns, dimarts i divendres: 9:00h a 12:00h<\/li>\n<li>Dimecres i dijous:&hellip;  <a href=\"https:\/\/agora.xtec.cat\/iesmontbui\/organitzacio-de-centre\/secretaria\/\" title=\"Read Secretaria\">Llegeix m\u00e9s\u00bb<\/a><br \/>\n","protected":false},"author":1,"featured_media":0,"parent":318,"menu_order":0,"comment_status":"closed","ping_status":"closed","template":"page-templates\/side-menu.php","meta":{"_bbp_topic_count":0,"_bbp_reply_count":0,"_bbp_total_topic_count":0,"_bbp_total_reply_count":0,"_bbp_voice_count":0,"_bbp_anonymous_reply_count":0,"_bbp_topic_count_hidden":0,"_bbp_reply_count_hidden":0,"_bbp_forum_subforum_count":0,"footnotes":""},"class_list":["post-81","page","type-page","status-publish","hentry"],"post_mailing_queue_ids":[],"_links":{"self":[{"href":"https:\/\/agora.xtec.cat\/iesmontbui\/wp-json\/wp\/v2\/pages\/81","targetHints":{"allow":["GET"]}}],"collection":[{"href":"https:\/\/agora.xtec.cat\/iesmontbui\/wp-json\/wp\/v2\/pages"}],"about":[{"href":"https:\/\/agora.xtec.cat\/iesmontbui\/wp-json\/wp\/v2\/types\/page"}],"author":[{"embeddable":true,"href":"https:\/\/agora.xtec.cat\/iesmontbui\/wp-json\/wp\/v2\/users\/1"}],"replies":[{"embeddable":true,"href":"https:\/\/agora.xtec.cat\/iesmontbui\/wp-json\/wp\/v2\/comments?post=81"}],"version-history":[{"count":5,"href":"https:\/\/agora.xtec.cat\/iesmontbui\/wp-json\/wp\/v2\/pages\/81\/revisions"}],"predecessor-version":[{"id":10300,"href":"https:\/\/agora.xtec.cat\/iesmontbui\/wp-json\/wp\/v2\/pages\/81\/revisions\/10300"}],"up":[{"embeddable":true,"href":"https:\/\/agora.xtec.cat\/iesmontbui\/wp-json\/wp\/v2\/pages\/318"}],"wp:attachment":[{"href":"https:\/\/agora.xtec.cat\/iesmontbui\/wp-json\/wp\/v2\/media?parent=81"}],"curies":[{"name":"wp","href":"https:\/\/api.w.org\/{rel}","templated":true}]}}

<p>En els centres d&#8217;ensenyament secundari, la Secretaria és l&#8217;agent de gestió administrativa visible, per tant, és bàsic que la seva presència a la web sigui un dels elements de navegació principals.</p>
<p>El nostre horari és:</p>
<div><b><u>Atenció a les famílies:</u></b></div>
<div></div>
<div>
<ul>
<li>Dilluns, dimarts i divendres: 9:00h a 12:00h</li>
<li>Dimecres i dijous: 11:00h a 14:00h</li>
</ul>
</div>
<div></div>
<div><b><u>Atenció a l’alumnat:</u></b></div>
<div></div>
<div>
<ul>
<li>Hores del pati (cada dia 10:00 a 10:20 i 12:20 a 12:30)</li>
</ul>
</div>
<p>També us podem atendre en el mateix horari al telèfon 93 805 60 59.</p>
<p>Des de la Secretaria del centre es poden fer diferents gestions com:</p>
<ul>
<li>Tràmits: sol·licitud de certificats (escolarització, nivell de català, sol·licitud de títols i duplicats de títols&#8230;)</li>
<li><a href="https://agora.xtec.cat/iesmontbui/organitzacio-de-centre/secretaria/preinscripcio-i-matricula/">Preinscripció i Matrícula</a></li>
<li><a href="https://drive.google.com/file/d/1UC4rHH7g0yly6zbG8zR9Qm3fEmxYnBqV/view?usp=sharing">Material escolar</a></li>
<li>Documents (autorització de sortides, ús de serveis digitals, etc.)</li>
<li>Beques i ajuts</li>
<li>etc.</li>
</ul>
<p>&nbsp;</p>

<p>En els centres d&#8217;ensenyament secundari, la Secretaria és l&#8217;agent de gestió administrativa visible, per tant, és bàsic que la seva presència a la web sigui un dels elements de navegació principals.<br />
El nostre horari és:<br />
Atenció a les famílies:</p>
<ul>
<li>Dilluns, dimarts i divendres: 9:00h a 12:00h</li>
<li>Dimecres i dijous:&hellip;  <a href="https://agora.xtec.cat/iesmontbui/organitzacio-de-centre/secretaria/" title="Read Secretaria">Llegeix més»</a><br />
