{"id":7245,"date":"2022-04-19T18:29:58","date_gmt":"2022-04-19T16:29:58","guid":{"rendered":"https:\/\/agora.xtec.cat\/iesmontbui\/?page_id=7245"},"modified":"2026-03-13T16:33:01","modified_gmt":"2026-03-13T15:33:01","slug":"preinscripcio-i-matricula-batxillerat","status":"publish","type":"page","link":"https:\/\/agora.xtec.cat\/iesmontbui\/organitzacio-de-centre\/secretaria\/preinscripcio-i-matricula-batxillerat\/","title":{"rendered":"Preinscripci\u00f3 i Matr\u00edcula Batxillerat"},"content":{"rendered":"<p><iframe loading=\"lazy\" src=\"https:\/\/drive.google.com\/file\/d\/1QLSE63jNCH5DkbsO8P0Z5e4pTFU8PSQw\/preview\" width=\"640\" height=\"480\"><\/iframe><\/p>\n<p>&nbsp;<\/p>\n<p>Si vols con\u00e8ixer el nostre centre, visita la p\u00e0gina de <a href=\"https:\/\/agora.xtec.cat\/iesmontbui\/linstitut\/historia\/\" target=\"_blank\" rel=\"noopener noreferrer\">Presentaci\u00f3<\/a><\/p>\n<h3>PREINSCRIPCI\u00d3 BATXILLERAT PER AL CURS 2025-2026<\/h3>\n<p>TAN SOLS HA DE FER LA PREINSCRIPCI\u00d3 L&#8217;ALUMNAT QUE SIGUI NOU AL CENTRE. L&#8217;alumnat que ja ha cursat 4t d&#8217;ESO al centre INS Montbui NO HA DE FER LA PREINSCRIPCI\u00d3, nom\u00e9s ha de retornar el full de continu\u00eftat que li entregar\u00e0 el\/la tutor\/a.<\/p>\n<p>El batxillerat es cursa, normalment, entre els 16 i 18 anys, per\u00f2 es pot accedir a qualsevol edat, sempre que s&#8217;hagi obtingut el graduat en Educaci\u00f3 Secund\u00e0ria Obligat\u00f2ria o un d&#8217;equivalent a efectes acad\u00e8mics.<\/p>\n<p>Han de presentar la sol\u00b7licitud de preinscripci\u00f3 les persones que vulguin accedir al batxillerat de qualsevol modalitat en un centre diferent d&#8217;aquell en qu\u00e8 estan cursant l&#8217;ESO, les persones que cursin o han cursat un cicle formatiu (encara que s&#8217;imparteixi en el mateix centre on estan matriculades), les que vulguin accedir a la modalitat d&#8217;arts i les que procedeixin d&#8217;un institut que no imparteixi el batxillerat<\/p>\n<p><strong>INFORMACI\u00d3 SOBRE LA PREINSCRIPCI\u00d3:<\/strong><\/p>\n<p><strong style=\"font-family: inherit; font-size: 1em;\">Per\u00edode:<\/strong><span style=\"font-family: inherit; font-size: 1em;\"> del 3 al 10 d&#8217;abril de 2025<\/span><\/p>\n<p><strong>Totes aquelles fam\u00edlies que vulguin fer la preinscripci\u00f3 per al Batxillerat a l&#8217;Institut Montbui i que tinguin dificultats per poder gestionar la preinscripci\u00f3 telem\u00e0tica podran concertar una cita al tel\u00e8fon 93 805 60 59 de 9:00h a 13:00h, i els guiarem en la gesti\u00f3 de la preinscripci\u00f3 telem\u00e0tica.<\/strong><\/p>\n<p><strong>So<\/strong><strong>l\u00b7l<\/strong><strong>i<\/strong><strong>c<\/strong><strong>i<\/strong><strong>tud:<\/strong> <strong>Nom\u00e9s de forma <em>telem\u00e0tica<\/em>, <a href=\"http:\/\/educacio.gencat.cat\/ca\/tramits\/tramits-temes\/9388-batxillerat?category=74447ed8-a82c-11e3-a972-000c29052e2c&amp;moda=1\" target=\"_blank\" rel=\"noopener noreferrer\">en aquest enlla\u00e7<\/a><\/strong><\/p>\n<ul>\n<li>A partir d\u2019aquest curs totes les sol\u00b7licituds s\u00f3n en format telem\u00e0tic, per tant, <u>n<\/u><u>o hi ha la<\/u> <u>p<\/u><u>o<\/u><u>ssibilitat de full de preinscripci\u00f3 en paper<\/u>.<\/li>\n<li><span style=\"text-decoration: underline;\">No cal lliurar cap documentaci\u00f3 presencialment al centre educatiu<\/span> que indiqueu en primera opci\u00f3.<\/li>\n<\/ul>\n<p>Hi ha dos tipus de sol\u00b7licitud:<\/p>\n<ol>\n<li style=\"list-style-type: none;\">\n<ol>\n<li><u>Electr\u00f2nica<\/u>: cal identificaci\u00f3 digital. \u00c9s l&#8217;opci\u00f3 m\u00e9s recomanable!<\/li>\n<li><u>Sup<\/u><u>o<\/u><u>rt inform\u00e0tic<\/u>: sense identificaci\u00f3 digital<\/li>\n<\/ol>\n<\/li>\n<\/ol>\n<ol>\n<li><u>S<\/u><u>OL\u00b7LICITUD <\/u><u><\/u><u>E<\/u><u>L<\/u><u>ECTR\u00d2NICA (Recomanable!)<\/u>: Mitjan\u00e7ant certificat digital, com DNI electr\u00f2nic, <strong>Cl@ve<\/strong><strong>,<\/strong> <strong>idCat<\/strong>, etc. Si no es disposa de cap certificat, us podeu generar f\u00e0cilment l\u2019idCat M\u00f2bil, de la seg\u00fcent manera:<\/li>\n<\/ol>\n<p>Per generar l&#8217;IdCAT M\u00f2bil cal complir els requisits seg\u00fcents: ser major de 16 anys i disposar de DNI\/NIE\/Passaport\/Doc identificador d\u2019un pa\u00eds de la UE o targeta de resid\u00e8ncia comunit\u00e0ria. Disposar d\u2019adre\u00e7a de correu electr\u00f2nic i un tel\u00e8fon m\u00f2bil a efectes d\u2019identificaci\u00f3 i contacte. Targeta sanit\u00e0ria per la teva identificaci\u00f3.<\/p>\n<p>Accediu a l\u2019adre\u00e7a <a href=\"https:\/\/idcatmobil.seu.cat\/\" target=\"_blank\" rel=\"noopener noreferrer\"><u>h<\/u><u>ttps:\/\/idcatmobil.seu.cat\/<\/u><\/a> i trobareu les instruccions de com fer-ho, o seguiu <a href=\"https:\/\/docs.google.com\/presentation\/d\/e\/2PACX-1vRvpYbKJ1ElUcH31u3bDbWeFFUsR_2DUeunzCn_moNKZ77oDRNnlOqNpYk1nHwCbV9545Btgsla8xpo\/pub?start=false&amp;loop=false&amp;delayms=3000\" target=\"_blank\" rel=\"noopener noreferrer\">aquest tutorial<\/a> que us deixem a continuaci\u00f3:<\/p>\n<p style=\"text-align: center;\"><iframe loading=\"lazy\" src=\"https:\/\/docs.google.com\/presentation\/d\/e\/2PACX-1vRvpYbKJ1ElUcH31u3bDbWeFFUsR_2DUeunzCn_moNKZ77oDRNnlOqNpYk1nHwCbV9545Btgsla8xpo\/embed?start=false&amp;loop=false&amp;delayms=3000\" width=\"480\" height=\"299\" frameborder=\"0\" data-mce-fragment=\"1\"><\/iframe><\/p>\n<p>Un cop generat, per utilitzar l\u2019idCAT M\u00f2bil nom\u00e9s cal introduir el n\u00famero de document d\u2019identitat i el n\u00famero de tel\u00e8fon m\u00f2bil en el web on calgui identificar-se electr\u00f2nicament per fer un tr\u00e0mit. Tot seguit es rep un missatge al tel\u00e8fon, que cont\u00e9 una clau d\u2019acc\u00e9s per introduir-la en el web.<\/p>\n<p>Una vegada identificats, caldr\u00e0 entrar el <a href=\"http:\/\/web.gencat.cat\/ca\/tramits\/tramits-temes\/identificador-alumne?moda=1\" target=\"_blank\" rel=\"noopener noreferrer\"><em>n\u00fa<\/em><em>m<\/em><em>ero<\/em> <em>d<\/em><em>\u2019identificaci\u00f3<\/em> <em>d<\/em><em>e<\/em> <em>l\u2019alumne\/a<\/em> <em>a<\/em> <em>RALC<\/em><\/a> que podeu recuperar dels butlletins de qualificacions per poder recuperar les seves dades personals i acad\u00e8miques, omplir les prefer\u00e8ncies i enviar la sol\u00b7licitud. En la majoria de casos no caldr\u00e0 fer res m\u00e9s ni adjuntar cap tipus de documentaci\u00f3, donat que s\u2019haur\u00e0 fet l\u2019intercanvi de validaci\u00f3 de les vostres dades amb totes les administracions implicades.<\/p>\n<ol start=\"2\">\n<li><u>S<\/u><u>OL\u00b7LICITUD <\/u><u>EN<\/u><u>\u00a0<\/u><u>S<\/u><u>U<\/u><u>P<\/u><u>ORT<\/u><u>\u00a0<\/u><u>I<\/u><u>NF<\/u><u>ORM\u00c0TIC<\/u>: Caldr\u00e0 identificar l\u2019alumne\/a amb el seu <em>n\u00fa<\/em><em>m<\/em><em>.<\/em> <em>d<\/em><em>\u2019Identificaci\u00f3<\/em> <em>d<\/em><em>\u2019alumne<\/em> i omplir el formulari, adjuntant escanejada o fotografiada la documentaci\u00f3 d\u2019identificaci\u00f3 i filiaci\u00f3 (DNI, llibre de fam\u00edlia, etc.), juntament amb la que al\u00b7legueu a efectes de barems i que no s\u2019hagi pogut validar.<\/li>\n<\/ol>\n<p><strong>Important: Primera pantalla!<\/strong><a href=\"https:\/\/agora.xtec.cat\/iesmontbui\/wp-content\/uploads\/usu145\/2022\/04\/web1.png\"><img loading=\"lazy\" decoding=\"async\" class=\"aligncenter wp-image-7251 size-full\" src=\"https:\/\/agora.xtec.cat\/iesmontbui\/wp-content\/uploads\/usu145\/2022\/04\/web1.png\" alt=\"\" width=\"1056\" height=\"342\" srcset=\"https:\/\/agora.xtec.cat\/iesmontbui\/wp-content\/uploads\/usu145\/2022\/04\/web1.png 1056w, https:\/\/agora.xtec.cat\/iesmontbui\/wp-content\/uploads\/usu145\/2022\/04\/web1-300x97.png 300w, https:\/\/agora.xtec.cat\/iesmontbui\/wp-content\/uploads\/usu145\/2022\/04\/web1-1024x332.png 1024w, https:\/\/agora.xtec.cat\/iesmontbui\/wp-content\/uploads\/usu145\/2022\/04\/web1-768x249.png 768w\" sizes=\"auto, (max-width: 1056px) 100vw, 1056px\" \/><\/a><\/p>\n<p><strong>Puc<\/strong> <strong>p<\/strong><strong>r<\/strong><strong>e<\/strong><strong>s<\/strong><strong>en<\/strong><strong>tar<\/strong> <strong>due<\/strong><strong>s<\/strong> <strong>s<\/strong><strong>o<\/strong><strong>l\u00b7<\/strong><strong>li<\/strong><strong>ci<\/strong><strong>t<\/strong><strong>ud<\/strong><strong>s<\/strong> <strong>a<\/strong> <strong>do<\/strong><strong>s<\/strong> <strong>c<\/strong><strong>en<\/strong><strong>tres<\/strong> <strong>d<\/strong><strong>i<\/strong><strong>ferents<\/strong> <strong>pe<\/strong><strong>r<\/strong> <strong>un<\/strong><strong>s<\/strong> <strong>mateixos<\/strong> <strong>e<\/strong><strong>s<\/strong><strong>tudis?<\/strong><\/p>\n<p>No, en cap cas. S\u2019ha de presentar una sola sol\u00b7licitud i indicar-hi per ordre de prefer\u00e8ncia els diferents centres als que us interessa inscriure la vostra filla o fill.<\/p>\n<p><strong>S<\/strong><strong>i<\/strong> <strong>tinc<\/strong> <strong>dub<\/strong><strong>tes<\/strong> <strong>o<\/strong><strong>mplint<\/strong> <strong>l<\/strong><strong>a<\/strong> <strong>s<\/strong><strong>o<\/strong><strong>l\u00b7<\/strong><strong>l<\/strong><strong>i<\/strong><strong>c<\/strong><strong>i<\/strong><strong>tud<\/strong> <strong>o<\/strong><strong>n<\/strong> <strong>e<\/strong><strong>m<\/strong> <strong>pu<\/strong><strong>c<\/strong> <strong>ad<\/strong><strong>r<\/strong><strong>e\u00e7a<\/strong><strong>r<\/strong><strong>?<\/strong><\/p>\n<p>Podeu posar-vos en contacte telef\u00f2nic amb l\u2019Institut Montbui al 938056059 de 9:00 a 13:00, i us ajudaran a complimentar el proc\u00e9s.<\/p>\n<p><strong>C<\/strong><strong>o<\/strong><strong>m<\/strong> <strong>pu<\/strong><strong>c<\/strong> <strong>s<\/strong><strong>abe<\/strong><strong>r<\/strong> <strong>el<\/strong><strong>s<\/strong> <strong>c<\/strong><strong>r<\/strong><strong>i<\/strong><strong>teris<\/strong> <strong>pe<\/strong><strong>l<\/strong><strong>s<\/strong> <strong>ba<\/strong><strong>r<\/strong><strong>e<\/strong><strong>m<\/strong><strong>s<\/strong> <strong>i<\/strong> <strong>l<\/strong><strong>a<\/strong> <strong>s<\/strong><strong>e<\/strong><strong>v<\/strong><strong>a<\/strong> <strong>pun<\/strong><strong>t<\/strong><strong>ua<\/strong><strong>ci<\/strong><strong>\u00f3<\/strong><strong>?<\/strong><\/p>\n<p>Trobareu tota la informaci\u00f3 els barems i la seva puntuaci\u00f3, aix\u00ed com la documentaci\u00f3 que cal adjuntar a la sol\u00b7licitud telem\u00e0tica (i que us recomanem que ja tingueu preparada i fotografiada al dispositiu que utilitzareu) <a href=\"https:\/\/preinscripcio.gencat.cat\/ca\/estudis\/batxillerat\/informat\/criteris-assignacio\/\" target=\"_blank\" rel=\"noopener noreferrer\">clicant aqu\u00ed.<\/a><\/p>\n<p>Quina documentaci\u00f3 has de preparar? En <a href=\"https:\/\/preinscripcio.gencat.cat\/ca\/estudis\/batxillerat\/informat\/prepara-documentacio\/\" target=\"_blank\" rel=\"noopener noreferrer\">aquesta p\u00e0gina<\/a> t&#8217;ho explica pas a pas, i a m\u00e9s si vols t&#8217;ho explica de veu.<\/p>\n<p style=\"font-family: 'Helvetica Neue', Helvetica, Helvetica, Arial, sans-serif; font-size: 16px;\">Podeu trobar la resta d\u2019informaci\u00f3 respecte al proc\u00e9s de preinscripci\u00f3 a la p\u00e0gina web <a href=\"https:\/\/preinscripcio.gencat.cat\" target=\"_blank\" rel=\"noopener noreferrer\"><u>https:\/\/preinscripcio.gencat.cat<\/u><\/a><\/p>\n<p><strong>I<\/strong><strong>N<\/strong><strong>FORMACIONS<\/strong> <strong>I<\/strong><strong>\/<\/strong><strong>O<\/strong> <strong>R<\/strong><strong>ECOMANACIONS:<\/strong><\/p>\n<ul>\n<li>Tenir fotografiada o escanejada la documentaci\u00f3 en el mateix dispositiu des d\u2019on es fa la sol\u00b7licitud.<\/li>\n<li>El codi de centre del nostre centre \u00e9s <strong>08053352<\/strong>, el necessitareu per indicar a quin centre voleu preinscriure<\/li>\n<li>Cenyiu-vos al calendari establert, lliurar la sol\u00b7licitud o la documentaci\u00f3 fora de termini us fa perdre tots els drets d\u2019adscripci\u00f3 amb el risc que aix\u00f2 comporta de quedar-se sense pla\u00e7a al centre.<\/li>\n<\/ul>\n<p><strong style=\"font-family: inherit; font-size: 1em;\">COM CONSULTAR EL RALC O N\u00daMERO IDENTIFICADOR D&#8217;UN ALUMNE\/A:<\/strong><\/p>\n<p><strong>A les sol\u00b7licituds de preinscripci\u00f3, siguin en suport inform\u00e0tic o en format paper, \u00e9s obligatori emplenar el camp &#8220;N\u00famero d&#8217;identificador de l&#8217;alumne\/a del RALC&#8221;, per aix\u00f2 el Departament d&#8217;Educaci\u00f3 ha fet possible la consulta en l\u00ednia perqu\u00e8 les fam\u00edlies i els alumnes obtinguin directament el n\u00famero identificador de l\u2019alumne del RALC. <\/strong>Ho podeu consultar al seg\u00fcent enlla\u00e7:<\/p>\n<p><a href=\"http:\/\/ensenyament.gencat.cat\/ca\/tramits\/tramits-temes\/identificador-alumne\">http:\/\/ensenyament.gencat.cat\/ca\/tramits\/tramits-temes\/identificador-alumne<\/a><\/p>\n<p>Si voleu m\u00e9s informaci\u00f3 podeu consultar la\u00a0<a href=\"https:\/\/dogc.gencat.cat\/ca\/document-del-dogc\/?documentId=955225\">Resoluci\u00f3 que regula la preinscripci\u00f3 pel curs 2023-2024<\/a><\/p>\n<p>Tamb\u00e9 podeu consultar m\u00e9s informaci\u00f3 sobre la preinscripci\u00f3 a https:\/\/preinscripcio.gencat.cat\/ca\/estudis\/batxillerat\/inici\/<\/p>\n<h3>RESULTATS PREINSCRIPCI\u00d3 BATXILLERAT (CURS 2025-2026)<\/h3>\n<p><strong>RESULTATS I PUBLICACIONS:<\/strong><\/p>\n<table style=\"height: 155px; width: 645px;\">\n<tbody>\n<tr style=\"height: 31px;\">\n<td style=\"width: 337px; height: 31px;\">Publicaci\u00f3 de l&#8217;oferta inicial<\/td>\n<td style=\"width: 308px; height: 31px;\"><a href=\"https:\/\/agora.xtec.cat\/iesmontbui\/wp-content\/uploads\/usu145\/2023\/04\/INFORME_OFERTA_OME_INFORME_OFERTA.pdf\">Consulta l&#8217;oferta<\/a><\/td>\n<\/tr>\n<tr style=\"height: 31px;\">\n<td style=\"height: 31px; width: 337px;\">Publicaci\u00f3 del barem provisional<\/td>\n<td style=\"height: 31px; width: 308px;\"><a href=\"https:\/\/agora.xtec.cat\/iesmontbui\/wp-content\/uploads\/usu145\/2023\/05\/INFORME_BAREM_PROVISIONAL_BAREM.pdf\">Consulta la llista aqu\u00ed<\/a><\/td>\n<\/tr>\n<tr style=\"height: 31px;\">\n<td style=\"width: 337px; height: 31px;\">Publicaci\u00f3 del barem resoltes les reclamacions<\/td>\n<td style=\"width: 308px; height: 31px;\"><a href=\"https:\/\/agora.xtec.cat\/iesmontbui\/wp-content\/uploads\/usu145\/2023\/06\/INFORME_BAREM_RESOLTES_BAREM.pdf\">Consulta la llista aqu\u00ed<\/a><\/td>\n<\/tr>\n<tr style=\"height: 31px;\">\n<td style=\"width: 337px; height: 31px;\">Publicaci\u00f3 de llistes ordenades definitives<\/td>\n<td style=\"width: 308px; height: 31px;\"><\/td>\n<\/tr>\n<tr style=\"height: 31px;\">\n<td style=\"width: 337px; height: 31px;\">Publicaci\u00f3 de l&#8217;oferta final<\/td>\n<td style=\"width: 308px; height: 31px;\"><a href=\"https:\/\/agora.xtec.cat\/iesmontbui\/wp-content\/uploads\/usu145\/2023\/06\/INFORME_OFERTA_OME_INFORME_OFERTA_DEFINITIVA-1.pdf\">Consulta la llista aqu\u00ed<\/a><\/td>\n<\/tr>\n<tr style=\"height: 31px;\">\n<td style=\"width: 337px; height: 31px;\">Publicaci\u00f3 d&#8217;assignacions<\/td>\n<td style=\"width: 308px; height: 31px;\"><a href=\"https:\/\/agora.xtec.cat\/iesmontbui\/wp-content\/uploads\/usu145\/2023\/06\/INFORME_ASSIGNADES_INFORME_ASSIGNADES-1.pdf\">Consulta la llista aqu\u00ed<\/a><\/td>\n<\/tr>\n<\/tbody>\n<\/table>\n<ul>\n<li>Si es vol realitzar alguna reclamaci\u00f3 vers el barem estipulat a la publicaci\u00f3 provisional, es pot realitzar digitalment del 22 al 29 de maig visitant l&#8217;enlla\u00e7 seg\u00fcent: <a href=\"https:\/\/preinscripcio.gencat.cat\/ca\/estudis\/batxillerat\/preinscriute\/seguiment-sollicitud\/llista-sollicituds-puntuacio\/\" target=\"_blank\" rel=\"noopener noreferrer\">https:\/\/preinscripcio.gencat.cat\/ca\/estudis\/batxillerat\/preinscriute\/seguiment-sollicitud\/llista-sollicituds-puntuacio\/<\/a>. A mitja p\u00e0gina trobar\u00e0s la informaci\u00f3 de les reclamacions i l&#8217;acc\u00e9s, segons si vas fer la preinscripci\u00f3 de forma telem\u00e0tica o digital.<\/li>\n<\/ul>\n","protected":false},"excerpt":{"rendered":"<p>&nbsp;<br \/>\nSi vols con\u00e8ixer el nostre centre, visita la p\u00e0gina de <a href=\"https:\/\/agora.xtec.cat\/iesmontbui\/linstitut\/historia\/\" target=\"_blank\" rel=\"noopener noreferrer\">Presentaci\u00f3<\/a><br \/>\nPREINSCRIPCI\u00d3 BATXILLERAT PER AL CURS 2025-2026<br \/>\nTAN SOLS HA DE FER LA PREINSCRIPCI\u00d3 L&#8217;ALUMNAT QUE SIGUI NOU AL CENTRE. L&#8217;alumnat que ja ha cursat 4t d&#8217;ESO al centre INS Montbui NO HA&hellip;  <a href=\"https:\/\/agora.xtec.cat\/iesmontbui\/organitzacio-de-centre\/secretaria\/preinscripcio-i-matricula-batxillerat\/\" title=\"Read Preinscripci\u00f3 i Matr\u00edcula Batxillerat\">Llegeix m\u00e9s\u00bb<\/a><\/p>\n","protected":false},"author":1,"featured_media":0,"parent":81,"menu_order":3,"comment_status":"closed","ping_status":"closed","template":"","meta":{"_bbp_topic_count":0,"_bbp_reply_count":0,"_bbp_total_topic_count":0,"_bbp_total_reply_count":0,"_bbp_voice_count":0,"_bbp_anonymous_reply_count":0,"_bbp_topic_count_hidden":0,"_bbp_reply_count_hidden":0,"_bbp_forum_subforum_count":0,"footnotes":""},"class_list":["post-7245","page","type-page","status-publish","hentry"],"post_mailing_queue_ids":[],"_links":{"self":[{"href":"https:\/\/agora.xtec.cat\/iesmontbui\/wp-json\/wp\/v2\/pages\/7245","targetHints":{"allow":["GET"]}}],"collection":[{"href":"https:\/\/agora.xtec.cat\/iesmontbui\/wp-json\/wp\/v2\/pages"}],"about":[{"href":"https:\/\/agora.xtec.cat\/iesmontbui\/wp-json\/wp\/v2\/types\/page"}],"author":[{"embeddable":true,"href":"https:\/\/agora.xtec.cat\/iesmontbui\/wp-json\/wp\/v2\/users\/1"}],"replies":[{"embeddable":true,"href":"https:\/\/agora.xtec.cat\/iesmontbui\/wp-json\/wp\/v2\/comments?post=7245"}],"version-history":[{"count":8,"href":"https:\/\/agora.xtec.cat\/iesmontbui\/wp-json\/wp\/v2\/pages\/7245\/revisions"}],"predecessor-version":[{"id":12058,"href":"https:\/\/agora.xtec.cat\/iesmontbui\/wp-json\/wp\/v2\/pages\/7245\/revisions\/12058"}],"up":[{"embeddable":true,"href":"https:\/\/agora.xtec.cat\/iesmontbui\/wp-json\/wp\/v2\/pages\/81"}],"wp:attachment":[{"href":"https:\/\/agora.xtec.cat\/iesmontbui\/wp-json\/wp\/v2\/media?parent=7245"}],"curies":[{"name":"wp","href":"https:\/\/api.w.org\/{rel}","templated":true}]}}