{"id":5933,"date":"2021-03-07T00:58:37","date_gmt":"2021-03-06T23:58:37","guid":{"rendered":"https:\/\/agora.xtec.cat\/iesmontbui\/?page_id=5933"},"modified":"2024-04-09T13:12:40","modified_gmt":"2024-04-09T11:12:40","slug":"robotica-2","status":"publish","type":"page","link":"https:\/\/agora.xtec.cat\/iesmontbui\/activitats\/projectes\/robotica-2\/","title":{"rendered":"Rob\u00f2tica"},"content":{"rendered":"<p style=\"font-weight: 400;\"><span style=\"font-weight: 400;\">El Departament d&#8217;Educaci\u00f3 ha activat un paquet de mesures per impulsar la digitalitzaci\u00f3 i les STEAM al servei de l\u2019equitat del sistema educatiu catal\u00e0. A trav\u00e9s d\u2019un seguit d\u2019accions s&#8217;avan\u00e7a en el desplegament del pla digital i STEAM \u2013per les sigles en angl\u00e8s de ci\u00e8ncies, tecnologia, enginyeria, arts i matem\u00e0tiques-.\u00a0 Dins d&#8217;aquest paquet s&#8217;ha dotat als centres amb un cat\u00e0leg de rob\u00f2tica i computaci\u00f3, en el nostre institut disposem del seg\u00fcent material de rob\u00f2tica:<\/span><\/p>\n<p>&nbsp;<\/p>\n<p><b>LEGO SPIKE PRIME<\/b><\/p>\n<p style=\"font-weight: 400;\"><span style=\"font-weight: 400;\"><a href=\"https:\/\/agora.xtec.cat\/iesmontbui\/activitats\/projectes\/robotica-2\/attachment\/img_0178\/\" rel=\"attachment wp-att-9754\"><img loading=\"lazy\" decoding=\"async\" class=\"size-medium wp-image-9754 alignright\" src=\"https:\/\/agora.xtec.cat\/iesmontbui\/wp-content\/uploads\/usu145\/2024\/04\/IMG_0178-293x300.jpeg\" alt=\"\" width=\"293\" height=\"300\" srcset=\"https:\/\/agora.xtec.cat\/iesmontbui\/wp-content\/uploads\/usu145\/2024\/04\/IMG_0178-293x300.jpeg 293w, https:\/\/agora.xtec.cat\/iesmontbui\/wp-content\/uploads\/usu145\/2024\/04\/IMG_0178.jpeg 663w\" sizes=\"auto, (max-width: 293px) 100vw, 293px\" \/><\/a>LEGO SPIKE Prime \u00e9s una soluci\u00f3 que combina construcci\u00f3 amb programaci\u00f3 digital. Est\u00e0 dissenyat per impulsar l\u2019aprenentatge STEAM despertant l\u2019inter\u00e8s entre els joves, que poden experimentar de forma pr\u00e0ctica construccions i simulacions basades en situacions reals.<\/span><\/p>\n<p style=\"font-weight: 400;\"><span style=\"font-weight: 400;\">El kit incorpora peces de construcci\u00f3, diversos sensors, actuadors i un hub. Disposa d\u2019un entorn de programaci\u00f3 que permet codificar el projectes utilitzant blocs d\u2019icona, blocs de paraula en format vertical (semblant a Scratch) i tamb\u00e9 amb Python.<\/span><\/p>\n<p>&nbsp;<\/p>\n<p><b>ED1 Citilab<\/b><\/p>\n<p style=\"font-weight: 400;\"><b><a href=\"https:\/\/agora.xtec.cat\/iesmontbui\/activitats\/projectes\/robotica-2\/attachment\/img_0179\/\" rel=\"attachment wp-att-9755\"><img loading=\"lazy\" decoding=\"async\" class=\"alignright size-medium wp-image-9755\" src=\"https:\/\/agora.xtec.cat\/iesmontbui\/wp-content\/uploads\/usu145\/2024\/04\/IMG_0179-300x154.jpeg\" alt=\"\" width=\"300\" height=\"154\" srcset=\"https:\/\/agora.xtec.cat\/iesmontbui\/wp-content\/uploads\/usu145\/2024\/04\/IMG_0179-300x154.jpeg 300w, https:\/\/agora.xtec.cat\/iesmontbui\/wp-content\/uploads\/usu145\/2024\/04\/IMG_0179.jpeg 682w\" sizes=\"auto, (max-width: 300px) 100vw, 300px\" \/><\/a>ED1 <\/b><span style=\"font-weight: 400;\">\u00e9s una placa microcontroladora dissenyada per treballar la programaci\u00f3, l\u2019electr\u00f2nica creativa, la rob\u00f2tica i fins i tot l\u2019internet de les coses a l\u2019entorn educatiu. Permet donar suport al desenvolupament del pensament computacional i les disciplines STEAM.<\/span><\/p>\n<p style=\"font-weight: 400;\"><span style=\"font-weight: 400;\">Es tracta d\u2019una placa que inclou pantalla a color, sensors, generaci\u00f3 de sons, suport per motors i gesti\u00f3 de bateria.<\/span><\/p>\n<p style=\"font-weight: 400;\"><span style=\"font-weight: 400;\">La placa ED1 est\u00e0 preparada per construir un robot aut\u00f2nom incorporant components electr\u00f2nics i un xass\u00eds impr\u00e8s en 3D.<\/span><\/p>\n<p>&nbsp;<\/p>\n<p><b>ESP32 Steamakers<\/b><\/p>\n<p style=\"font-weight: 400;\"><span style=\"font-weight: 400;\"><a href=\"https:\/\/agora.xtec.cat\/iesmontbui\/activitats\/projectes\/robotica-2\/attachment\/img_0181\/\" rel=\"attachment wp-att-9758\"><img loading=\"lazy\" decoding=\"async\" class=\"alignright size-medium wp-image-9758\" src=\"https:\/\/agora.xtec.cat\/iesmontbui\/wp-content\/uploads\/usu145\/2024\/04\/IMG_0181-300x223.jpeg\" alt=\"\" width=\"300\" height=\"223\" srcset=\"https:\/\/agora.xtec.cat\/iesmontbui\/wp-content\/uploads\/usu145\/2024\/04\/IMG_0181-300x223.jpeg 300w, https:\/\/agora.xtec.cat\/iesmontbui\/wp-content\/uploads\/usu145\/2024\/04\/IMG_0181-200x150.jpeg 200w, https:\/\/agora.xtec.cat\/iesmontbui\/wp-content\/uploads\/usu145\/2024\/04\/IMG_0181.jpeg 715w\" sizes=\"auto, (max-width: 300px) 100vw, 300px\" \/><\/a>La placa ESP32 STEAMakers \u00e9s una placa electr\u00f2nica programable basada en el microcontrolador ESP32, que, gr\u00e0cies a una disposici\u00f3 vers\u00e0til de connectors, facilita l\u2019acc\u00e9s a les seves nombroses entrades i sortides on connectar tota classe de sensors i actuadors. Incorpora comunicaci\u00f3 wifi i Bluetooth integrades, aix\u00ed com m\u00e9s capacitat de processament que la popular placa electr\u00f2nica Arduino UNO.<\/span><\/p>\n<p style=\"font-weight: 400;\"><span style=\"font-weight: 400;\">Tot plegat converteix l\u2019ESP32 STEAMakers en un recurs molt vers\u00e0til i accessible per iniciar-se en electr\u00f2nica, programaci\u00f3 i prototipatge de projectes de rob\u00f2tica, internet de les coses, dom\u00f2tica, etc. \u00c9s especialment adequada per a docents i estudiants gr\u00e0cies a la seva facilitat de programaci\u00f3 i connectivitat sense fils integrada.<\/span><\/p>\n<p>&nbsp;<\/p>\n<p><b>Imagina 3DBot<\/b><b><\/b><\/p>\n<p style=\"font-weight: 400;\"><span style=\"font-weight: 400;\"><a href=\"https:\/\/agora.xtec.cat\/iesmontbui\/activitats\/projectes\/robotica-2\/attachment\/img_0182\/\" rel=\"attachment wp-att-9759\"><img loading=\"lazy\" decoding=\"async\" class=\"alignright size-medium wp-image-9759\" src=\"https:\/\/agora.xtec.cat\/iesmontbui\/wp-content\/uploads\/usu145\/2024\/04\/IMG_0182-300x207.jpeg\" alt=\"\" width=\"300\" height=\"207\" srcset=\"https:\/\/agora.xtec.cat\/iesmontbui\/wp-content\/uploads\/usu145\/2024\/04\/IMG_0182-300x207.jpeg 300w, https:\/\/agora.xtec.cat\/iesmontbui\/wp-content\/uploads\/usu145\/2024\/04\/IMG_0182.jpeg 687w\" sizes=\"auto, (max-width: 300px) 100vw, 300px\" \/><\/a>La placa d\u2019extensi\u00f3 Imagina 3DBot \u00e9s una placa d\u2019extensi\u00f3; per tant, \u00e9s una placa que ha d\u2019anar col\u00b7locada a sobre d\u2019una altra que contingui el sistema de control, com pot ser una placa tipus Arduino, Keyestudio UNO o ESP32 STEAMakers. La placa integra nombrosos sensors, actuadors, entrades i sortides.<\/span><\/p>\n<p style=\"font-weight: 400;\"><span style=\"font-weight: 400;\">Aquesta placa pot programar-se mitjan\u00e7ant diverses plataformes i llenguatges, com els entorns de programaci\u00f3 visual ArduinoBlocks, MicroBlocks i Snap4Arduino, o Arduino IDE amb codi basat en C\/C++.<\/span><\/p>\n<p>&nbsp;<\/p>\n<p><b>Imagina TdR STEAM<\/b><\/p>\n<p style=\"font-weight: 400;\"><span style=\"font-weight: 400;\"><a href=\"https:\/\/agora.xtec.cat\/iesmontbui\/activitats\/projectes\/robotica-2\/attachment\/img_0184\/\" rel=\"attachment wp-att-9756\"><img loading=\"lazy\" decoding=\"async\" class=\"alignright size-medium wp-image-9756\" src=\"https:\/\/agora.xtec.cat\/iesmontbui\/wp-content\/uploads\/usu145\/2024\/04\/IMG_0184-300x234.png\" alt=\"\" width=\"300\" height=\"234\" srcset=\"https:\/\/agora.xtec.cat\/iesmontbui\/wp-content\/uploads\/usu145\/2024\/04\/IMG_0184-300x234.png 300w, https:\/\/agora.xtec.cat\/iesmontbui\/wp-content\/uploads\/usu145\/2024\/04\/IMG_0184.png 735w\" sizes=\"auto, (max-width: 300px) 100vw, 300px\" \/><\/a>La placa d\u2019extensi\u00f3 Imagina TdR STEAM \u00e9s un dispositiu electr\u00f2nic d\u2019extensi\u00f3; per tant, \u00e9s una placa que ha d\u2019anar col\u00b7locada a sobre d\u2019una altra que contingui el sistema de control, com pot ser una placa tipus Arduino, Keyestudio UNO o ESP32 STEAMakers. La placa integra nombrosos sensors, actuadors, entrades i sortides.<\/span><\/p>\n<p style=\"font-weight: 400;\"><span style=\"font-weight: 400;\">Aquesta placa pot programar-se mitjan\u00e7ant diverses plataformes i llenguatges, com els entorns de programaci\u00f3 visual ArduinoBlocks, MicroBlocks i Snap4Arduino o Arduino IDE amb codi basat en C\/C++.<\/span><\/p>\n<p>&nbsp;<\/p>\n","protected":false},"excerpt":{"rendered":"<p>El Departament d&#8217;Educaci\u00f3 ha activat un paquet de mesures per impulsar la digitalitzaci\u00f3 i les STEAM al servei de l\u2019equitat del sistema educatiu catal\u00e0. A trav\u00e9s d\u2019un seguit d\u2019accions s&#8217;avan\u00e7a en el desplegament del pla digital i STEAM \u2013per les sigles en angl\u00e8s de ci\u00e8ncies,&hellip;  <a href=\"https:\/\/agora.xtec.cat\/iesmontbui\/activitats\/projectes\/robotica-2\/\" title=\"Read Rob\u00f2tica\">Llegeix m\u00e9s\u00bb<\/a><\/p>\n","protected":false},"author":66,"featured_media":0,"parent":489,"menu_order":0,"comment_status":"closed","ping_status":"closed","template":"","meta":{"_bbp_topic_count":0,"_bbp_reply_count":0,"_bbp_total_topic_count":0,"_bbp_total_reply_count":0,"_bbp_voice_count":0,"_bbp_anonymous_reply_count":0,"_bbp_topic_count_hidden":0,"_bbp_reply_count_hidden":0,"_bbp_forum_subforum_count":0,"footnotes":""},"class_list":["post-5933","page","type-page","status-publish","hentry"],"post_mailing_queue_ids":[],"_links":{"self":[{"href":"https:\/\/agora.xtec.cat\/iesmontbui\/wp-json\/wp\/v2\/pages\/5933","targetHints":{"allow":["GET"]}}],"collection":[{"href":"https:\/\/agora.xtec.cat\/iesmontbui\/wp-json\/wp\/v2\/pages"}],"about":[{"href":"https:\/\/agora.xtec.cat\/iesmontbui\/wp-json\/wp\/v2\/types\/page"}],"author":[{"embeddable":true,"href":"https:\/\/agora.xtec.cat\/iesmontbui\/wp-json\/wp\/v2\/users\/66"}],"replies":[{"embeddable":true,"href":"https:\/\/agora.xtec.cat\/iesmontbui\/wp-json\/wp\/v2\/comments?post=5933"}],"version-history":[{"count":4,"href":"https:\/\/agora.xtec.cat\/iesmontbui\/wp-json\/wp\/v2\/pages\/5933\/revisions"}],"predecessor-version":[{"id":9760,"href":"https:\/\/agora.xtec.cat\/iesmontbui\/wp-json\/wp\/v2\/pages\/5933\/revisions\/9760"}],"up":[{"embeddable":true,"href":"https:\/\/agora.xtec.cat\/iesmontbui\/wp-json\/wp\/v2\/pages\/489"}],"wp:attachment":[{"href":"https:\/\/agora.xtec.cat\/iesmontbui\/wp-json\/wp\/v2\/media?parent=5933"}],"curies":[{"name":"wp","href":"https:\/\/api.w.org\/{rel}","templated":true}]}}