{"id":455,"date":"2015-11-02T13:35:37","date_gmt":"2015-11-02T12:35:37","guid":{"rendered":"http:\/\/agora.xtec.cat\/iesmontbui\/?page_id=455"},"modified":"2015-11-02T13:36:05","modified_gmt":"2015-11-02T12:36:05","slug":"proves-cangur","status":"publish","type":"page","link":"https:\/\/agora.xtec.cat\/iesmontbui\/activitats\/proves-cangur\/","title":{"rendered":"Proves Cangur"},"content":{"rendered":"<table class=\"contentpaneopen\">\n<tbody>\n<tr>\n<td class=\"contentheading\" width=\"100%\">Proves Cangur 2011<\/td>\n<\/tr>\n<\/tbody>\n<\/table>\n<table class=\"contentpaneopen\">\n<tbody>\n<tr>\n<td valign=\"top\">Com cada any, el passat 18 de Mar\u00e7 el nostre centre va participar a les populars <b>PROVES CANGUR<\/b>. La prova Cangur, convocada per la Societat Catalana de Matem\u00e0tiques, i organitzada per una comissi\u00f3 catalano-valenciano-balear \u00e9s una activitat que es marca com a objectiu estimular i motivar l&#8217;aprenentatge de les matem\u00e0tiques a trav\u00e9s dels problemes. Consisteix en una prova de 30 reptes matem\u00e0tics, de dificultat creixent i de resposta tancada, amb cinc opcions per a cada problema. Aquest any hi havia m\u00e9s de 500 centres i a prop de 20.000 alumnes preinscripts.L\u2019IES MONTBUI va participar amb un total de 29 alumnes, en les categories de Nivell 1 (3r ESO), Nivell 2 (4t ESO) i Nivell 3 (1r BTX).<\/p>\n<p>Aquest any, hem de felicitar molt especialment a l\u2019alumne <b>Ivan Quijano Qui\u00f1onero<\/b> (3r ESO), que ha aconseguit quedar <b>dins del 3% de millors resultats<\/b>, obtenint d\u2019aquesta manera una menci\u00f3 especial dins de la celebraci\u00f3 de les proves cangur d\u2019enguany, i tamb\u00e9 a l\u2019alumne <b>Francisco Roldan Torra<\/b> (4t ESO), que li ha faltat molt poc per entrar tamb\u00e9 dins d\u2019aquest 3% dels millors resultats de tota Catalunya.<\/p>\n<p>&nbsp;<\/p>\n<p>M\u00e9s informaci\u00f3: <a href=\"http:\/\/www.cangur.org.\">http:\/\/www.cangur.org.<\/a><\/p>\n<p><img loading=\"lazy\" decoding=\"async\" src=\"http:\/\/imontbui.org\/images\/photos\/cangur%202011.JPG\" alt=\"cangur 2011\" width=\"800\" height=\"500\" \/><\/td>\n<\/tr>\n<\/tbody>\n<\/table>\n<p>&nbsp;<\/p>\n","protected":false},"excerpt":{"rendered":"<p>Proves Cangur 2011<\/p>\n<p>Com cada any, el passat 18 de Mar\u00e7 el nostre centre va participar a les populars PROVES CANGUR. La prova Cangur, convocada per la Societat Catalana de Matem\u00e0tiques, i organitzada per una comissi\u00f3 catalano-valenciano-balear \u00e9s una activitat que es marca com a objectiu&hellip;  <a href=\"https:\/\/agora.xtec.cat\/iesmontbui\/activitats\/proves-cangur\/\" title=\"Read Proves Cangur\">Llegeix m\u00e9s\u00bb<\/a><\/p>\n","protected":false},"author":1,"featured_media":0,"parent":434,"menu_order":0,"comment_status":"closed","ping_status":"closed","template":"page-templates\/side-menu.php","meta":{"_bbp_topic_count":0,"_bbp_reply_count":0,"_bbp_total_topic_count":0,"_bbp_total_reply_count":0,"_bbp_voice_count":0,"_bbp_anonymous_reply_count":0,"_bbp_topic_count_hidden":0,"_bbp_reply_count_hidden":0,"_bbp_forum_subforum_count":0,"footnotes":""},"class_list":["post-455","page","type-page","status-publish","hentry"],"post_mailing_queue_ids":[],"_links":{"self":[{"href":"https:\/\/agora.xtec.cat\/iesmontbui\/wp-json\/wp\/v2\/pages\/455","targetHints":{"allow":["GET"]}}],"collection":[{"href":"https:\/\/agora.xtec.cat\/iesmontbui\/wp-json\/wp\/v2\/pages"}],"about":[{"href":"https:\/\/agora.xtec.cat\/iesmontbui\/wp-json\/wp\/v2\/types\/page"}],"author":[{"embeddable":true,"href":"https:\/\/agora.xtec.cat\/iesmontbui\/wp-json\/wp\/v2\/users\/1"}],"replies":[{"embeddable":true,"href":"https:\/\/agora.xtec.cat\/iesmontbui\/wp-json\/wp\/v2\/comments?post=455"}],"version-history":[{"count":2,"href":"https:\/\/agora.xtec.cat\/iesmontbui\/wp-json\/wp\/v2\/pages\/455\/revisions"}],"predecessor-version":[{"id":457,"href":"https:\/\/agora.xtec.cat\/iesmontbui\/wp-json\/wp\/v2\/pages\/455\/revisions\/457"}],"up":[{"embeddable":true,"href":"https:\/\/agora.xtec.cat\/iesmontbui\/wp-json\/wp\/v2\/pages\/434"}],"wp:attachment":[{"href":"https:\/\/agora.xtec.cat\/iesmontbui\/wp-json\/wp\/v2\/media?parent=455"}],"curies":[{"name":"wp","href":"https:\/\/api.w.org\/{rel}","templated":true}]}}