{"id":43,"date":"2014-09-17T16:45:07","date_gmt":"2014-09-17T16:45:07","guid":{"rendered":"http:\/\/agora.xtec.cat\/iesmontbui\/?page_id=43"},"modified":"2026-01-14T14:10:32","modified_gmt":"2026-01-14T13:10:32","slug":"consell-escolar","status":"publish","type":"page","link":"https:\/\/agora.xtec.cat\/iesmontbui\/linstitut\/consell-escolar\/","title":{"rendered":"Consell escolar"},"content":{"rendered":"<div>\n<p><strong style=\"font-family: inherit; font-size: 1em;\">Informaci\u00f3 sobre el Consell Escolar<\/strong><\/p>\n<\/div>\n<p style=\"text-align: justify;\"><span style=\"font-family: inherit; font-size: 1em; text-align: justify;\">En el Consell Escolar, hi s\u00f3n representats els diferents sectors que constitueixen l\u2019institut. Nom\u00e9s des d\u2019aquesta pluralitat (professorat, mares i pares, alumnat, personal no docent i ajuntament) podem aconseguir un institut de qualitat, obert i dialogant que defensi una aut\u00e8ntica interacci\u00f3 per viure i conviure amb harmonia. \u00c9s per aix\u00f2 que us demano la vostra participaci\u00f3, tant per a la presentaci\u00f3 de candidatures, com per venir a votar els vostres representants. Aquesta actuaci\u00f3 democr\u00e0tica \u00e9s bona per al funcionament de l\u2019institut i \u00e9s una actuaci\u00f3 exemplificadora per a les noves generacions.<\/span><\/p>\n<div style=\"text-align: justify;\">\n<p>Per con\u00e8ixer les funcions del Consell Escolar, podeu clicar al seg\u00fcent enlla\u00e7: <a class=\"jcepopup\" style=\"font-family: inherit; font-size: 1em;\" href=\"http:\/\/imontbui.org\/docs\/eleccionsconsell2012\/FuncionsC.Escolar.pdf\" target=\"_blank\" rel=\"noopener noreferrer\">Funcions del Consell Escolar<\/a><\/p>\n<\/div>\n<p style=\"text-align: justify;\">Eva Raich<\/p>\n<p style=\"text-align: justify;\">Directora<\/p>\n<p><strong>ORGANIGRAMA DEL CONSELL ESCOLAR<\/strong><\/p>\n<table style=\"border-collapse: collapse; width: 74.5803%;\">\n<tbody>\n<tr>\n<td style=\"width: 32.6816%;\"><strong>SECTORS<\/strong><\/td>\n<td style=\"width: 41.8994%;\"><strong>REPRESENTANTS<\/strong><\/td>\n<\/tr>\n<tr>\n<td style=\"width: 32.6816%;\"><strong>Administraci\u00f3<\/strong><\/td>\n<td style=\"width: 41.8994%;\">Eva Raich Soriguera &#8211; Directora<\/p>\n<p>Laura Argerich Casellas &#8211; Cap d&#8217;Estudis<\/p>\n<p>Marc Campos Huguet &#8211; Secretari<\/p>\n<p>Pilar Serra Carbonell &#8211; PAS<\/p>\n<p>Maria Angeles Grados &#8211; Ajuntament<\/td>\n<\/tr>\n<tr>\n<td style=\"width: 32.6816%;\"><strong>Fam\u00edlies i AFA<\/strong><\/td>\n<td style=\"width: 41.8994%;\">AFA<\/p>\n<p>Catalina Ballesteros Luque-Fam\u00edlies<\/p>\n<p>Montserrat Jim\u00e9nez Torreblanca &#8211; Fam\u00edlies<\/p>\n<p>Maria Jos\u00e9 Trucharte Cervera- Fam\u00edlies<\/td>\n<\/tr>\n<tr>\n<td style=\"width: 32.6816%;\"><strong>Alumnat<\/strong><\/td>\n<td style=\"width: 41.8994%;\">Aleth Quintero Flores &#8211; Alumnat<\/p>\n<p>Mohamed Ali Zoukri &#8211; Alumnat<\/td>\n<\/tr>\n<tr>\n<td style=\"width: 32.6816%;\"><strong>Professorat<\/strong><\/td>\n<td style=\"width: 41.8994%;\">Jordi B\u00farria Vendrells &#8211; Professorat<\/p>\n<p>Jaume Domingo Herraiz &#8211; Professorat<\/p>\n<p>Marcel Mateu Pijoan &#8211; Professorat<\/p>\n<p>N\u00faria Mart\u00ed Ninot &#8211; Professorat<\/p>\n<p>Joaquim Oliva &#8211; Professorat<\/td>\n<\/tr>\n<\/tbody>\n<\/table>\n<p>&nbsp;<\/p>\n<p>&nbsp;<\/p>\n","protected":false},"excerpt":{"rendered":"<p>Informaci\u00f3 sobre el Consell Escolar<\/p>\n<p>En el Consell Escolar, hi s\u00f3n representats els diferents sectors que constitueixen l\u2019institut. Nom\u00e9s des d\u2019aquesta pluralitat (professorat, mares i pares, alumnat, personal no docent i ajuntament) podem aconseguir un institut de qualitat, obert i dialogant que defensi una aut\u00e8ntica interacci\u00f3&hellip;  <a href=\"https:\/\/agora.xtec.cat\/iesmontbui\/linstitut\/consell-escolar\/\" title=\"Read Consell escolar\">Llegeix m\u00e9s\u00bb<\/a><\/p>\n","protected":false},"author":1,"featured_media":0,"parent":19,"menu_order":40,"comment_status":"closed","ping_status":"closed","template":"page-templates\/side-menu.php","meta":{"_bbp_topic_count":0,"_bbp_reply_count":0,"_bbp_total_topic_count":0,"_bbp_total_reply_count":0,"_bbp_voice_count":0,"_bbp_anonymous_reply_count":0,"_bbp_topic_count_hidden":0,"_bbp_reply_count_hidden":0,"_bbp_forum_subforum_count":0,"footnotes":""},"class_list":["post-43","page","type-page","status-publish","hentry"],"post_mailing_queue_ids":[],"_links":{"self":[{"href":"https:\/\/agora.xtec.cat\/iesmontbui\/wp-json\/wp\/v2\/pages\/43","targetHints":{"allow":["GET"]}}],"collection":[{"href":"https:\/\/agora.xtec.cat\/iesmontbui\/wp-json\/wp\/v2\/pages"}],"about":[{"href":"https:\/\/agora.xtec.cat\/iesmontbui\/wp-json\/wp\/v2\/types\/page"}],"author":[{"embeddable":true,"href":"https:\/\/agora.xtec.cat\/iesmontbui\/wp-json\/wp\/v2\/users\/1"}],"replies":[{"embeddable":true,"href":"https:\/\/agora.xtec.cat\/iesmontbui\/wp-json\/wp\/v2\/comments?post=43"}],"version-history":[{"count":7,"href":"https:\/\/agora.xtec.cat\/iesmontbui\/wp-json\/wp\/v2\/pages\/43\/revisions"}],"predecessor-version":[{"id":11895,"href":"https:\/\/agora.xtec.cat\/iesmontbui\/wp-json\/wp\/v2\/pages\/43\/revisions\/11895"}],"up":[{"embeddable":true,"href":"https:\/\/agora.xtec.cat\/iesmontbui\/wp-json\/wp\/v2\/pages\/19"}],"wp:attachment":[{"href":"https:\/\/agora.xtec.cat\/iesmontbui\/wp-json\/wp\/v2\/media?parent=43"}],"curies":[{"name":"wp","href":"https:\/\/api.w.org\/{rel}","templated":true}]}}

<div>
<p><strong style="font-family: inherit; font-size: 1em;">Informació sobre el Consell Escolar</strong></p>
</div>
<p style="text-align: justify;"><span style="font-family: inherit; font-size: 1em; text-align: justify;">En el Consell Escolar, hi són representats els diferents sectors que constitueixen l’institut. Només des d’aquesta pluralitat (professorat, mares i pares, alumnat, personal no docent i ajuntament) podem aconseguir un institut de qualitat, obert i dialogant que defensi una autèntica interacció per viure i conviure amb harmonia. És per això que us demano la vostra participació, tant per a la presentació de candidatures, com per venir a votar els vostres representants. Aquesta actuació democràtica és bona per al funcionament de l’institut i és una actuació exemplificadora per a les noves generacions.</span></p>
<div style="text-align: justify;">
<p>Per conèixer les funcions del Consell Escolar, podeu clicar al següent enllaç: <a class="jcepopup" style="font-family: inherit; font-size: 1em;" href="http://imontbui.org/docs/eleccionsconsell2012/FuncionsC.Escolar.pdf" target="_blank" rel="noopener noreferrer">Funcions del Consell Escolar</a></p>
</div>
<p style="text-align: justify;">Eva Raich</p>
<p style="text-align: justify;">Directora</p>
<p><strong>ORGANIGRAMA DEL CONSELL ESCOLAR</strong></p>
<table style="border-collapse: collapse; width: 74.5803%;">
<tbody>
<tr>
<td style="width: 32.6816%;"><strong>SECTORS</strong></td>
<td style="width: 41.8994%;"><strong>REPRESENTANTS</strong></td>
</tr>
<tr>
<td style="width: 32.6816%;"><strong>Administració</strong></td>
<td style="width: 41.8994%;">Eva Raich Soriguera &#8211; Directora</p>
<p>Laura Argerich Casellas &#8211; Cap d&#8217;Estudis</p>
<p>Marc Campos Huguet &#8211; Secretari</p>
<p>Pilar Serra Carbonell &#8211; PAS</p>
<p>Maria Angeles Grados &#8211; Ajuntament</td>
</tr>
<tr>
<td style="width: 32.6816%;"><strong>Famílies i AFA</strong></td>
<td style="width: 41.8994%;">AFA</p>
<p>Catalina Ballesteros Luque-Famílies</p>
<p>Montserrat Jiménez Torreblanca &#8211; Famílies</p>
<p>Maria José Trucharte Cervera- Famílies</td>
</tr>
<tr>
<td style="width: 32.6816%;"><strong>Alumnat</strong></td>
<td style="width: 41.8994%;">Aleth Quintero Flores &#8211; Alumnat</p>
<p>Mohamed Ali Zoukri &#8211; Alumnat</td>
</tr>
<tr>
<td style="width: 32.6816%;"><strong>Professorat</strong></td>
<td style="width: 41.8994%;">Jordi Búrria Vendrells &#8211; Professorat</p>
<p>Jaume Domingo Herraiz &#8211; Professorat</p>
<p>Marcel Mateu Pijoan &#8211; Professorat</p>
<p>Núria Martí Ninot &#8211; Professorat</p>
<p>Joaquim Oliva &#8211; Professorat</td>
</tr>
</tbody>
</table>
<p>&nbsp;</p>
<p>&nbsp;</p>

<p>Informació sobre el Consell Escolar</p>
<p>En el Consell Escolar, hi són representats els diferents sectors que constitueixen l’institut. Només des d’aquesta pluralitat (professorat, mares i pares, alumnat, personal no docent i ajuntament) podem aconseguir un institut de qualitat, obert i dialogant que defensi una autèntica interacció&hellip;  <a href="https://agora.xtec.cat/iesmontbui/linstitut/consell-escolar/" title="Read Consell escolar">Llegeix més»</a></p>
