{"id":421,"date":"2015-11-02T11:00:44","date_gmt":"2015-11-02T10:00:44","guid":{"rendered":"http:\/\/agora.xtec.cat\/iesmontbui\/?page_id=421"},"modified":"2023-06-22T00:14:13","modified_gmt":"2023-06-21T22:14:13","slug":"2n-batxillerat","status":"publish","type":"page","link":"https:\/\/agora.xtec.cat\/iesmontbui\/estudis\/batxillerat\/2n-batxillerat\/","title":{"rendered":"2n Batxillerat"},"content":{"rendered":"<h4>Blocs de cada aula:<\/h4>\n<p>Lloc on el centre, tutors i alumnes compartim informaci\u00f3 amb la resta de la comunitat educativa. En cada una de les p\u00e0gines tamb\u00e9 trobar\u00e0s l&#8217;agenda de cada una de les classes, amb aquella informaci\u00f3 important per l&#8217;avaluaci\u00f3 de l&#8217;alumnat.<\/p>\n<table>\n<tbody>\n<tr>\n<td><a href=\"https:\/\/agora.xtec.cat\/iesmontbui\/estudis\/batxillerat\/1r-batxillerat\/attachment\/2-batx-a-3\/\"><img loading=\"lazy\" decoding=\"async\" class=\"alignnone wp-image-7576 size-full\" src=\"https:\/\/agora.xtec.cat\/iesmontbui\/wp-content\/uploads\/usu145\/2022\/09\/2-BATX-A.jpg\" alt=\"\" width=\"325\" height=\"180\" srcset=\"https:\/\/agora.xtec.cat\/iesmontbui\/wp-content\/uploads\/usu145\/2022\/09\/2-BATX-A.jpg 325w, https:\/\/agora.xtec.cat\/iesmontbui\/wp-content\/uploads\/usu145\/2022\/09\/2-BATX-A-300x166.jpg 300w\" sizes=\"auto, (max-width: 325px) 100vw, 325px\" \/><\/a><\/td>\n<td><a href=\"https:\/\/agora.xtec.cat\/iesmontbui\/estudis\/batxillerat\/1r-batxillerat\/attachment\/2-batx-b-3\/\"><img loading=\"lazy\" decoding=\"async\" class=\"alignnone wp-image-7577 size-full\" src=\"https:\/\/agora.xtec.cat\/iesmontbui\/wp-content\/uploads\/usu145\/2022\/09\/2-BATX-B.jpg\" alt=\"\" width=\"325\" height=\"180\" srcset=\"https:\/\/agora.xtec.cat\/iesmontbui\/wp-content\/uploads\/usu145\/2022\/09\/2-BATX-B.jpg 325w, https:\/\/agora.xtec.cat\/iesmontbui\/wp-content\/uploads\/usu145\/2022\/09\/2-BATX-B-300x166.jpg 300w\" sizes=\"auto, (max-width: 325px) 100vw, 325px\" \/><\/a><\/td>\n<\/tr>\n<\/tbody>\n<\/table>\n","protected":false},"excerpt":{"rendered":"<p>Blocs de cada aula:<br \/>\nLloc on el centre, tutors i alumnes compartim informaci\u00f3 amb la resta de la comunitat educativa. En cada una de les p\u00e0gines tamb\u00e9 trobar\u00e0s l&#8217;agenda de cada una de les classes, amb aquella informaci\u00f3 important per l&#8217;avaluaci\u00f3 de l&#8217;alumnat.<\/p>\n<p><a href=\"https:\/\/agora.xtec.cat\/iesmontbui\/estudis\/batxillerat\/1r-batxillerat\/attachment\/2-batx-a-3\/\"><\/a><br \/>\n<a href=\"https:\/\/agora.xtec.cat\/iesmontbui\/estudis\/batxillerat\/1r-batxillerat\/attachment\/2-batx-b-3\/\"><\/a><\/p>\n","protected":false},"author":1,"featured_media":0,"parent":417,"menu_order":0,"comment_status":"closed","ping_status":"closed","template":"page-templates\/side-menu.php","meta":{"_bbp_topic_count":0,"_bbp_reply_count":0,"_bbp_total_topic_count":0,"_bbp_total_reply_count":0,"_bbp_voice_count":0,"_bbp_anonymous_reply_count":0,"_bbp_topic_count_hidden":0,"_bbp_reply_count_hidden":0,"_bbp_forum_subforum_count":0,"footnotes":""},"class_list":["post-421","page","type-page","status-publish","hentry"],"post_mailing_queue_ids":[],"_links":{"self":[{"href":"https:\/\/agora.xtec.cat\/iesmontbui\/wp-json\/wp\/v2\/pages\/421","targetHints":{"allow":["GET"]}}],"collection":[{"href":"https:\/\/agora.xtec.cat\/iesmontbui\/wp-json\/wp\/v2\/pages"}],"about":[{"href":"https:\/\/agora.xtec.cat\/iesmontbui\/wp-json\/wp\/v2\/types\/page"}],"author":[{"embeddable":true,"href":"https:\/\/agora.xtec.cat\/iesmontbui\/wp-json\/wp\/v2\/users\/1"}],"replies":[{"embeddable":true,"href":"https:\/\/agora.xtec.cat\/iesmontbui\/wp-json\/wp\/v2\/comments?post=421"}],"version-history":[{"count":3,"href":"https:\/\/agora.xtec.cat\/iesmontbui\/wp-json\/wp\/v2\/pages\/421\/revisions"}],"predecessor-version":[{"id":8642,"href":"https:\/\/agora.xtec.cat\/iesmontbui\/wp-json\/wp\/v2\/pages\/421\/revisions\/8642"}],"up":[{"embeddable":true,"href":"https:\/\/agora.xtec.cat\/iesmontbui\/wp-json\/wp\/v2\/pages\/417"}],"wp:attachment":[{"href":"https:\/\/agora.xtec.cat\/iesmontbui\/wp-json\/wp\/v2\/media?parent=421"}],"curies":[{"name":"wp","href":"https:\/\/api.w.org\/{rel}","templated":true}]}}