{"id":4173,"date":"2020-01-29T12:40:22","date_gmt":"2020-01-29T11:40:22","guid":{"rendered":"https:\/\/agora.xtec.cat\/iesmontbui\/?page_id=4173"},"modified":"2024-01-26T11:38:45","modified_gmt":"2024-01-26T10:38:45","slug":"geso","status":"publish","type":"page","link":"https:\/\/agora.xtec.cat\/iesmontbui\/organitzacio-de-centre\/secretaria\/geso\/","title":{"rendered":"GESO"},"content":{"rendered":"<p style=\"text-align: center;\"><strong><a href=\"https:\/\/agora.xtec.cat\/iesmontbui\/wp-content\/uploads\/usu145\/2019\/02\/GESO.jpg\"><img loading=\"lazy\" decoding=\"async\" class=\"aligncenter size-full wp-image-2918\" src=\"https:\/\/agora.xtec.cat\/iesmontbui\/wp-content\/uploads\/usu145\/2019\/02\/GESO.jpg\" alt=\"\" width=\"80\" height=\"80\" \/><\/a>Graduat en educaci\u00f3 secund\u00e0ria obligat\u00f2ria (alumnes que no l&#8217;han obtingut en finalitzar l&#8217;etapa)<\/strong><\/p>\n<p>Els alumnes que no obtenen el t\u00edtol de graduat en educaci\u00f3 secund\u00e0ria obligat\u00f2ria (ESO) en finalitzar l&#8217;etapa es poden presentar a les proves que el mes de mar\u00e7 de cada any organitzen els centres educatius. A cada centre es constitueix una junta d&#8217;avaluaci\u00f3 formada per professors de quart d&#8217;ESO i presidida pel cap d&#8217;estudis.<\/p>\n<ul style=\"list-style-type: square;\">\n<li><strong><em>Requisits:<\/em><\/strong><\/li>\n<\/ul>\n<p>Es poden presentar a la prova les persones que compleixen els requisits seg\u00fcents:<\/p>\n<ol>\n<li>Tenir 18 anys o complir-los dins l&#8217;any natural de la prova. Tamb\u00e9 s&#8217;hi poden presentar amb 17 anys o complir-los dins l&#8217;any natural de la prova si es troben en alguna d&#8217;aquestes situacions (cal presentar la documentaci\u00f3 que ho acrediti):<\/li>\n<\/ol>\n<ul style=\"list-style-type: circle;\">\n<li>tenir un contracte laboral que els impedeixi assistir al centre educatiu en r\u00e8gim ordinari,<\/li>\n<li>trobar-se en proc\u00e9s d&#8217;obtenir un perm\u00eds de treball o<\/li>\n<li>ser esportista d&#8217;alt rendiment.<\/li>\n<\/ul>\n<p>2. Haver finalitzat l&#8217;ESO sense obtenir el t\u00edtol i no tenir m\u00e9s de 5 mat\u00e8ries pendents de qualificaci\u00f3 positiva (compten com una sola mat\u00e8ria les cursades amb el mateix nom en diferents cursos)<\/p>\n<p>3. Haver finalitzat l&#8217;ESO durant un dels 2 cursos anteriors al qual es presentin a les proves, enguany les proves serien pels\/per les alumnes que van <strong>finalitzar l&#8217;ESO l&#8217;any 2022 o 2023<\/strong>.<\/p>\n<ul style=\"list-style-type: square;\">\n<li><em><strong>Inscripci\u00f3 i realitzaci\u00f3 de la prova:<\/strong><\/em><\/li>\n<\/ul>\n<p>Abans que s&#8217;obri el per\u00edode d&#8217;inscripci\u00f3, els centres publiquen al tauler d&#8217;anuncis o al web els criteris d&#8217;avaluaci\u00f3 i els continguts m\u00ednims exigibles per a la superaci\u00f3 de cadascuna de les mat\u00e8ries.<\/p>\n<p>La <strong>sol\u00b7licitud<\/strong> per fer les proves s&#8217;ha de presentar entre el <strong>29 de gener i el 12 de febrer de 2024<\/strong>\u00a0a la secretaria del centre on la persona sol\u00b7licitant va estar matriculada de quart d&#8217;ESO per \u00faltima vegada.<\/p>\n<p>El centre publica el <strong>calendari de les proves<\/strong> i les <strong>llistes<\/strong> de persones admeses i excloses, que es podr\u00e0 consular entre el <strong>13 i el 19 de febrer de 2024<\/strong>. Durant els tres dies h\u00e0bils posteriors a la publicaci\u00f3 d&#8217;aquestes llistes, els aspirants exclosos poden presentar una <strong>reclamaci\u00f3<\/strong> davant la direcci\u00f3 del centre (entre el 20 i el 23 de febrer).<\/p>\n<p>El <strong>dia de la prova<\/strong>, els alumnes han de portar l&#8217;original del DNI, targeta de resid\u00e8ncia, passaport o qualsevol altre document identificatiu oficial en vigor. El temps m\u00ednim per fer-la \u00e9s de 60 minuts per a cada mat\u00e8ria. Es poden portar diccionaris i\/o calculadora.<\/p>\n<ul style=\"list-style-type: square;\">\n<li><em><strong>Qualificacions:\u00a0<\/strong><\/em><\/li>\n<\/ul>\n<p>La llista d&#8217;aspirants presentats i de les <strong>qualificacions<\/strong> obtingudes es publicar\u00e0 al tauler d&#8217;anuncis dels centres deu dies lectius despr\u00e9s de les proves. Els alumnes que aprovin totes les mat\u00e8ries pendents obtindran el t\u00edtol de graduat en ESO.<\/p>\n<ul style=\"list-style-type: square;\">\n<li><em><strong>Normativa:<\/strong><\/em><\/li>\n<\/ul>\n<p><a href=\"https:\/\/cido.diba.cat\/legislacio\/1260101\/resolucio-edu34452009-de-2-de-desembre-per-la-qual-es-regula-la-convocatoria-anual-de-les-proves-per-a-lobtencio-del-titol-de-graduat-en-educacio-secundaria-obligatoria-per-a-lalumnat-que-no-lhagi-obtingut-en-finalitzar-letapa-esmentada\" target=\"_blank\" rel=\"noopener\">Resoluci\u00f3 EDU\/3445\/2009<\/a><\/p>\n<p>de 2 de desembre, per la qual es regula la convocat\u00f2ria anual de les proves per a l&#8217;obtenci\u00f3 del t\u00edtol de graduat en educaci\u00f3 secund\u00e0ria obligat\u00f2ria per a l&#8217;alumnat que no l&#8217;hagi obtingut en finalitzar l&#8217;etapa esmentada. (DOGC n\u00fam.5523, 10.12.2009).<\/p>\n<p><a href=\"https:\/\/cido.diba.cat\/legislacio\/14012225\/decret-1752022-de-27-de-setembre-dordenacio-dels-ensenyaments-de-leducacio-basica-departament-deducacio\" target=\"_blank\" rel=\"noopener\">Decret 175\/2022,<\/a><\/p>\n<p>de 27 de setembre, d&#8217;ordenaci\u00f3 dels ensenyaments de l&#8217;educaci\u00f3 b\u00e0sica.<\/p>\n<p>Als documents seg\u00fcents trobareu m\u00e9s informaci\u00f3:<\/p>\n<p><a href=\"https:\/\/agora.xtec.cat\/iesmontbui\/wp-content\/uploads\/usu145\/2024\/01\/Calendari-de-les-proves-GESO-2024.pdf\">Calendari de les proves GESO 2024<\/a><\/p>\n<p><a href=\"https:\/\/agora.xtec.cat\/iesmontbui\/wp-content\/uploads\/usu145\/2024\/01\/Horari-proves-GESO-2024.pdf\">Horari proves GESO 2024<\/a><\/p>\n<table style=\"width: 445px;\">\n<tbody>\n<tr>\n<td style=\"width: 439px; text-align: center;\"><strong>CONTINGUTS I CRITERIS D&#8217;AVALUACI\u00d3<\/strong><\/td>\n<\/tr>\n<tr>\n<td style=\"width: 439px; text-align: center;\">GESO Llengua Catalana i Literatura<\/td>\n<\/tr>\n<tr>\n<td style=\"width: 439px; text-align: center;\">GESO Llengua Castellana i Literatura<\/td>\n<\/tr>\n<tr>\n<td style=\"width: 439px; text-align: center;\">GESO Matem\u00e0tiques Acad\u00e8miques i Aplicades<\/td>\n<\/tr>\n<tr>\n<td style=\"width: 439px; text-align: center;\"><a href=\"https:\/\/agora.xtec.cat\/iesmontbui\/wp-content\/uploads\/usu145\/2023\/02\/GESO-Tecnologia.pdf\">GESO-Tecnologia<\/a><\/td>\n<\/tr>\n<tr>\n<td style=\"width: 439px; text-align: center;\"><a href=\"https:\/\/agora.xtec.cat\/iesmontbui\/wp-content\/uploads\/usu145\/2024\/01\/GESO-Biologia-i-Geologia.pdf\" rel=\"attachment wp-att-9246\">GESO-Biologia-i-Geologia<\/a><\/td>\n<\/tr>\n<tr>\n<td style=\"width: 439px; text-align: center;\">GESO 1\u00aa Llengua estrangera Angl\u00e8s<\/td>\n<\/tr>\n<\/tbody>\n<\/table>\n<p>&nbsp;<\/p>\n","protected":false},"excerpt":{"rendered":"<p><a href=\"https:\/\/agora.xtec.cat\/iesmontbui\/wp-content\/uploads\/usu145\/2019\/02\/GESO.jpg\"><\/a>Graduat en educaci\u00f3 secund\u00e0ria obligat\u00f2ria (alumnes que no l&#8217;han obtingut en finalitzar l&#8217;etapa)<br \/>\nEls alumnes que no obtenen el t\u00edtol de graduat en educaci\u00f3 secund\u00e0ria obligat\u00f2ria (ESO) en finalitzar l&#8217;etapa es poden presentar a les proves que el mes de mar\u00e7 de cada any organitzen&hellip;  <a href=\"https:\/\/agora.xtec.cat\/iesmontbui\/organitzacio-de-centre\/secretaria\/geso\/\" title=\"Read GESO\">Llegeix m\u00e9s\u00bb<\/a><\/p>\n","protected":false},"author":1,"featured_media":0,"parent":81,"menu_order":4,"comment_status":"closed","ping_status":"closed","template":"page-templates\/side-menu.php","meta":{"_bbp_topic_count":0,"_bbp_reply_count":0,"_bbp_total_topic_count":0,"_bbp_total_reply_count":0,"_bbp_voice_count":0,"_bbp_anonymous_reply_count":0,"_bbp_topic_count_hidden":0,"_bbp_reply_count_hidden":0,"_bbp_forum_subforum_count":0,"footnotes":""},"class_list":["post-4173","page","type-page","status-publish","hentry"],"post_mailing_queue_ids":[],"_links":{"self":[{"href":"https:\/\/agora.xtec.cat\/iesmontbui\/wp-json\/wp\/v2\/pages\/4173","targetHints":{"allow":["GET"]}}],"collection":[{"href":"https:\/\/agora.xtec.cat\/iesmontbui\/wp-json\/wp\/v2\/pages"}],"about":[{"href":"https:\/\/agora.xtec.cat\/iesmontbui\/wp-json\/wp\/v2\/types\/page"}],"author":[{"embeddable":true,"href":"https:\/\/agora.xtec.cat\/iesmontbui\/wp-json\/wp\/v2\/users\/1"}],"replies":[{"embeddable":true,"href":"https:\/\/agora.xtec.cat\/iesmontbui\/wp-json\/wp\/v2\/comments?post=4173"}],"version-history":[{"count":6,"href":"https:\/\/agora.xtec.cat\/iesmontbui\/wp-json\/wp\/v2\/pages\/4173\/revisions"}],"predecessor-version":[{"id":9248,"href":"https:\/\/agora.xtec.cat\/iesmontbui\/wp-json\/wp\/v2\/pages\/4173\/revisions\/9248"}],"up":[{"embeddable":true,"href":"https:\/\/agora.xtec.cat\/iesmontbui\/wp-json\/wp\/v2\/pages\/81"}],"wp:attachment":[{"href":"https:\/\/agora.xtec.cat\/iesmontbui\/wp-json\/wp\/v2\/media?parent=4173"}],"curies":[{"name":"wp","href":"https:\/\/api.w.org\/{rel}","templated":true}]}}

<p style="text-align: center;"><strong><a href="https://agora.xtec.cat/iesmontbui/wp-content/uploads/usu145/2019/02/GESO.jpg"><img loading="lazy" decoding="async" class="aligncenter size-full wp-image-2918" src="https://agora.xtec.cat/iesmontbui/wp-content/uploads/usu145/2019/02/GESO.jpg" alt="" width="80" height="80" /></a>Graduat en educació secundària obligatòria (alumnes que no l&#8217;han obtingut en finalitzar l&#8217;etapa)</strong></p>
<p>Els alumnes que no obtenen el títol de graduat en educació secundària obligatòria (ESO) en finalitzar l&#8217;etapa es poden presentar a les proves que el mes de març de cada any organitzen els centres educatius. A cada centre es constitueix una junta d&#8217;avaluació formada per professors de quart d&#8217;ESO i presidida pel cap d&#8217;estudis.</p>
<ul style="list-style-type: square;">
<li><strong><em>Requisits:</em></strong></li>
</ul>
<p>Es poden presentar a la prova les persones que compleixen els requisits següents:</p>
<ol>
<li>Tenir 18 anys o complir-los dins l&#8217;any natural de la prova. També s&#8217;hi poden presentar amb 17 anys o complir-los dins l&#8217;any natural de la prova si es troben en alguna d&#8217;aquestes situacions (cal presentar la documentació que ho acrediti):</li>
</ol>
<ul style="list-style-type: circle;">
<li>tenir un contracte laboral que els impedeixi assistir al centre educatiu en règim ordinari,</li>
<li>trobar-se en procés d&#8217;obtenir un permís de treball o</li>
<li>ser esportista d&#8217;alt rendiment.</li>
</ul>
<p>2. Haver finalitzat l&#8217;ESO sense obtenir el títol i no tenir més de 5 matèries pendents de qualificació positiva (compten com una sola matèria les cursades amb el mateix nom en diferents cursos)</p>
<p>3. Haver finalitzat l&#8217;ESO durant un dels 2 cursos anteriors al qual es presentin a les proves, enguany les proves serien pels/per les alumnes que van <strong>finalitzar l&#8217;ESO l&#8217;any 2022 o 2023</strong>.</p>
<ul style="list-style-type: square;">
<li><em><strong>Inscripció i realització de la prova:</strong></em></li>
</ul>
<p>Abans que s&#8217;obri el període d&#8217;inscripció, els centres publiquen al tauler d&#8217;anuncis o al web els criteris d&#8217;avaluació i els continguts mínims exigibles per a la superació de cadascuna de les matèries.</p>
<p>La <strong>sol·licitud</strong> per fer les proves s&#8217;ha de presentar entre el <strong>29 de gener i el 12 de febrer de 2024</strong> a la secretaria del centre on la persona sol·licitant va estar matriculada de quart d&#8217;ESO per última vegada.</p>
<p>El centre publica el <strong>calendari de les proves</strong> i les <strong>llistes</strong> de persones admeses i excloses, que es podrà consular entre el <strong>13 i el 19 de febrer de 2024</strong>. Durant els tres dies hàbils posteriors a la publicació d&#8217;aquestes llistes, els aspirants exclosos poden presentar una <strong>reclamació</strong> davant la direcció del centre (entre el 20 i el 23 de febrer).</p>
<p>El <strong>dia de la prova</strong>, els alumnes han de portar l&#8217;original del DNI, targeta de residència, passaport o qualsevol altre document identificatiu oficial en vigor. El temps mínim per fer-la és de 60 minuts per a cada matèria. Es poden portar diccionaris i/o calculadora.</p>
<ul style="list-style-type: square;">
<li><em><strong>Qualificacions: </strong></em></li>
</ul>
<p>La llista d&#8217;aspirants presentats i de les <strong>qualificacions</strong> obtingudes es publicarà al tauler d&#8217;anuncis dels centres deu dies lectius després de les proves. Els alumnes que aprovin totes les matèries pendents obtindran el títol de graduat en ESO.</p>
<ul style="list-style-type: square;">
<li><em><strong>Normativa:</strong></em></li>
</ul>
<p><a href="https://cido.diba.cat/legislacio/1260101/resolucio-edu34452009-de-2-de-desembre-per-la-qual-es-regula-la-convocatoria-anual-de-les-proves-per-a-lobtencio-del-titol-de-graduat-en-educacio-secundaria-obligatoria-per-a-lalumnat-que-no-lhagi-obtingut-en-finalitzar-letapa-esmentada" target="_blank" rel="noopener">Resolució EDU/3445/2009</a></p>
<p>de 2 de desembre, per la qual es regula la convocatòria anual de les proves per a l&#8217;obtenció del títol de graduat en educació secundària obligatòria per a l&#8217;alumnat que no l&#8217;hagi obtingut en finalitzar l&#8217;etapa esmentada. (DOGC núm.5523, 10.12.2009).</p>
<p><a href="https://cido.diba.cat/legislacio/14012225/decret-1752022-de-27-de-setembre-dordenacio-dels-ensenyaments-de-leducacio-basica-departament-deducacio" target="_blank" rel="noopener">Decret 175/2022,</a></p>
<p>de 27 de setembre, d&#8217;ordenació dels ensenyaments de l&#8217;educació bàsica.</p>
<p>Als documents següents trobareu més informació:</p>
<p><a href="https://agora.xtec.cat/iesmontbui/wp-content/uploads/usu145/2024/01/Calendari-de-les-proves-GESO-2024.pdf">Calendari de les proves GESO 2024</a></p>
<p><a href="https://agora.xtec.cat/iesmontbui/wp-content/uploads/usu145/2024/01/Horari-proves-GESO-2024.pdf">Horari proves GESO 2024</a></p>
<table style="width: 445px;">
<tbody>
<tr>
<td style="width: 439px; text-align: center;"><strong>CONTINGUTS I CRITERIS D&#8217;AVALUACIÓ</strong></td>
</tr>
<tr>
<td style="width: 439px; text-align: center;">GESO Llengua Catalana i Literatura</td>
</tr>
<tr>
<td style="width: 439px; text-align: center;">GESO Llengua Castellana i Literatura</td>
</tr>
<tr>
<td style="width: 439px; text-align: center;">GESO Matemàtiques Acadèmiques i Aplicades</td>
</tr>
<tr>
<td style="width: 439px; text-align: center;"><a href="https://agora.xtec.cat/iesmontbui/wp-content/uploads/usu145/2023/02/GESO-Tecnologia.pdf">GESO-Tecnologia</a></td>
</tr>
<tr>
<td style="width: 439px; text-align: center;"><a href="https://agora.xtec.cat/iesmontbui/wp-content/uploads/usu145/2024/01/GESO-Biologia-i-Geologia.pdf" rel="attachment wp-att-9246">GESO-Biologia-i-Geologia</a></td>
</tr>
<tr>
<td style="width: 439px; text-align: center;">GESO 1ª Llengua estrangera Anglès</td>
</tr>
</tbody>
</table>
<p>&nbsp;</p>

<p><a href="https://agora.xtec.cat/iesmontbui/wp-content/uploads/usu145/2019/02/GESO.jpg"></a>Graduat en educació secundària obligatòria (alumnes que no l&#8217;han obtingut en finalitzar l&#8217;etapa)<br />
Els alumnes que no obtenen el títol de graduat en educació secundària obligatòria (ESO) en finalitzar l&#8217;etapa es poden presentar a les proves que el mes de març de cada any organitzen&hellip;  <a href="https://agora.xtec.cat/iesmontbui/organitzacio-de-centre/secretaria/geso/" title="Read GESO">Llegeix més»</a></p>
