{"id":417,"date":"2015-11-02T10:59:33","date_gmt":"2015-11-02T09:59:33","guid":{"rendered":"http:\/\/agora.xtec.cat\/iesmontbui\/?page_id=417"},"modified":"2026-03-02T11:42:28","modified_gmt":"2026-03-02T10:42:28","slug":"batxillerat","status":"publish","type":"page","link":"https:\/\/agora.xtec.cat\/iesmontbui\/estudis\/batxillerat\/","title":{"rendered":"Batxillerat"},"content":{"rendered":"<blockquote><p>Som un institut petit i aquest \u00e9s el nostre punt fort. T&#8217;oferim grups redu\u00efts a les mat\u00e8ries de modalitat amb el que aix\u00f2 suposa: interacci\u00f3, seguiment continuat, confian\u00e7a i proximitat.\u00a0Posem \u00e8mfasi en l&#8217;orientaci\u00f3 dels nostres alumnes i en fem un seguiment acurat i personalitzat al llarg de tot el Batxillerat.<\/p><\/blockquote>\n<h5>Informaci\u00f3 general<\/h5>\n<p>El batxillerat forma part de l\u2019educaci\u00f3 secund\u00e0ria postobligat\u00f2ria i es distribueix en dos cursos acad\u00e8mics. Es desenvolupa en diverses modalitats, s\u2019organitza de manera flexible, de manera que pot oferir una preparaci\u00f3 especialitzada als alumnes d\u2019acord amb les seves perspectives i interessos de formaci\u00f3.<\/p>\n<p>El\u00a0<strong>batxillerat<\/strong>\u00a0\u00e9s l&#8217;etapa que es cursa normalment entre els 16 i els 18 anys, tot i que \u00e9s oberta a persones de qualsevol edat. \u00c9s un cicle format per dos cursos de trenta hores lectives setmanals, oferint-lo de <strong>forma presencial a l&#8217;Institut Montbui<\/strong>, per tal de prepara els alumnes per a la seva incorporaci\u00f3 a estudis posteriors, tant professionals com universitaris, i per a l&#8217;acc\u00e9s al m\u00f3n laboral.<\/p>\n<h5>Acc\u00e9s a Batxillerat<\/h5>\n<p>Per accedir al\u00a0<strong>batxillerat<\/strong>\u00a0cal tenir algun dels t\u00edtols seg\u00fcents:<\/p>\n<ul>\n<li>graduat en educaci\u00f3 secund\u00e0ria obligat\u00f2ria (GESO),<\/li>\n<li>t\u00e8cnic d\u2019un cicle formatiu de grau mitj\u00e0 o t\u00e8cnic superior d\u2019un cicle formatiu de grau superior (en aquests casos es pot demanar la convalidaci\u00f3 de mat\u00e8ries espec\u00edfiques i del treball de recerca).<\/li>\n<\/ul>\n<p>Per accedir per primera vegada en un centre sufragat amb fons p\u00fablics per cursar batxillerat cal formalitzar la\u00a0<strong>preinscripci\u00f3<\/strong>\u00a0en el termini fixat.<\/p>\n<h5>Modalitats<\/h5>\n<p>A l&#8217;Institut Montbui es pot escollir entre dos modalitats de batxillerat:\u00a0<strong>ci\u00e8ncies i tecnologia<\/strong>\u00a0i\u00a0<strong>humanitats i ci\u00e8ncies socials<\/strong>.<\/p>\n<p>El curr\u00edculum de batxillerat consta d&#8217;una part comuna (les mat\u00e8ries comunes) i una part diversificada (la mat\u00e8ria comuna d&#8217;opci\u00f3, les mat\u00e8ries de modalitat, les mat\u00e8ries espec\u00edfiques i el treball de recerca). A m\u00e9s, els alumnes tenen assignada una hora setmanal de tutoria. En cada curs, de les trenta hores lectives setmanals, catorze es dediquen a les mat\u00e8ries comunes i la tutoria, i les setze restants, a la part diversificada.<\/p>\n<p>Fixa&#8217;t en el curr\u00edculum que et proposem a l&#8217;Institut Montbui:<\/p>\n<h6><a href=\"https:\/\/agora.xtec.cat\/iesmontbui\/estudis\/batxillerat\/attachment\/curriculum-btx-promocio-2022-24-i-2023-25-pagina-web\/\" rel=\"attachment wp-att-8639\">Curr\u00edculum 1r i 2n Batxillerat (Promocions 2022-24 i 2023-25)<\/a><\/h6>\n<h5>I despr\u00e8s de Batxillerat, qu\u00e8?<\/h5>\n<p>Amb el t\u00edtol de\u00a0<strong>batxiller<\/strong>\u00a0es pot accedir :<\/p>\n<ul>\n<li>a la universitat (un cop aprovades les proves d&#8217;acc\u00e9s);<\/li>\n<li>a un cicle formatiu de grau superior de formaci\u00f3 professional espec\u00edfica, d&#8217;arts pl\u00e0stiques i disseny;<\/li>\n<li>a un cicle formatiu de grau superior d\u2019ensenyaments esportius, si es tenen els requisits d\u2019acc\u00e9s;<\/li>\n<li>als ensenyaments superiors art\u00edstics (un cop superada una prova espec\u00edfica d&#8217;acc\u00e9s), i<\/li>\n<li>al m\u00f3n laboral.<\/li>\n<\/ul>\n<h5>Batxillerat a l&#8217;Institut Montbui<\/h5>\n<p>Per qu\u00e8 fer el Batxillerat a l\u2019Institut Montbui?<\/p>\n<p>Som un institut petit i aquest \u00e9s el nostre punt fort. T\u2019oferim grups redu\u00efts a les mat\u00e8ries de modalitat amb el que aix\u00f2 suposa: interacci\u00f3, seguiment continuat, confian\u00e7a i proximitat.<br \/>\nPosem \u00e8mfasi en l\u2019orientaci\u00f3 dels nostres alumnes i en fem un seguiment acurat i personalitzat al llarg de tot el Batxillerat.<br \/>\nSi tens dubtes, preguntes o ens vols con\u00e8ixer m\u00e9s d\u2019aprop, truca i te n\u2019informarem: 93 805 60 59 o envia un correu a secretaria<span class=\"\">@imontbui.org.<\/span><\/p>\n<p>Fes un cop d&#8217;ull a totes les not\u00edcies de la nostra web relacionades amb els dos cursos de Batxillerat. Clica <a href=\"https:\/\/agora.xtec.cat\/iesmontbui\/tag\/batxillerat\/\">aqu\u00ed<\/a>!<\/p>\n<p>I com diuen els nostres alumnes, per saber-ne m\u00e9s ho has de veure!<\/p>\n<p><iframe loading=\"lazy\" src=\"https:\/\/drive.google.com\/file\/d\/1QLSE63jNCH5DkbsO8P0Z5e4pTFU8PSQw\/preview\" width=\"640\" height=\"480\"><\/iframe><\/p>\n<p style=\"text-align: center;\"><iframe loading=\"lazy\" src=\"https:\/\/www.youtube.com\/embed\/VD8Igjc_eNQ?rel=0\" width=\"560\" height=\"315\" frameborder=\"0\"><\/iframe><\/p>\n","protected":false},"excerpt":{"rendered":"<p>Som un institut petit i aquest \u00e9s el nostre punt fort. T&#8217;oferim grups redu\u00efts a les mat\u00e8ries de modalitat amb el que aix\u00f2 suposa: interacci\u00f3, seguiment continuat, confian\u00e7a i proximitat.\u00a0Posem \u00e8mfasi en l&#8217;orientaci\u00f3 dels nostres alumnes i en fem un seguiment acurat i personalitzat al&hellip;  <a href=\"https:\/\/agora.xtec.cat\/iesmontbui\/estudis\/batxillerat\/\" title=\"Read Batxillerat\">Llegeix m\u00e9s\u00bb<\/a><\/p>\n","protected":false},"author":1,"featured_media":0,"parent":195,"menu_order":0,"comment_status":"closed","ping_status":"closed","template":"page-templates\/side-menu.php","meta":{"_bbp_topic_count":0,"_bbp_reply_count":0,"_bbp_total_topic_count":0,"_bbp_total_reply_count":0,"_bbp_voice_count":0,"_bbp_anonymous_reply_count":0,"_bbp_topic_count_hidden":0,"_bbp_reply_count_hidden":0,"_bbp_forum_subforum_count":0,"footnotes":""},"class_list":["post-417","page","type-page","status-publish","hentry"],"post_mailing_queue_ids":[],"_links":{"self":[{"href":"https:\/\/agora.xtec.cat\/iesmontbui\/wp-json\/wp\/v2\/pages\/417","targetHints":{"allow":["GET"]}}],"collection":[{"href":"https:\/\/agora.xtec.cat\/iesmontbui\/wp-json\/wp\/v2\/pages"}],"about":[{"href":"https:\/\/agora.xtec.cat\/iesmontbui\/wp-json\/wp\/v2\/types\/page"}],"author":[{"embeddable":true,"href":"https:\/\/agora.xtec.cat\/iesmontbui\/wp-json\/wp\/v2\/users\/1"}],"replies":[{"embeddable":true,"href":"https:\/\/agora.xtec.cat\/iesmontbui\/wp-json\/wp\/v2\/comments?post=417"}],"version-history":[{"count":4,"href":"https:\/\/agora.xtec.cat\/iesmontbui\/wp-json\/wp\/v2\/pages\/417\/revisions"}],"predecessor-version":[{"id":11970,"href":"https:\/\/agora.xtec.cat\/iesmontbui\/wp-json\/wp\/v2\/pages\/417\/revisions\/11970"}],"up":[{"embeddable":true,"href":"https:\/\/agora.xtec.cat\/iesmontbui\/wp-json\/wp\/v2\/pages\/195"}],"wp:attachment":[{"href":"https:\/\/agora.xtec.cat\/iesmontbui\/wp-json\/wp\/v2\/media?parent=417"}],"curies":[{"name":"wp","href":"https:\/\/api.w.org\/{rel}","templated":true}]}}

<blockquote><p>Som un institut petit i aquest és el nostre punt fort. T&#8217;oferim grups reduïts a les matèries de modalitat amb el que això suposa: interacció, seguiment continuat, confiança i proximitat. Posem èmfasi en l&#8217;orientació dels nostres alumnes i en fem un seguiment acurat i personalitzat al llarg de tot el Batxillerat.</p></blockquote>
<h5>Informació general</h5>
<p>El batxillerat forma part de l’educació secundària postobligatòria i es distribueix en dos cursos acadèmics. Es desenvolupa en diverses modalitats, s’organitza de manera flexible, de manera que pot oferir una preparació especialitzada als alumnes d’acord amb les seves perspectives i interessos de formació.</p>
<p>El <strong>batxillerat</strong> és l&#8217;etapa que es cursa normalment entre els 16 i els 18 anys, tot i que és oberta a persones de qualsevol edat. És un cicle format per dos cursos de trenta hores lectives setmanals, oferint-lo de <strong>forma presencial a l&#8217;Institut Montbui</strong>, per tal de prepara els alumnes per a la seva incorporació a estudis posteriors, tant professionals com universitaris, i per a l&#8217;accés al món laboral.</p>
<h5>Accés a Batxillerat</h5>
<p>Per accedir al <strong>batxillerat</strong> cal tenir algun dels títols següents:</p>
<ul>
<li>graduat en educació secundària obligatòria (GESO),</li>
<li>tècnic d’un cicle formatiu de grau mitjà o tècnic superior d’un cicle formatiu de grau superior (en aquests casos es pot demanar la convalidació de matèries específiques i del treball de recerca).</li>
</ul>
<p>Per accedir per primera vegada en un centre sufragat amb fons públics per cursar batxillerat cal formalitzar la <strong>preinscripció</strong> en el termini fixat.</p>
<h5>Modalitats</h5>
<p>A l&#8217;Institut Montbui es pot escollir entre dos modalitats de batxillerat: <strong>ciències i tecnologia</strong> i <strong>humanitats i ciències socials</strong>.</p>
<p>El currículum de batxillerat consta d&#8217;una part comuna (les matèries comunes) i una part diversificada (la matèria comuna d&#8217;opció, les matèries de modalitat, les matèries específiques i el treball de recerca). A més, els alumnes tenen assignada una hora setmanal de tutoria. En cada curs, de les trenta hores lectives setmanals, catorze es dediquen a les matèries comunes i la tutoria, i les setze restants, a la part diversificada.</p>
<p>Fixa&#8217;t en el currículum que et proposem a l&#8217;Institut Montbui:</p>
<h6><a href="https://agora.xtec.cat/iesmontbui/estudis/batxillerat/attachment/curriculum-btx-promocio-2022-24-i-2023-25-pagina-web/" rel="attachment wp-att-8639">Currículum 1r i 2n Batxillerat (Promocions 2022-24 i 2023-25)</a></h6>
<h5>I desprès de Batxillerat, què?</h5>
<p>Amb el títol de <strong>batxiller</strong> es pot accedir :</p>
<ul>
<li>a la universitat (un cop aprovades les proves d&#8217;accés);</li>
<li>a un cicle formatiu de grau superior de formació professional específica, d&#8217;arts plàstiques i disseny;</li>
<li>a un cicle formatiu de grau superior d’ensenyaments esportius, si es tenen els requisits d’accés;</li>
<li>als ensenyaments superiors artístics (un cop superada una prova específica d&#8217;accés), i</li>
<li>al món laboral.</li>
</ul>
<h5>Batxillerat a l&#8217;Institut Montbui</h5>
<p>Per què fer el Batxillerat a l’Institut Montbui?</p>
<p>Som un institut petit i aquest és el nostre punt fort. T’oferim grups reduïts a les matèries de modalitat amb el que això suposa: interacció, seguiment continuat, confiança i proximitat.<br />
Posem èmfasi en l’orientació dels nostres alumnes i en fem un seguiment acurat i personalitzat al llarg de tot el Batxillerat.<br />
Si tens dubtes, preguntes o ens vols conèixer més d’aprop, truca i te n’informarem: 93 805 60 59 o envia un correu a secretaria<span class="">@imontbui.org.</span></p>
<p>Fes un cop d&#8217;ull a totes les notícies de la nostra web relacionades amb els dos cursos de Batxillerat. Clica <a href="https://agora.xtec.cat/iesmontbui/tag/batxillerat/">aquí</a>!</p>
<p>I com diuen els nostres alumnes, per saber-ne més ho has de veure!</p>
<p><iframe loading="lazy" src="https://drive.google.com/file/d/1QLSE63jNCH5DkbsO8P0Z5e4pTFU8PSQw/preview" width="640" height="480"></iframe></p>
<p style="text-align: center;"><iframe loading="lazy" src="https://www.youtube.com/embed/VD8Igjc_eNQ?rel=0" width="560" height="315" frameborder="0"></iframe></p>

<p>Som un institut petit i aquest és el nostre punt fort. T&#8217;oferim grups reduïts a les matèries de modalitat amb el que això suposa: interacció, seguiment continuat, confiança i proximitat. Posem èmfasi en l&#8217;orientació dels nostres alumnes i en fem un seguiment acurat i personalitzat al&hellip;  <a href="https://agora.xtec.cat/iesmontbui/estudis/batxillerat/" title="Read Batxillerat">Llegeix més»</a></p>
