{"id":358,"date":"2015-11-02T10:35:30","date_gmt":"2015-11-02T09:35:30","guid":{"rendered":"http:\/\/agora.xtec.cat\/iesmontbui\/?page_id=358"},"modified":"2026-04-16T08:55:57","modified_gmt":"2026-04-16T06:55:57","slug":"claustre-professors","status":"publish","type":"page","link":"https:\/\/agora.xtec.cat\/iesmontbui\/organs-de-centre\/claustre-professors\/","title":{"rendered":"Claustre de professors i professores"},"content":{"rendered":"<p>A continuaci\u00f3, us presentem el claustre de professors i de professores del curs 2025-2026 de l&#8217;Institut Montbui:<\/p>\n<table style=\"border-collapse: collapse; width: 59.0927%; height: 458px;\">\n<tbody>\n<tr style=\"height: 32px;\">\n<td style=\"width: 87.4377%; text-align: center; height: 32px;\" colspan=\"2\"><span style=\"text-decoration: underline;\"><strong>Departament de Lleng\u00fces<\/strong><\/span><\/td>\n<\/tr>\n<tr style=\"height: 32px;\">\n<td style=\"width: 39.327%; height: 32px; text-align: right;\">X\u00e8nia Riba<\/td>\n<td style=\"width: 48.1107%; height: 32px; text-align: left;\"><strong>Cap de Departament de Lleng\u00fces<\/strong><\/p>\n<p>Llengua Catalana<\/td>\n<\/tr>\n<tr>\n<td style=\"width: 39.327%; text-align: right;\">Laia Argerich<\/td>\n<td style=\"width: 48.1107%; text-align: left;\"><strong>Coordinadora de Biblioteca-Xarx@\u00a0<\/strong><\/p>\n<p>Llengua Catalana<\/td>\n<\/tr>\n<tr style=\"height: 32px;\">\n<td style=\"width: 39.327%; height: 32px; text-align: right;\">Neus Castro<\/td>\n<td style=\"width: 48.1107%; height: 32px; text-align: left;\"><strong>Coordinadora LIC\u00a0<\/strong><\/p>\n<p><strong>Tutora 3r ESO A<\/strong><\/p>\n<p>Llengua Catalana<\/td>\n<\/tr>\n<tr style=\"height: 32px;\">\n<td style=\"width: 39.327%; height: 32px; text-align: right;\">Quim Sanz<\/td>\n<td style=\"width: 48.1107%; height: 32px; text-align: left;\">Llengua Catalana<\/td>\n<\/tr>\n<tr style=\"height: 32px;\">\n<td style=\"width: 39.327%; height: 32px; text-align: right;\">Maite Aguilera<\/td>\n<td style=\"width: 48.1107%; height: 32px; text-align: left;\">Llengua Catalana<\/td>\n<\/tr>\n<tr style=\"height: 32px;\">\n<td style=\"width: 39.327%; height: 32px; text-align: right;\">Montserrat Sabart\u00e9s<\/td>\n<td style=\"width: 48.1107%; height: 32px; text-align: left;\">Llengua Catalana<\/td>\n<\/tr>\n<tr>\n<td style=\"width: 39.327%; text-align: right;\"><\/td>\n<td style=\"width: 48.1107%; text-align: left;\">Llengua Catalana<\/td>\n<\/tr>\n<tr>\n<td style=\"width: 39.327%; text-align: right;\">Anna Sagu\u00e9s<\/td>\n<td style=\"width: 48.1107%; text-align: left;\"><strong>Tutor Aula d&#8217;acollida<\/strong><\/p>\n<p>Aula d&#8217;acollida<\/td>\n<\/tr>\n<tr style=\"height: 32px;\">\n<td style=\"width: 39.327%; height: 32px; text-align: right;\">Eva Raich<\/td>\n<td style=\"width: 48.1107%; height: 32px; text-align: left;\"><strong>DIRECTORA<\/strong><\/p>\n<p><strong>Coordinaci\u00f3 fam\u00edlies<\/strong><\/p>\n<p>Llengua Castellana<\/td>\n<\/tr>\n<tr style=\"height: 32px;\">\n<td style=\"width: 39.327%; text-align: right; height: 32px;\">Judith Hern\u00e1ndez<\/td>\n<td style=\"width: 48.1107%; text-align: left; height: 32px;\"><strong> Tutora 4t ESO D<\/strong><\/p>\n<p>Llengua Castellana<\/td>\n<\/tr>\n<tr style=\"height: 32px;\">\n<td style=\"width: 39.327%; text-align: right; height: 32px;\">Raquel Gonz\u00e1lvez<\/td>\n<td style=\"width: 48.1107%; text-align: left; height: 32px;\"><strong>Tutora 2n Batxillerat B<\/strong><\/p>\n<p>Llengua Castellana<\/td>\n<\/tr>\n<tr>\n<td style=\"width: 39.327%; text-align: right;\">Anna Luisa Mart\u00ednez<\/td>\n<td style=\"width: 48.1107%; text-align: left;\">Llengua Castellana<\/td>\n<\/tr>\n<tr style=\"height: 32px;\">\n<td style=\"width: 39.327%; text-align: right; height: 32px;\">Albert Sunyol<\/td>\n<td style=\"width: 48.1107%; text-align: left; height: 32px;\"><strong>Coordinador de Comunicaci\u00f3<\/strong><\/p>\n<p>Llengua Castellana<\/td>\n<\/tr>\n<tr>\n<td style=\"width: 39.327%; text-align: right;\">Laura Costa<\/td>\n<td style=\"width: 48.1107%; text-align: left;\">Lleng\u00fces Cl\u00e0ssiques<\/td>\n<\/tr>\n<\/tbody>\n<\/table>\n<table style=\"border-collapse: collapse; width: 59.2147%; height: 234px;\">\n<tbody>\n<tr style=\"height: 32px;\">\n<td style=\"width: 87.748%; text-align: center; height: 32px;\" colspan=\"2\"><span style=\"text-decoration: underline;\"><strong>Departament de Lleng\u00fces estrangeres<\/strong><\/span><\/td>\n<\/tr>\n<tr>\n<td style=\"width: 39.6929%; text-align: right;\">Peter Coates<\/td>\n<td style=\"width: 48.0551%;\"><strong>Cap de Departament de Lleng\u00fces estrangeres<\/strong><\/p>\n<p><strong>Programa certificaci\u00f3 EOI<\/strong><\/p>\n<p>Llengua Anglesa<\/td>\n<\/tr>\n<tr style=\"height: 32px;\">\n<td style=\"width: 39.6929%; height: 32px; text-align: right;\">Maria Dolors Oliva<\/td>\n<td style=\"width: 48.0551%; height: 32px;\">Llengua Anglesa<\/td>\n<\/tr>\n<tr style=\"height: 32px;\">\n<td style=\"width: 39.6929%; height: 32px; text-align: right;\">Maria Guti\u00e9rrez<\/td>\n<td style=\"width: 48.0551%; height: 32px;\">Llengua Anglesa<\/p>\n<p><strong>Tutora 1r de Batxillerat A\u00a0<\/strong><\/td>\n<\/tr>\n<tr style=\"height: 32px;\">\n<td style=\"width: 39.6929%; height: 32px; text-align: right;\">Jordi B\u00farria<\/td>\n<td style=\"width: 48.0551%; height: 32px;\">Llengua Anglesa<\/p>\n<p><strong>Tutor 3r\u00a0 E<\/strong><\/td>\n<\/tr>\n<tr style=\"height: 32px;\">\n<td style=\"width: 39.6929%; height: 32px; text-align: right;\">Gal\u00b7la Pons<\/td>\n<td style=\"width: 48.0551%; height: 32px;\">Llengua Anglesa<\/p>\n<p><strong>Tutora 4t B<\/strong><\/td>\n<\/tr>\n<tr>\n<td style=\"width: 39.6929%; text-align: right;\">Paula Marco<\/td>\n<td style=\"width: 48.0551%;\"><b>Responsable intercanvi (Fran\u00e7a)<\/b><\/p>\n<p>Llengua Francesa<\/td>\n<\/tr>\n<\/tbody>\n<\/table>\n<table style=\"border-collapse: collapse; width: 59.154%; height: 475px;\">\n<tbody>\n<tr style=\"height: 32px;\">\n<td style=\"width: 87.3546%; text-align: center; height: 32px;\" colspan=\"2\"><span style=\"text-decoration: underline;\"><strong>Departament de Matem\u00e0tiques i Economia<\/strong><\/span><\/td>\n<\/tr>\n<tr style=\"height: 32px;\">\n<td style=\"width: 39.8509%; height: 32px; text-align: right;\">Cristina de la Cruz<\/td>\n<td style=\"width: 47.5037%; height: 32px;\"><strong>Cap de Departament de Matem\u00e0tiques\u00a0<\/strong><\/p>\n<p><strong>Adjunta a Cap d&#8217;Estudis\u00a0<\/strong><\/p>\n<p>Matem\u00e0tiques<\/td>\n<\/tr>\n<tr style=\"height: 136px;\">\n<td style=\"width: 39.8509%; text-align: right; height: 136px;\">Marc Campos<\/td>\n<td style=\"width: 47.5037%; height: 136px;\"><strong>Secretari <\/strong><\/p>\n<p><strong>Coordinaci\u00f3 Erasmus+<\/strong><\/p>\n<p>Economia<\/td>\n<\/tr>\n<tr style=\"height: 32px;\">\n<td style=\"width: 39.8509%; height: 32px; text-align: right;\">Jaume Chardi<\/td>\n<td style=\"width: 47.5037%; height: 32px;\"><strong>Tutor 2n de Batxillerat A\u00a0<\/strong><\/p>\n<p>Matem\u00e0tiques<\/td>\n<\/tr>\n<tr style=\"height: 32px;\">\n<td style=\"width: 39.8509%; height: 32px; text-align: right;\">Joan Margalef<\/td>\n<td style=\"width: 47.5037%; height: 32px;\"><strong>Tutor 1r de Batxillerat B\u00a0<\/strong><\/p>\n<p>Matem\u00e0tiques<\/td>\n<\/tr>\n<tr style=\"height: 32px;\">\n<td style=\"width: 39.8509%; height: 32px; text-align: right;\">Gemma Torn\u00e9<\/td>\n<td style=\"width: 47.5037%; height: 32px;\">Matem\u00e0tiques<\/p>\n<p><strong>Tutora 3r B<\/strong><\/td>\n<\/tr>\n<tr style=\"height: 96px;\">\n<td style=\"width: 39.8509%; text-align: right; height: 41px;\">Mireia Vilardell<\/td>\n<td style=\"width: 47.5037%; height: 41px;\">Matem\u00e0tiques<\/td>\n<\/tr>\n<tr style=\"height: 32px;\">\n<td style=\"width: 39.8509%; height: 32px; text-align: right;\">Meritxell Vilamaj\u00f3<\/td>\n<td style=\"width: 47.5037%; height: 32px;\">Matem\u00e0tiques<\/p>\n<p><strong>Tutora 2n D<\/strong><\/td>\n<\/tr>\n<tr style=\"height: 32px;\">\n<td style=\"width: 39.8509%; height: 10px; text-align: right;\">Rosa Langa<\/td>\n<td style=\"width: 47.5037%; height: 10px;\">Economia<\/td>\n<\/tr>\n<\/tbody>\n<\/table>\n<table style=\"border-collapse: collapse; width: 59.0834%; height: 266px;\">\n<tbody>\n<tr style=\"height: 32px;\">\n<td style=\"width: 87.4526%; text-align: center; height: 32px;\" colspan=\"2\"><span style=\"text-decoration: underline;\"><strong>Departament de Ci\u00e8ncies<\/strong><\/span><\/td>\n<\/tr>\n<tr style=\"height: 32px;\">\n<td style=\"width: 39.7453%; height: 32px; text-align: right;\">Clara Puig<\/td>\n<td style=\"width: 47.7073%; height: 32px;\"><strong>Cap de Departament de Ci\u00e8ncies<\/strong><\/td>\n<\/tr>\n<tr style=\"height: 32px;\">\n<td style=\"width: 39.7453%; height: 32px; text-align: right;\">Marcel Mateu<\/td>\n<td style=\"width: 47.7073%; height: 32px;\"><strong>Coordinador Pedag\u00f2gic\u00a0<\/strong><\/p>\n<p>Biologia i Geologia<\/td>\n<\/tr>\n<tr style=\"height: 32px;\">\n<td style=\"width: 39.7453%; height: 10px; text-align: right;\">Rat Amich<\/td>\n<td style=\"width: 47.7073%; height: 10px;\"><strong>Coordinadora de Batxillerat\u00a0<\/strong><\/p>\n<p>F\u00edsica i Qu\u00edmica<\/td>\n<\/tr>\n<tr style=\"height: 32px;\">\n<td style=\"width: 39.7453%; height: 32px; text-align: right;\"><\/td>\n<td style=\"width: 47.7073%; height: 32px;\">Biologia i Geologia<\/td>\n<\/tr>\n<tr style=\"height: 32px;\">\n<td style=\"width: 39.7453%; height: 32px; text-align: right;\">Carola Vives<\/td>\n<td style=\"width: 47.7073%; height: 32px;\"><strong>Coordinadora 1r ESO\u00a0<\/strong><\/p>\n<p>F\u00edsica i Qu\u00edmica<\/td>\n<\/tr>\n<tr style=\"height: 32px;\">\n<td style=\"width: 39.7453%; height: 32px; text-align: right;\">Anna Jim\u00e9nez<\/td>\n<td style=\"width: 47.7073%; height: 32px;\"><strong>Coordinaci\u00f3 d&#8217;activitats i serveis\u00a0<\/strong><\/p>\n<p><strong>Tutora 1r ESO B<\/strong><\/p>\n<p>Biologia i Geologia<\/td>\n<\/tr>\n<tr style=\"height: 32px;\">\n<td style=\"width: 39.7453%; height: 32px; text-align: right;\">Llu\u00eds Aliberch<\/td>\n<td style=\"width: 47.7073%; height: 32px;\"><strong>Tutor 2n ESO C<\/strong><\/p>\n<p>F\u00edsica i Qu\u00edmica<\/td>\n<\/tr>\n<tr style=\"height: 32px;\">\n<td style=\"width: 39.7453%; height: 32px; text-align: right;\">Merc\u00e8 Carta\u00f1\u00e0<\/td>\n<td style=\"width: 47.7073%; height: 32px;\"><strong>Dinamitzadora Escola Verda<\/strong><\/p>\n<p>Biologia i Geologia<\/td>\n<\/tr>\n<\/tbody>\n<\/table>\n<table style=\"border-collapse: collapse; width: 59.016%; height: 202px;\">\n<tbody>\n<tr style=\"height: 32px;\">\n<td style=\"width: 87.019%; text-align: center; height: 32px;\" colspan=\"2\"><span style=\"text-decoration: underline;\"><strong>Departament de Tecnologia<\/strong><\/span><\/td>\n<\/tr>\n<tr style=\"height: 32px;\">\n<td style=\"width: 39.6929%; height: 32px; text-align: right;\">Queralt Casellas<\/td>\n<td style=\"width: 47.3261%; height: 32px;\"><strong>Cap de Departament de Tecnologia\u00a0<\/strong><\/p>\n<p><strong>Tutora 3r ESO C<\/strong><\/p>\n<p>Tecnologia<\/td>\n<\/tr>\n<tr style=\"height: 32px;\">\n<td style=\"width: 39.6929%; height: 32px; text-align: right;\">Laura Argerich<\/td>\n<td style=\"width: 47.3261%; height: 32px;\"><strong>Cap d&#8217;Estudis\u00a0<\/strong><\/p>\n<p>Tecnologia<\/td>\n<\/tr>\n<tr style=\"height: 32px;\">\n<td style=\"width: 39.6929%; height: 10px; text-align: right;\">Laia S\u00e1nchez<\/td>\n<td style=\"width: 47.3261%; height: 10px;\"><strong>Coordinadora 2n ESO<\/strong><\/p>\n<p>Tecnologia<\/td>\n<\/tr>\n<tr style=\"height: 32px;\">\n<td style=\"width: 39.6929%; height: 32px; text-align: right;\">Vicen\u00e7 Serra<\/td>\n<td style=\"width: 47.3261%; height: 32px;\"><strong>Coordinador de Riscos laborals<\/strong><\/p>\n<p><strong>Tutor 2n ESO B<\/strong><\/p>\n<p>Tecnologia<\/td>\n<\/tr>\n<tr>\n<td style=\"width: 39.6929%; text-align: right;\">Joaquim Oliva<\/td>\n<td style=\"width: 47.3261%;\"><strong>Coordinador digital<\/strong><\/p>\n<p>Tecnologia<\/td>\n<\/tr>\n<tr>\n<td style=\"width: 39.6929%; text-align: right;\">Antoni Palau<\/td>\n<td style=\"width: 47.3261%;\">Tecnologia<\/td>\n<\/tr>\n<\/tbody>\n<\/table>\n<table style=\"border-collapse: collapse; width: 59.0834%; height: 234px;\">\n<tbody>\n<tr style=\"height: 32px;\">\n<td style=\"width: 87.4165%; text-align: center; height: 32px;\" colspan=\"2\"><span style=\"text-decoration: underline;\"><strong>Departament d&#8217;Expressi\u00f3<\/strong><\/span><\/td>\n<\/tr>\n<tr style=\"height: 32px;\">\n<td style=\"width: 39.7453%; height: 32px; text-align: right;\">N\u00faria Mart\u00ed<\/td>\n<td style=\"width: 47.6712%; height: 32px;\">Educaci\u00f3 Visual i pl\u00e0stica<\/td>\n<\/tr>\n<tr>\n<td style=\"width: 39.7453%; text-align: right;\">Cl\u00e0udia Juncosa<\/td>\n<td style=\"width: 47.6712%;\">Educaci\u00f3 Visual i pl\u00e0stica<\/td>\n<\/tr>\n<tr style=\"height: 32px;\">\n<td style=\"width: 39.7453%; height: 32px; text-align: right;\">Mag\u00ed Badia<\/td>\n<td style=\"width: 47.6712%; height: 32px;\">Educaci\u00f3 f\u00edsica<\/td>\n<\/tr>\n<tr style=\"height: 32px;\">\n<td style=\"width: 39.7453%; height: 32px; text-align: right;\">Artur Pinto<\/td>\n<td style=\"width: 47.6712%; height: 32px;\">Educaci\u00f3 f\u00edsica<\/td>\n<\/tr>\n<tr style=\"height: 32px;\">\n<td style=\"width: 39.7453%; height: 32px; text-align: right;\">D\u00eddac Subirats<\/td>\n<td style=\"width: 47.6712%; height: 32px;\">Educaci\u00f3 f\u00edsica<\/p>\n<p><strong>Tutor 1r C<\/strong><\/p>\n<p><strong>Coordinador AEE<\/strong><\/td>\n<\/tr>\n<tr style=\"height: 32px;\">\n<td style=\"width: 39.7453%; height: 10px; text-align: right;\">N\u00faria Alonso<\/td>\n<td style=\"width: 47.6712%; height: 10px;\"><strong>Cap de Departament i d&#8217;\u00e0mbit d&#8217;Expressi\u00f3<\/strong><\/p>\n<p>M\u00fasica<\/td>\n<\/tr>\n<tr style=\"height: 32px;\">\n<td style=\"width: 39.7453%; height: 10px; text-align: right;\">M\u00aa Jose Pascual<\/td>\n<td style=\"width: 47.6712%; height: 10px;\">M\u00fasica<\/td>\n<\/tr>\n<\/tbody>\n<\/table>\n<table style=\"border-collapse: collapse; width: 59.0205%; height: 191px;\">\n<tbody>\n<tr style=\"height: 32px;\">\n<td style=\"width: 87.0234%; text-align: center; height: 32px;\" colspan=\"2\"><span style=\"text-decoration: underline;\"><strong>Departament d&#8217;Humanitats<\/strong><\/span><\/td>\n<\/tr>\n<tr style=\"height: 32px;\">\n<td style=\"width: 39.7163%; height: 21px; text-align: right;\">Maria Peralta<\/td>\n<td style=\"width: 47.3071%; height: 21px;\">Geografia i Hist\u00f2ria<\/td>\n<\/tr>\n<tr style=\"height: 32px;\">\n<td style=\"width: 39.7163%; height: 32px; text-align: right;\">V\u00edctor Fern\u00e1ndez<\/td>\n<td style=\"width: 47.3071%; height: 32px;\"><strong>Co-coordinador 1r d&#8217;ESO<\/strong><\/p>\n<p><strong>Tutor 1r ESO E\u00a0<\/strong><\/p>\n<p>Geografia i Hist\u00f2ria<\/td>\n<\/tr>\n<tr style=\"height: 32px;\">\n<td style=\"width: 39.7163%; height: 32px; text-align: right;\">Yolanda Ruiz<\/td>\n<td style=\"width: 47.3071%; height: 32px;\"><strong>Cap de Departament d&#8217;Humanitats<\/strong><\/p>\n<p><strong>Tutora 3r ESO B\u00a0<\/strong><\/p>\n<p>Geografia i Hist\u00f2ria<\/td>\n<\/tr>\n<tr style=\"height: 32px;\">\n<td style=\"width: 39.7163%; height: 32px; text-align: right;\">Carlos Fern\u00e1ndez<\/td>\n<td style=\"width: 47.3071%; height: 32px;\">Geografia i Hist\u00f2ria<\/td>\n<\/tr>\n<tr>\n<td style=\"width: 39.7163%; text-align: right;\">Anna Mort\u00e9s<\/td>\n<td style=\"width: 47.3071%;\">Geografia i Hist\u00f2ria<\/td>\n<\/tr>\n<tr>\n<td style=\"width: 39.7163%; text-align: right;\"><\/td>\n<td style=\"width: 47.3071%;\">Geografia i Hist\u00f2ria<\/td>\n<\/tr>\n<tr style=\"height: 32px;\">\n<td style=\"width: 39.7163%; height: 32px; text-align: right;\">Jaume Domingo<\/td>\n<td style=\"width: 47.3071%; height: 32px;\">Filosofia<\/td>\n<\/tr>\n<tr style=\"height: 32px;\">\n<td style=\"width: 39.7163%; height: 10px; text-align: right;\">Josep Salat<\/td>\n<td style=\"width: 47.3071%; height: 10px;\">Religi\u00f3<\/td>\n<\/tr>\n<\/tbody>\n<\/table>\n<table style=\"border-collapse: collapse; width: 59.154%; height: 202px;\">\n<tbody>\n<tr style=\"height: 32px;\">\n<td style=\"width: 87.3546%; text-align: center; height: 32px;\" colspan=\"2\"><span style=\"text-decoration: underline;\"><strong>Departament d&#8217;Orientaci\u00f3<\/strong><\/span><\/td>\n<\/tr>\n<tr style=\"height: 32px;\">\n<td style=\"width: 39.4763%; height: 32px; text-align: right;\">Eva Escura<\/td>\n<td style=\"width: 47.8783%; height: 32px;\"><strong>Orientadora Educativa 1r i 2n d&#8217;ESO\u00a0<\/strong><\/td>\n<\/tr>\n<tr style=\"height: 32px;\">\n<td style=\"width: 39.4763%; height: 32px; text-align: right;\">Nat\u00e0lia Olaya<\/td>\n<td style=\"width: 47.8783%; height: 32px;\"><strong>Coordinadora 1r i 4t ESO\u00a0<\/strong><\/p>\n<p>Orientadora educativa 4t ESO<\/td>\n<\/tr>\n<tr>\n<td style=\"width: 39.4763%; text-align: right;\">Mireia Duran<\/td>\n<td style=\"width: 47.8783%;\"><strong>Cap de Departament d&#8217;Orientaci\u00f3<\/strong><\/p>\n<p><strong>Coordinadora 3r d&#8217;ESO\u00a0<\/strong><\/p>\n<p><b>Coordinadora de coeducaci\u00f3, benestar emocional i viol\u00e8ncia 0<\/b><\/p>\n<p><strong>Orientadora Educativa 3r ESO\u00a0<\/strong><\/td>\n<\/tr>\n<tr>\n<td style=\"width: 39.4763%; text-align: right;\"><\/td>\n<td style=\"width: 47.8783%;\">Suport Intensiu a l&#8217;Audici\u00f3 i Llenguatge<\/td>\n<\/tr>\n<tr style=\"height: 32px;\">\n<td style=\"width: 39.4763%; height: 32px; text-align: right;\">M\u00edriam Sanz<\/td>\n<td style=\"width: 47.8783%; height: 32px;\">T\u00e8cnica d&#8217;integraci\u00f3 social<\/td>\n<\/tr>\n<tr>\n<td style=\"width: 39.4763%; text-align: right;\"><\/td>\n<td style=\"width: 47.8783%;\">Atenci\u00f3 Domicili\u00e0ria<\/td>\n<\/tr>\n<tr>\n<td style=\"width: 39.4763%; text-align: right;\"><\/td>\n<td style=\"width: 47.8783%;\">Vetlladora<\/td>\n<\/tr>\n<\/tbody>\n<\/table>\n<table style=\"border-collapse: collapse; width: 58.953%; height: 74px;\">\n<tbody>\n<tr style=\"height: 32px;\">\n<td style=\"width: 87.0851%; text-align: center; height: 32px;\" colspan=\"2\"><span style=\"text-decoration: underline;\"><strong>Departament de PFI<\/strong><\/span><\/td>\n<\/tr>\n<tr style=\"height: 32px;\">\n<td style=\"width: 39.8508%; height: 10px; text-align: right;\">Susana Val\u00e8ncia<\/td>\n<td style=\"width: 47.2343%; height: 10px;\"><strong>Coordinadora PFI\u00a0<\/strong><\/p>\n<p>Professora PFI<\/td>\n<\/tr>\n<tr style=\"height: 32px;\">\n<td style=\"width: 39.8508%; height: 10px; text-align: right;\">Xavier Caplliure<\/td>\n<td style=\"width: 47.2343%; height: 10px;\">Professor PFI<\/td>\n<\/tr>\n<\/tbody>\n<\/table>\n","protected":false},"excerpt":{"rendered":"<p>A continuaci\u00f3, us presentem el claustre de professors i de professores del curs 2025-2026 de l&#8217;Institut Montbui:<\/p>\n<p>Departament de Lleng\u00fces<\/p>\n<p>X\u00e8nia Riba<br \/>\nCap de Departament de Lleng\u00fces<br \/>\nLlengua Catalana<\/p>\n<p>Laia Argerich<br \/>\nCoordinadora de Biblioteca-Xarx@\u00a0<br \/>\nLlengua Catalana<\/p>\n<p>Neus Castro<br \/>\nCoordinadora LIC\u00a0<br \/>\nTutora 3r ESO A<br \/>\nLlengua Catalana<\/p>\n<p>Quim Sanz<br \/>\nLlengua Catalana<\/p>\n<p>Maite Aguilera<br \/>\nLlengua Catalana<\/p>\n<p>Montserrat Sabart\u00e9s<br \/>\nLlengua Catalana<\/p>\n<p>Llengua Catalana<\/p>\n<p>Anna Sagu\u00e9s<br \/>\nTutor Aula d&#8217;acollida<br \/>\nAula&hellip;  <a href=\"https:\/\/agora.xtec.cat\/iesmontbui\/organs-de-centre\/claustre-professors\/\" title=\"Read Claustre de professors i professores\">Llegeix m\u00e9s\u00bb<\/a><\/p>\n","protected":false},"author":1,"featured_media":0,"parent":348,"menu_order":0,"comment_status":"closed","ping_status":"closed","template":"page-templates\/side-menu.php","meta":{"_bbp_topic_count":0,"_bbp_reply_count":0,"_bbp_total_topic_count":0,"_bbp_total_reply_count":0,"_bbp_voice_count":0,"_bbp_anonymous_reply_count":0,"_bbp_topic_count_hidden":0,"_bbp_reply_count_hidden":0,"_bbp_forum_subforum_count":0,"footnotes":""},"class_list":["post-358","page","type-page","status-publish","hentry"],"post_mailing_queue_ids":[],"_links":{"self":[{"href":"https:\/\/agora.xtec.cat\/iesmontbui\/wp-json\/wp\/v2\/pages\/358","targetHints":{"allow":["GET"]}}],"collection":[{"href":"https:\/\/agora.xtec.cat\/iesmontbui\/wp-json\/wp\/v2\/pages"}],"about":[{"href":"https:\/\/agora.xtec.cat\/iesmontbui\/wp-json\/wp\/v2\/types\/page"}],"author":[{"embeddable":true,"href":"https:\/\/agora.xtec.cat\/iesmontbui\/wp-json\/wp\/v2\/users\/1"}],"replies":[{"embeddable":true,"href":"https:\/\/agora.xtec.cat\/iesmontbui\/wp-json\/wp\/v2\/comments?post=358"}],"version-history":[{"count":8,"href":"https:\/\/agora.xtec.cat\/iesmontbui\/wp-json\/wp\/v2\/pages\/358\/revisions"}],"predecessor-version":[{"id":12141,"href":"https:\/\/agora.xtec.cat\/iesmontbui\/wp-json\/wp\/v2\/pages\/358\/revisions\/12141"}],"up":[{"embeddable":true,"href":"https:\/\/agora.xtec.cat\/iesmontbui\/wp-json\/wp\/v2\/pages\/348"}],"wp:attachment":[{"href":"https:\/\/agora.xtec.cat\/iesmontbui\/wp-json\/wp\/v2\/media?parent=358"}],"curies":[{"name":"wp","href":"https:\/\/api.w.org\/{rel}","templated":true}]}}