{"id":3205,"date":"2019-04-26T14:21:30","date_gmt":"2019-04-26T12:21:30","guid":{"rendered":"http:\/\/agora.xtec.cat\/iesmontbui\/?page_id=3205"},"modified":"2021-07-23T14:17:56","modified_gmt":"2021-07-23T12:17:56","slug":"licitacions","status":"publish","type":"page","link":"https:\/\/agora.xtec.cat\/iesmontbui\/organitzacio-de-centre\/secretaria\/licitacions\/","title":{"rendered":"Licitacions"},"content":{"rendered":"<h4><a href=\"https:\/\/contractaciopublica.gencat.cat\/ecofin_pscp\/AppJava\/notice.pscp?reqCode=viewCn&amp;idDoc=84749323&amp;lawType=\" target=\"_blank\" rel=\"noopener noreferrer\">Contractaci\u00f3 del servei de neteja del centre Institut Montbui de Santa Margarida de Montbui &#8211; Juliol de 2021<\/a><\/h4>\n<ul>\n<li>Descripci\u00f3 de la prestaci\u00f3:Les actuacions objecte de la prestaci\u00f3 d&#8217;aquest servei tenen com a objecte la realitzaci\u00f3 dels serveis de neteja, que siguin respectuosos amb el medi ambient en els edificis, locals i depend\u00e8ncies.<br \/>\nEl treball de neteja es fa de manera que, en cap moment, es vegi pertorbat el funcionament normal de les activitats que es desenvolupen en les depend\u00e8ncies i instal\u00b7lacions objecte d&#8217;aquest contracte.<\/li>\n<li>Pressupost de licitaci\u00f3:<span class=\"pressupost\">43.093,05 \u20ac sense IVA\u00a0<\/span><span class=\"pressupost\">52.142,59 \u20ac IVA incl\u00f2s (21,00%)<\/span><\/li>\n<li>Termini d&#8217;execuci\u00f3:01\/09\/21 &#8211; 31\/08\/22<\/li>\n<li>\u00c0mbit geogr\u00e0fic:Santa Margarida de Montbui<\/li>\n<li>Termini de presentaci\u00f3 d&#8217;ofertes:<strong>22\/07\/21 10:00 h\u00a0<\/strong>&#8211; Per entergar la documentaci\u00f3 presencialment al centre, es prega <strong>demanar cita pr\u00e8via<\/strong> 24 hores abans enviant un correu electr\u00f2nic a <a href=\"mailto:secretaria@imontbui.org\">secretaria@imontbui.org<\/a>, indicant dia i hora d&#8217;entrega.<\/li>\n<li>Observacions:En el Plec de Prescripcions T\u00e8cniques s&#8217;indiquen els treballs o programes de neteja que s&#8217;han de dur a terme, amb la finalitat de precisar les freq\u00fc\u00e8ncies m\u00ednimes i les necessitats b\u00e0siques dels tractaments que cal fer, tot i que l&#8217;\u00fas intensiu de determinats espais faci necess\u00e0ria una freq\u00fc\u00e8ncia m\u00e9s gran.<\/li>\n<li>Valor estimat del contracte:129.279,15 \u20ac sense IVA<\/li>\n<li>Subhasta electr\u00f2nica:No<\/li>\n<li>Contracte harmonitzat:No<\/li>\n<li>Pr\u00f2rroga:S\u00ed<\/li>\n<li>Informaci\u00f3 complement\u00e0ria sobre la pr\u00f2rroga:S\u00ed, possibilitat de 2 pr\u00f2rrogues d&#8217;1 any cadascuna<\/li>\n<li>Es preveuen modificacions als plecs:No<\/li>\n<li>Reserva social:No<\/li>\n<li>Divisi\u00f3 en lots:No<\/li>\n<li>Criteris d&#8217;adjudicaci\u00f3: <strong style=\"font-family: inherit; font-size: 1em;\">Ponderaci\u00f3:<\/strong><span style=\"font-family: inherit; font-size: 1em;\">\u00a025.00 &#8211;\u00a0<\/span><strong style=\"font-family: inherit; font-size: 1em;\">Criteri:<\/strong><span style=\"font-family: inherit; font-size: 1em;\"> Oferta t\u00e8cnica \/ <\/span><strong style=\"font-family: inherit; font-size: 1em;\">Ponderaci\u00f3:<\/strong><span style=\"font-family: inherit; font-size: 1em;\">\u00a075.00 &#8211;\u00a0<\/span><strong style=\"font-family: inherit; font-size: 1em;\">Criteri:<\/strong><span style=\"font-family: inherit; font-size: 1em;\">\u00a0Oferta econ\u00f2mica<\/span><\/li>\n<li>S&#8217;accepten variants:No<\/li>\n<li>Codi CPV:90919300<\/li>\n<li>Garantia provisional:No<\/li>\n<li>Solv\u00e8ncia econ\u00f2mica i financera: Veure document de prescripcions<\/li>\n<li><span style=\"color: #ff0000;\">Obertura de pliques (obertura sobre b) :26\/07\/21 10:00 seu centre educatiu<\/span><\/li>\n<\/ul>\n<p>Podeu obtindre tota la informaci\u00f3 i la documentaci\u00f3 visiteu l&#8217;<a href=\"https:\/\/contractaciopublica.gencat.cat\/ecofin_pscp\/AppJava\/notice.pscp?reqCode=viewCn&amp;idDoc=84749323&amp;lawType=\" target=\"_blank\" rel=\"noopener noreferrer\">Anunci de licitaci\u00f3 del portal Contractaci\u00f3 P\u00fablica<\/a> de la Generalitat de Catalunya, sent un punt \u00fanic d&#8217;informaci\u00f3. Tamb\u00e9 es poden activar les alertes per rebre novetats i informaci\u00f3 d&#8217;aquest procediment.<\/p>\n<h5>Calendari provisional de licitaci\u00f3 (Juliol-Agost 2021)<\/h5>\n<table style=\"height: 554px; width: 964px;\" width=\"0\">\n<tbody>\n<tr style=\"height: 57px;\">\n<td style=\"text-align: center; height: 57px; width: 603.75px;\"><strong><u>PROCEDIMENT I DOCUMENTACI\u00d3<\/u><\/strong><\/td>\n<td style=\"text-align: center; height: 57px; width: 353.45px;\"><strong><u>DATES<\/u><\/strong><\/td>\n<\/tr>\n<tr style=\"height: 10px;\">\n<td style=\"height: 10px; width: 603.75px;\">Obertura del proc\u00e9s:<\/p>\n<ul>\n<li>Publicar la <strong>Resoluci\u00f3 d\u2019Inici i Aprovaci\u00f3 de l\u2019Expedient.<\/strong><\/li>\n<li>Publicar el plec de <strong>Prescripcions T\u00e8cniques<\/strong>.<\/li>\n<li>Publicar el plec de <strong>Cl\u00e0usules Administratives<\/strong>.<\/li>\n<li>Publicar <strong>l\u2019Anunci de Licitaci\u00f3<\/strong>.<\/li>\n<\/ul>\n<\/td>\n<td style=\"height: 10px; width: 353.45px;\">\n<p style=\"text-align: center;\">6 de juliol de 2021<\/p>\n<\/td>\n<\/tr>\n<tr style=\"height: 48px;\">\n<td style=\"height: 48px; width: 603.75px;\">Presentaci\u00f3 de proposicions per part de les empreses licitadores. Les proposicions han de contenir la informaci\u00f3 i la documentaci\u00f3 requerida dividida en <span style=\"color: #ff0000;\"><strong>dos sobres<\/strong><\/span>, segons Apartat G del plec de cl\u00e0usules Administratives.<\/td>\n<td style=\"height: 48px; width: 353.45px;\">\n<p style=\"text-align: center;\">Des del 7 fins el 22 de juliol a les 10:00h<\/p>\n<p>Per entregar la documentaci\u00f3, concertar visita d\u2019entrega enviat correu electr\u00f2nic a <a href=\"mailto:secretaria@imontbui.org\">secretaria@imontbui.org<\/a> (24 h abans)<\/td>\n<\/tr>\n<tr style=\"height: 10px;\">\n<td style=\"height: 10px; width: 603.75px;\">Reuni\u00f3 de la mesa de contractaci\u00f3 per l\u2019obertura del sobre A i si escau \u00a0elaboraci\u00f3 de l\u2019Informe t\u00e8cnic.<\/td>\n<td style=\"height: 10px; width: 353.45px;\">\n<p style=\"text-align: center;\">22 de juliol a les 12:00h<\/p>\n<\/td>\n<\/tr>\n<tr style=\"height: 10px;\">\n<td style=\"width: 603.75px; height: 10px;\">Obertura p\u00fablica del sobre B \u00a0i proposici\u00f3 de l\u2019empresa adjudicat\u00e0ria<\/td>\n<td style=\"width: 353.45px; height: 10px;\">\n<p style=\"text-align: center;\">26 de juliol a les 10:00h a la seu de centre<\/p>\n<\/td>\n<\/tr>\n<tr style=\"height: 286px;\">\n<td style=\"width: 603.75px; height: 286px;\">Enviament d\u2019un requeriment a l\u2019empresa adjudicat\u00e0ria per a que aporti la documentaci\u00f3 pertinent:<\/p>\n<ul>\n<li><span style=\"color: #ff0000;\">Declaraci\u00f3 de comprom\u00eds per escrit de la constituci\u00f3 de la garantia definitiva \u00a0per retenci\u00f3 en el preu de les factures.<\/span><\/li>\n<li><span style=\"color: #ff0000;\">Certificat d\u2019estar al corrent de les obligacions tribut\u00e0ries amb l\u2019estat.<\/span><\/li>\n<li><span style=\"color: #ff0000;\">Certificat d\u2019estar al corrent de les obligacions tribut\u00e0ries amb la Generalitat.<\/span><\/li>\n<li><span style=\"color: #ff0000;\"> Certificat d\u2019estar al corrent amb la Seguretat Socia. <\/span><\/li>\n<li><span style=\"color: #ff0000;\">Alta i darrer rebut de l\u2019impost d\u2019activitats econ\u00f2miques (IAE)<\/span><\/li>\n<\/ul>\n<p>Documentaci\u00f3 relativa al sobre A quan s\u2019hagi fet una declaraci\u00f3 responsable:<\/p>\n<ol>\n<li><span style=\"color: #ff0000;\">Documentaci\u00f3 sobre la capacitat d\u2019obrar de les empreses i personalitat jur\u00eddica.<\/span><\/li>\n<li><span style=\"color: #ff0000;\">Acreditaci\u00f3 de la representaci\u00f3 i personalitat\u00a0 jur\u00eddica del signants de les ofertes (si escau)<\/span><\/li>\n<li><span style=\"color: #ff0000;\">Classificaci\u00f3 empresarial o solv\u00e8ncia econ\u00f2mica, financera i t\u00e8cnica o professional. (Voluntari)<\/span><\/li>\n<\/ol>\n<\/td>\n<td style=\"width: 353.45px; height: 286px;\"><\/td>\n<\/tr>\n<tr style=\"height: 88px;\">\n<td style=\"width: 603.75px; height: 88px;\">Adjudicaci\u00f3 del contracte:<\/p>\n<ul>\n<li>Publicaci\u00f3 de la <strong>Resoluci\u00f3 d\u2019adjudicaci\u00f3 del contracte<\/strong><\/li>\n<li>Notificaci\u00f3 a totes les empreses participants.<\/li>\n<li>Publicaci\u00f3 de la resoluci\u00f3 al perfil del contractant.<\/li>\n<\/ul>\n<\/td>\n<td style=\"width: 353.45px; height: 88px;\"><\/td>\n<\/tr>\n<tr style=\"height: 35px;\">\n<td style=\"width: 603.75px; height: 35px;\">Signatura del contracte:<\/p>\n<ul>\n<li>Signar el <strong>Contracte<\/strong>.<\/li>\n<li>Publicaci\u00f3 de la <strong>Formalitzaci\u00f3 del contracte<\/strong> al perfil del contractant.<\/li>\n<li>Enviament d\u2019una c\u00f2pia del contracte als SSTT.<\/li>\n<\/ul>\n<\/td>\n<td style=\"width: 353.45px; height: 35px;\"><\/td>\n<\/tr>\n<tr style=\"height: 10px;\">\n<td style=\"width: 603.75px; height: 10px;\">Inici de la prestaci\u00f3 del servei<\/td>\n<td style=\"width: 353.45px; height: 10px;\">\n<p style=\"text-align: center;\">1 de setembre de 2021<\/p>\n<\/td>\n<\/tr>\n<\/tbody>\n<\/table>\n","protected":false},"excerpt":{"rendered":"<p><a href=\"https:\/\/contractaciopublica.gencat.cat\/ecofin_pscp\/AppJava\/notice.pscp?reqCode=viewCn&amp;idDoc=84749323&amp;lawType=\" target=\"_blank\" rel=\"noopener noreferrer\">Contractaci\u00f3 del servei de neteja del centre Institut Montbui de Santa Margarida de Montbui &#8211; Juliol de 2021<\/a><\/p>\n<ul>\n<li>Descripci\u00f3 de la prestaci\u00f3:Les actuacions objecte de la prestaci\u00f3 d&#8217;aquest servei tenen com a objecte la realitzaci\u00f3 dels serveis de neteja, que siguin respectuosos&hellip;  <a href=\"https:\/\/agora.xtec.cat\/iesmontbui\/organitzacio-de-centre\/secretaria\/licitacions\/\" title=\"Read Licitacions\">Llegeix m\u00e9s\u00bb<\/a><br \/>\n","protected":false},"author":1,"featured_media":0,"parent":81,"menu_order":3,"comment_status":"closed","ping_status":"closed","template":"page-templates\/side-menu.php","meta":{"_bbp_topic_count":0,"_bbp_reply_count":0,"_bbp_total_topic_count":0,"_bbp_total_reply_count":0,"_bbp_voice_count":0,"_bbp_anonymous_reply_count":0,"_bbp_topic_count_hidden":0,"_bbp_reply_count_hidden":0,"_bbp_forum_subforum_count":0,"footnotes":""},"class_list":["post-3205","page","type-page","status-publish","hentry"],"post_mailing_queue_ids":[],"_links":{"self":[{"href":"https:\/\/agora.xtec.cat\/iesmontbui\/wp-json\/wp\/v2\/pages\/3205","targetHints":{"allow":["GET"]}}],"collection":[{"href":"https:\/\/agora.xtec.cat\/iesmontbui\/wp-json\/wp\/v2\/pages"}],"about":[{"href":"https:\/\/agora.xtec.cat\/iesmontbui\/wp-json\/wp\/v2\/types\/page"}],"author":[{"embeddable":true,"href":"https:\/\/agora.xtec.cat\/iesmontbui\/wp-json\/wp\/v2\/users\/1"}],"replies":[{"embeddable":true,"href":"https:\/\/agora.xtec.cat\/iesmontbui\/wp-json\/wp\/v2\/comments?post=3205"}],"version-history":[{"count":4,"href":"https:\/\/agora.xtec.cat\/iesmontbui\/wp-json\/wp\/v2\/pages\/3205\/revisions"}],"predecessor-version":[{"id":6591,"href":"https:\/\/agora.xtec.cat\/iesmontbui\/wp-json\/wp\/v2\/pages\/3205\/revisions\/6591"}],"up":[{"embeddable":true,"href":"https:\/\/agora.xtec.cat\/iesmontbui\/wp-json\/wp\/v2\/pages\/81"}],"wp:attachment":[{"href":"https:\/\/agora.xtec.cat\/iesmontbui\/wp-json\/wp\/v2\/media?parent=3205"}],"curies":[{"name":"wp","href":"https:\/\/api.w.org\/{rel}","templated":true}]}}